{"id":80492,"date":"2023-12-14T01:31:53","date_gmt":"2023-12-14T00:31:53","guid":{"rendered":"https:\/\/www.soanam.de\/?post_type=product&#038;p=80492"},"modified":"2023-12-14T01:33:49","modified_gmt":"2023-12-14T00:33:49","slug":"telefony-komorkowe-salu-ozywiaja-pomieszczenia","status":"publish","type":"product","link":"https:\/\/www.soanam.de\/pl\/produkt\/mobile-salu-mobiles-beleben-befluegeln-raeume\/","title":{"rendered":"MOBIL\u00c9 SALU - mobilna rewitalizacja przestrzeni!"},"content":{"rendered":"<h3>Opis<\/h3>\n<p>Mobile SALU. To r\u0119cznie wykonane 9-cz\u0119\u015bciowe urz\u0105dzenie mobilne fascynuje swoj\u0105 surow\u0105 prostot\u0105. Poziome i pionowe pozycje okr\u0119g\u00f3w wzgl\u0119dem siebie powoduj\u0105 powstawanie coraz to nowych konstelacji pod r\u00f3\u017cnymi k\u0105tami<\/p>\n<p>Poszczeg\u00f3lne elementy wykonane s\u0105 z wysokiej jako\u015bci, jednobarwnego papieru o gramaturze 600 g, kt\u00f3ry zosta\u0142 r\u0119cznie pomalowany trwa\u0142ymi kolorami. Mobil\u00e9 jest wyposa\u017cony w wystarczaj\u0105co d\u0142ug\u0105 ni\u0107 i p\u0119tl\u0119 do zawieszania<\/p>\n<p>Jest ozdob\u0105 wielu pomieszcze\u0144 i \"zakamark\u00f3w\". Wsz\u0119dzie przyci\u0105ga wzrok.<\/p>\n<p>Przestrzenny obiekt poruszaj\u0105cy si\u0119 na wietrze, kt\u00f3ry rzuca urok na widza. Powierzchnie poruszaj\u0105 si\u0119 przy najmniejszym powiewie wiatru i obracaj\u0105 si\u0119 wok\u00f3\u0142 siebie. Unosi si\u0119 i uspokaja widza.<\/p>\n<p>Stan produktu: Nowy z etykiet\u0105: Nowy, nieu\u017cywany i nienoszony produkt w oryginalnym opakowaniu.<\/p>","protected":false},"excerpt":{"rendered":"<p>Artikelmerkmale<\/p>\n<p>9-teilig, signiert<br \/>\nGr\u00f6\u00dfe ca. 55 x 55cm<br \/>\nMaterial: Edelstahldraht, (festes) 600 gr Papier, bemalt und lackiert.<\/p>","protected":false},"featured_media":80580,"comment_status":"open","ping_status":"closed","template":"","meta":{"_seopress_robots_primary_cat":"","_seopress_titles_title":"","_seopress_titles_desc":"","_seopress_robots_index":""},"product_brand":[],"product_cat":[1400,1420],"product_tag":[],"class_list":{"0":"post-80492","1":"product","2":"type-product","3":"status-publish","4":"has-post-thumbnail","6":"product_cat-wohnzubehoer","7":"product_cat-wohndekoration","8":"product_shipping_class-standard-versand","10":"first","11":"instock","12":"sale","13":"taxable","14":"shipping-taxable","15":"purchasable","16":"product-type-simple"},"_links":{"self":[{"href":"https:\/\/www.soanam.de\/pl\/wp-json\/wp\/v2\/product\/80492","targetHints":{"allow":["GET"]}}],"collection":[{"href":"https:\/\/www.soanam.de\/pl\/wp-json\/wp\/v2\/product"}],"about":[{"href":"https:\/\/www.soanam.de\/pl\/wp-json\/wp\/v2\/types\/product"}],"replies":[{"embeddable":true,"href":"https:\/\/www.soanam.de\/pl\/wp-json\/wp\/v2\/comments?post=80492"}],"wp:featuredmedia":[{"embeddable":true,"href":"https:\/\/www.soanam.de\/pl\/wp-json\/wp\/v2\/media\/80580"}],"wp:attachment":[{"href":"https:\/\/www.soanam.de\/pl\/wp-json\/wp\/v2\/media?parent=80492"}],"wp:term":[{"taxonomy":"product_brand","embeddable":true,"href":"https:\/\/www.soanam.de\/pl\/wp-json\/wp\/v2\/product_brand?post=80492"},{"taxonomy":"product_cat","embeddable":true,"href":"https:\/\/www.soanam.de\/pl\/wp-json\/wp\/v2\/product_cat?post=80492"},{"taxonomy":"product_tag","embeddable":true,"href":"https:\/\/www.soanam.de\/pl\/wp-json\/wp\/v2\/product_tag?post=80492"}],"curies":[{"name":"wp","href":"https:\/\/api.w.org\/{rel}","templated":true}]}}

MOBILÉ SALU - mobilna rewitalizacja przestrzeni!

<h3>Opis</h3>
<p>Mobile SALU. To ręcznie wykonane 9-częściowe urządzenie mobilne fascynuje swoją surową prostotą. Poziome i pionowe pozycje okręgów względem siebie powodują powstawanie coraz to nowych konstelacji pod różnymi kątami</p>
<p>Poszczególne elementy wykonane są z wysokiej jakości, jednobarwnego papieru o gramaturze 600 g, który został ręcznie pomalowany trwałymi kolorami. Mobilé jest wyposażony w wystarczająco długą nić i pętlę do zawieszania</p>
<p>Jest ozdobą wielu pomieszczeń i "zakamarków". Wszędzie przyciąga wzrok.</p>
<p>Przestrzenny obiekt poruszający się na wietrze, który rzuca urok na widza. Powierzchnie poruszają się przy najmniejszym powiewie wiatru i obracają się wokół siebie. Unosi się i uspokaja widza.</p>
<p>Stan produktu: Nowy z etykietą: Nowy, nieużywany i nienoszony produkt w oryginalnym opakowaniu.</p>

<p>Artikelmerkmale</p>
<p>9-teilig, signiert<br />
Größe ca. 55 x 55cm<br />
Material: Edelstahldraht, (festes) 600 gr Papier, bemalt und lackiert.</p>
