{"id":80470,"date":"2023-12-14T01:31:28","date_gmt":"2023-12-14T00:31:28","guid":{"rendered":"https:\/\/www.soanam.de\/?post_type=product&#038;p=80470"},"modified":"2023-12-14T01:33:26","modified_gmt":"2023-12-14T00:33:26","slug":"flensted-mobile-mobile-bauhaus","status":"publish","type":"product","link":"https:\/\/www.soanam.de\/pl\/produkt\/flensted-mobiles-mobile-bauhaus\/","title":{"rendered":"Flensted Mobile Bauhaus"},"content":{"rendered":"<h3>Opis<\/h3>\n<p>Ten telefon kom\u00f3rkowy zosta\u0142 zaprojektowany dla Muzeum Bauhaus w Weimarze i jest produkowany w jego kszta\u0142tach i kolorach.<\/p>\n<p>Telefony kom\u00f3rkowe maj\u0105 d\u0142ug\u0105 tradycj\u0119 w krajach dalekiej p\u00f3\u0142nocy. Jednak kult tych pi\u0119knych dzwonk\u00f3w powsta\u0142 dopiero dzi\u0119ki fantastycznym kreacjom Christiana Flensteda i jego \u017cony Grethe. Oboje projektuj\u0105 wspania\u0142e dzwonki z wielk\u0105 dba\u0142o\u015bci\u0105 o szczeg\u00f3\u0142y od 1954 roku. Pierwszym projektem by\u0142 bocian, kt\u00f3ry od razu odni\u00f3s\u0142 wielki sukces. Telefony kom\u00f3rkowe z Danii s\u0105 produkowane w trzecim pokoleniu rodzinnej firmy. Nie tylko projektowanie, ale tak\u017ce produkcja tych ma\u0142ych skarb\u00f3w nadal odbywa si\u0119 w Danii. Nawet 60 os\u00f3b produkuje je w domu z wielk\u0105 mi\u0142o\u015bci\u0105 i precyzj\u0105.<\/p>\n<p>Stan produktu: Nowy z etykiet\u0105: Nowy, nieu\u017cywany i nienoszony produkt w oryginalnym opakowaniu.<\/p>","protected":false},"excerpt":{"rendered":"<p>Artikelmerkmale<\/p>\n<table style=\"height: 185px;\" border=\"0\" width=\"375\" frame=\"VOID\" rules=\"NONE\" cellspacing=\"0\">\n<colgroup>\n<col width=\"183\" \/>\n<col width=\"127\" \/><\/colgroup>\n<tbody>\n<tr>\n<td align=\"LEFT\" width=\"183\" height=\"17\">Design:<\/td>\n<td align=\"LEFT\" width=\"127\">Ole Flensted<\/td>\n<\/tr>\n<tr>\n<td align=\"LEFT\" height=\"17\">Materia\u0142:<\/td>\n<td align=\"LEFT\">Polypropylen, Holz<\/td>\n<\/tr>\n<tr>\n<td align=\"LEFT\" height=\"17\">Ma\u00dfe (BxH):<\/td>\n<td align=\"LEFT\">35 x 62 cm<\/td>\n<\/tr>\n<tr>\n<td align=\"LEFT\" height=\"17\">Hersteller:<\/td>\n<td align=\"LEFT\">Flensted Mobiles<\/td>\n<\/tr>\n<tr>\n<td align=\"LEFT\" height=\"17\">EAN :<\/td>\n<td align=\"LEFT\">5706602042817<\/td>\n<\/tr>\n<tr>\n<td align=\"LEFT\" height=\"17\">Herstellernummer :<\/td>\n<td align=\"LEFT\">428<\/td>\n<\/tr>\n<\/tbody>\n<\/table>","protected":false},"featured_media":80570,"comment_status":"open","ping_status":"closed","template":"","meta":{"_seopress_robots_primary_cat":"","_seopress_titles_title":"","_seopress_titles_desc":"","_seopress_robots_index":""},"product_brand":[],"product_cat":[1400,1420],"product_tag":[],"class_list":{"0":"post-80470","1":"product","2":"type-product","3":"status-publish","4":"has-post-thumbnail","6":"product_cat-wohnzubehoer","7":"product_cat-wohndekoration","8":"product_shipping_class-standard-versand","10":"first","11":"instock","12":"sale","13":"taxable","14":"shipping-taxable","15":"purchasable","16":"product-type-simple"},"_links":{"self":[{"href":"https:\/\/www.soanam.de\/pl\/wp-json\/wp\/v2\/product\/80470","targetHints":{"allow":["GET"]}}],"collection":[{"href":"https:\/\/www.soanam.de\/pl\/wp-json\/wp\/v2\/product"}],"about":[{"href":"https:\/\/www.soanam.de\/pl\/wp-json\/wp\/v2\/types\/product"}],"replies":[{"embeddable":true,"href":"https:\/\/www.soanam.de\/pl\/wp-json\/wp\/v2\/comments?post=80470"}],"wp:featuredmedia":[{"embeddable":true,"href":"https:\/\/www.soanam.de\/pl\/wp-json\/wp\/v2\/media\/80570"}],"wp:attachment":[{"href":"https:\/\/www.soanam.de\/pl\/wp-json\/wp\/v2\/media?parent=80470"}],"wp:term":[{"taxonomy":"product_brand","embeddable":true,"href":"https:\/\/www.soanam.de\/pl\/wp-json\/wp\/v2\/product_brand?post=80470"},{"taxonomy":"product_cat","embeddable":true,"href":"https:\/\/www.soanam.de\/pl\/wp-json\/wp\/v2\/product_cat?post=80470"},{"taxonomy":"product_tag","embeddable":true,"href":"https:\/\/www.soanam.de\/pl\/wp-json\/wp\/v2\/product_tag?post=80470"}],"curies":[{"name":"wp","href":"https:\/\/api.w.org\/{rel}","templated":true}]}}

<h3>Opis</h3>
<p>Ten telefon komórkowy został zaprojektowany dla Muzeum Bauhaus w Weimarze i jest produkowany w jego kształtach i kolorach.</p>
<p>Telefony komórkowe mają długą tradycję w krajach dalekiej północy. Jednak kult tych pięknych dzwonków powstał dopiero dzięki fantastycznym kreacjom Christiana Flensteda i jego żony Grethe. Oboje projektują wspaniałe dzwonki z wielką dbałością o szczegóły od 1954 roku. Pierwszym projektem był bocian, który od razu odniósł wielki sukces. Telefony komórkowe z Danii są produkowane w trzecim pokoleniu rodzinnej firmy. Nie tylko projektowanie, ale także produkcja tych małych skarbów nadal odbywa się w Danii. Nawet 60 osób produkuje je w domu z wielką miłością i precyzją.</p>
<p>Stan produktu: Nowy z etykietą: Nowy, nieużywany i nienoszony produkt w oryginalnym opakowaniu.</p>

<p>Artikelmerkmale</p>
<table style="height: 185px;" border="0" width="375" frame="VOID" rules="NONE" cellspacing="0">
<colgroup>
<col width="183" />
<col width="127" /></colgroup>
<tbody>
<tr>
<td align="LEFT" width="183" height="17">Design:</td>
<td align="LEFT" width="127">Ole Flensted</td>
</tr>
<tr>
<td align="LEFT" height="17">Materiał:</td>
<td align="LEFT">Polypropylen, Holz</td>
</tr>
<tr>
<td align="LEFT" height="17">Maße (BxH):</td>
<td align="LEFT">35 x 62 cm</td>
</tr>
<tr>
<td align="LEFT" height="17">Hersteller:</td>
<td align="LEFT">Flensted Mobiles</td>
</tr>
<tr>
<td align="LEFT" height="17">EAN :</td>
<td align="LEFT">5706602042817</td>
</tr>
<tr>
<td align="LEFT" height="17">Herstellernummer :</td>
<td align="LEFT">428</td>
</tr>
</tbody>
</table>
