{"id":80182,"date":"2023-12-14T00:01:18","date_gmt":"2023-12-13T23:01:18","guid":{"rendered":"https:\/\/www.soanam.de\/?post_type=product&#038;p=80182"},"modified":"2023-12-14T00:30:07","modified_gmt":"2023-12-13T23:30:07","slug":"lascana-hoodie-mit-kaengurutasche-in-creme-groesse-32-34","status":"publish","type":"product","link":"https:\/\/www.soanam.de\/pl\/produkt\/lascana-hoodie-mit-kaengurutasche-in-creme-groesse-32-34\/","title":{"rendered":"LASCANA Hoodie mit K\u00e4ngurutasche, in Creme, Gr\u00f6\u00dfe 32\/34"},"content":{"rendered":"<p>Sweter z kapturem od Lascana<br \/>\nZ kieszeni\u0105 kangurk\u0105<br \/>\nZ nadrukiem z przodu i tabliczk\u0105 z logo<br \/>\nZ raglanowymi r\u0119kawami<br \/>\nMankiety na r\u0119kawach i u do\u0142u<br \/>\nMi\u0119kka mieszanka bawe\u0142ny<\/p>\n<p>Bluza z kapturem Lascana jest wygodna w noszeniu dzi\u0119ki mi\u0119kkiej mieszance bawe\u0142ny.<br \/>\nZ przodu znajduje si\u0119 \u0142adny nadruk, a regulowany kaptur ma sznurki w kontrastowym kolorze.<br \/>\nMankiety na ko\u0144cach raglanowych r\u0119kaw\u00f3w i u do\u0142u dope\u0142niaj\u0105 t\u0119 praktyczn\u0105 bluz\u0119 z kapturem.<\/p>\n<p>Materia\u0142: bawe\u0142na 50%, poliester 50%<br \/>\nWskaz\u00f3wki dotycz\u0105ce piel\u0119gnacji: Pra\u0107 w pralce<\/p>\n<p>Farbe: offwhite<br \/>\nWz\u00f3r: Nadruk z przodu<br \/>\nRozmiar: 32\/34<\/p>\n<p>Szeroko\u015b\u0107 ramion: 39 cm<br \/>\nSzeroko\u015b\u0107 klatki piersiowej: 96 cm<br \/>\nD\u0142ugo\u015b\u0107 r\u0119kawa: 61 cm<br \/>\nCa\u0142kowita d\u0142ugo\u015b\u0107: 62 cm<\/p>","protected":false},"excerpt":{"rendered":"<table class=\"dv_characteristicsTable\">\n<tbody>\n<tr>\n<td class=\"left\">Rozmiar<\/td>\n<td>32\/34<\/td>\n<\/tr>\n<tr>\n<td class=\"left\">Gr\u00f6\u00dfentyp<\/td>\n<td>Normalgr\u00f6\u00dfen<\/td>\n<\/tr>\n<tr>\n<td class=\"left\">Sk\u0142ad materia\u0142u<\/td>\n<td>Obermaterial: 50% Baumwolle, 50% Polyester<\/td>\n<\/tr>\n<tr>\n<td class=\"left\">Instrukcje dotycz\u0105ce piel\u0119gnacji<\/td>\n<td>Pranie w pralce<\/td>\n<\/tr>\n<tr>\n<td class=\"left\">Optik<\/td>\n<td>bedruckt, unifarben<\/td>\n<\/tr>\n<tr>\n<td class=\"left\">Stil<\/td>\n<td>casual<\/td>\n<\/tr>\n<tr>\n<td class=\"left\">Kolor<\/td>\n<td>beige<\/td>\n<\/tr>\n<tr>\n<td class=\"left\">Kaptur<\/td>\n<td>mit Kapuze<\/td>\n<\/tr>\n<tr>\n<td class=\"left\">Kapuzendetails<\/td>\n<td>mit Kordelzug<\/td>\n<\/tr>\n<tr>\n<td class=\"left\">Kapuzenf\u00fctterung<\/td>\n<td>farblich passend<\/td>\n<\/tr>\n<tr>\n<td class=\"left\">Applikationen<\/td>\n<td>Print, Bindeb\u00e4nder, Schriftzug<\/td>\n<\/tr>\n<tr>\n<td class=\"left\">Torby<\/td>\n<td>Kiesze\u0144 kangurka<\/td>\n<\/tr>\n<tr>\n<td class=\"left\">Verschluss<\/td>\n<td>Bindeband<\/td>\n<\/tr>\n<tr>\n<td class=\"left\">Verschlussdetails<\/td>\n<td>vorn, zum Binden<\/td>\n<\/tr>\n<tr>\n<td class=\"left\">Besondere Merkmale<\/td>\n<td>mit K\u00e4ngurutasche<\/td>\n<\/tr>\n<tr>\n<td class=\"left\">\u00c4rmel<\/td>\n<td>D\u0142ugi r\u0119kaw<\/td>\n<\/tr>\n<tr>\n<td class=\"left\">\u00c4rmeldetails<\/td>\n<td>Raglanowe r\u0119kawy<\/td>\n<\/tr>\n<tr>\n<td class=\"left\">\u00c4rmelabschluss<\/td>\n<td>B\u00fcndchen<\/td>\n<\/tr>\n<tr>\n<td class=\"left\">Rumpfabschluss<\/td>\n<td>B\u00fcndchen<\/td>\n<\/tr>\n<tr>\n<td class=\"left\">Dopasowanie<\/td>\n<td>bequem<\/td>\n<\/tr>\n<tr>\n<td class=\"left\">Schnittform L\u00e4nge<\/td>\n<td>h\u00fcftlang<\/td>\n<\/tr>\n<\/tbody>\n<\/table>","protected":false},"featured_media":80279,"comment_status":"open","ping_status":"closed","template":"","meta":{"_seopress_robots_primary_cat":"","_seopress_titles_title":"","_seopress_titles_desc":"","_seopress_robots_index":""},"product_brand":[],"product_cat":[1348,1456,1583],"product_tag":[],"class_list":{"0":"post-80182","1":"product","2":"type-product","3":"status-publish","4":"has-post-thumbnail","6":"product_cat-damen-mode","7":"product_cat-pullover-sweater","8":"product_cat-hoodies","9":"product_shipping_class-standard-versand","11":"first","12":"instock","13":"taxable","14":"shipping-taxable","15":"purchasable","16":"product-type-simple"},"_links":{"self":[{"href":"https:\/\/www.soanam.de\/pl\/wp-json\/wp\/v2\/product\/80182","targetHints":{"allow":["GET"]}}],"collection":[{"href":"https:\/\/www.soanam.de\/pl\/wp-json\/wp\/v2\/product"}],"about":[{"href":"https:\/\/www.soanam.de\/pl\/wp-json\/wp\/v2\/types\/product"}],"replies":[{"embeddable":true,"href":"https:\/\/www.soanam.de\/pl\/wp-json\/wp\/v2\/comments?post=80182"}],"wp:featuredmedia":[{"embeddable":true,"href":"https:\/\/www.soanam.de\/pl\/wp-json\/wp\/v2\/media\/80279"}],"wp:attachment":[{"href":"https:\/\/www.soanam.de\/pl\/wp-json\/wp\/v2\/media?parent=80182"}],"wp:term":[{"taxonomy":"product_brand","embeddable":true,"href":"https:\/\/www.soanam.de\/pl\/wp-json\/wp\/v2\/product_brand?post=80182"},{"taxonomy":"product_cat","embeddable":true,"href":"https:\/\/www.soanam.de\/pl\/wp-json\/wp\/v2\/product_cat?post=80182"},{"taxonomy":"product_tag","embeddable":true,"href":"https:\/\/www.soanam.de\/pl\/wp-json\/wp\/v2\/product_tag?post=80182"}],"curies":[{"name":"wp","href":"https:\/\/api.w.org\/{rel}","templated":true}]}}

LASCANA Hoodie mit Kängurutasche, in Creme, Größe 32/34

<p>Sweter z kapturem od Lascana<br />
Z kieszenią kangurką<br />
Z nadrukiem z przodu i tabliczką z logo<br />
Z raglanowymi rękawami<br />
Mankiety na rękawach i u dołu<br />
Miękka mieszanka bawełny</p>
<p>Bluza z kapturem Lascana jest wygodna w noszeniu dzięki miękkiej mieszance bawełny.<br />
Z przodu znajduje się ładny nadruk, a regulowany kaptur ma sznurki w kontrastowym kolorze.<br />
Mankiety na końcach raglanowych rękawów i u dołu dopełniają tę praktyczną bluzę z kapturem.</p>
<p>Materiał: bawełna 50%, poliester 50%<br />
Wskazówki dotyczące pielęgnacji: Prać w pralce</p>
<p>Farbe: offwhite<br />
Wzór: Nadruk z przodu<br />
Rozmiar: 32/34</p>
<p>Szerokość ramion: 39 cm<br />
Szerokość klatki piersiowej: 96 cm<br />
Długość rękawa: 61 cm<br />
Całkowita długość: 62 cm</p>

<table class="dv_characteristicsTable">
<tbody>
<tr>
<td class="left">Rozmiar</td>
<td>32/34</td>
</tr>
<tr>
<td class="left">Größentyp</td>
<td>Normalgrößen</td>
</tr>
<tr>
<td class="left">Skład materiału</td>
<td>Obermaterial: 50% Baumwolle, 50% Polyester</td>
</tr>
<tr>
<td class="left">Instrukcje dotyczące pielęgnacji</td>
<td>Pranie w pralce</td>
</tr>
<tr>
<td class="left">Optik</td>
<td>bedruckt, unifarben</td>
</tr>
<tr>
<td class="left">Stil</td>
<td>casual</td>
</tr>
<tr>
<td class="left">Kolor</td>
<td>beige</td>
</tr>
<tr>
<td class="left">Kaptur</td>
<td>mit Kapuze</td>
</tr>
<tr>
<td class="left">Kapuzendetails</td>
<td>mit Kordelzug</td>
</tr>
<tr>
<td class="left">Kapuzenfütterung</td>
<td>farblich passend</td>
</tr>
<tr>
<td class="left">Applikationen</td>
<td>Print, Bindebänder, Schriftzug</td>
</tr>
<tr>
<td class="left">Torby</td>
<td>Kieszeń kangurka</td>
</tr>
<tr>
<td class="left">Verschluss</td>
<td>Bindeband</td>
</tr>
<tr>
<td class="left">Verschlussdetails</td>
<td>vorn, zum Binden</td>
</tr>
<tr>
<td class="left">Besondere Merkmale</td>
<td>mit Kängurutasche</td>
</tr>
<tr>
<td class="left">Ärmel</td>
<td>Długi rękaw</td>
</tr>
<tr>
<td class="left">Ärmeldetails</td>
<td>Raglanowe rękawy</td>
</tr>
<tr>
<td class="left">Ärmelabschluss</td>
<td>Bündchen</td>
</tr>
<tr>
<td class="left">Rumpfabschluss</td>
<td>Bündchen</td>
</tr>
<tr>
<td class="left">Dopasowanie</td>
<td>bequem</td>
</tr>
<tr>
<td class="left">Schnittform Länge</td>
<td>hüftlang</td>
</tr>
</tbody>
</table>
