{"id":79971,"date":"2023-12-13T23:55:05","date_gmt":"2023-12-13T22:55:05","guid":{"rendered":"https:\/\/www.soanam.de\/?post_type=product&#038;p=79971"},"modified":"2023-12-13T23:59:28","modified_gmt":"2023-12-13T22:59:28","slug":"matowe-etui-hardshell-do-macbook-air-13-a1932-a2179-2020-pro-16-a2141","status":"publish","type":"product","link":"https:\/\/www.soanam.de\/pl\/produkt\/hardshell-matte-case-cover-fuer-macbook-air-13-a1932-a2179-2020-pro-16-a2141\/","title":{"rendered":"Pokrowiec Hardshell Matte Case dla Macbook Air 13\" A1932\/A2179 2020 Pro 16\" A2141"},"content":{"rendered":"<div>\n<h3>Opis<\/h3>\n<h5>Pancerne etui z podk\u0142adk\u0105 dla Apple Macbook Air 13 M1<\/h5>\n<p>Etui ochronne z serii Hard Case to wysokiej jako\u015bci produkt do\u00a0<strong>Apple Macbook Air 13 M1<\/strong>. Etui ochronne idealnie pasuje do urz\u0105dzenia i chroni je przed brudem, uszkodzeniami i rozdarciami.<\/p>\n<p>Etui ochronne ma prosty i elegancki design, kt\u00f3ry pozostaje czysty i estetyczny przez d\u0142ugi czas dzi\u0119ki matowej strukturze, bez widocznych odcisk\u00f3w palc\u00f3w. Etui ochronne o bezpretensjonalnym wygl\u0105dzie jest idealne na wa\u017cniejsze chwile i stanowi elegancki dodatek.<\/p>\n<p>Pancerna torba jest kompatybilna z nast\u0119puj\u0105cymi modelami: <strong>A2179, A2337<\/strong><\/p>\n<\/div>\n<div>\n<div>Dla Macbook Pro 16\" A2141<\/div>\n<div><\/div>\n<div><strong>W skr\u00f3cie<\/strong><\/div>\n<div><\/div>\n<\/div>\n<div>Wykonane z wysokiej jako\u015bci materia\u0142u<br \/>\n\u0141atwy dost\u0119p do wszystkich po\u0142\u0105cze\u0144 i gniazd<br \/>\nAntypo\u015blizgowe n\u00f3\u017cki<br \/>\nWzmocnione naro\u017cniki<br \/>\nWbudowane sk\u0142adane n\u00f3\u017cki<br \/>\nIdealne dopasowanie do urz\u0105dzenia<br \/>\nBezpretensjonalny design<br \/>\nProsty monta\u017c i demonta\u017c<br \/>\nKompatybilny z: A2179, A2337<\/div>","protected":false},"excerpt":{"rendered":"<h3>Artikelmerkmale<\/h3>\n<p>Stan produktu: Nowy z etykiet\u0105: Nowy, nieu\u017cywany i nienoszony produkt w oryginalnym opakowaniu.<\/p>\n<table border=\"0\" frame=\"VOID\" rules=\"NONE\" cellspacing=\"0\">\n<colgroup>\n<col width=\"166\" \/>\n<col width=\"296\" \/><\/colgroup>\n<tbody>\n<tr>\n<td align=\"LEFT\" width=\"166\" height=\"17\">Funkcje specjalne:<\/td>\n<td align=\"LEFT\" width=\"296\">Anti-Rutsch, Faltbar<\/td>\n<\/tr>\n<tr>\n<td align=\"LEFT\" height=\"17\">EAN:<\/td>\n<td align=\"LEFT\">5907765652695<\/td>\n<\/tr>\n<tr>\n<td align=\"LEFT\" height=\"17\">Kolor:<\/td>\n<td align=\"LEFT\">grau<\/td>\n<\/tr>\n<tr>\n<td align=\"LEFT\" height=\"17\"><\/td>\n<td align=\"LEFT\"><\/td>\n<\/tr>\n<tr>\n<td align=\"LEFT\" height=\"17\">Wysoko\u015b\u0107:<\/td>\n<td align=\"LEFT\">nicht zutreffend<\/td>\n<\/tr>\n<tr>\n<td align=\"LEFT\" height=\"17\">Kompatibel mit Laptopgr\u00f6\u00dfe:<\/td>\n<td align=\"LEFT\">Apple MacBook Air 13 M1<\/td>\n<\/tr>\n<tr>\n<td align=\"LEFT\" height=\"17\">Materia\u0142:<\/td>\n<td align=\"LEFT\">Polycarbonat<\/td>\n<\/tr>\n<tr>\n<td align=\"LEFT\" height=\"17\">Modell:<\/td>\n<td align=\"LEFT\">MacBook Air 13 M1<\/td>\n<\/tr>\n<tr>\n<td align=\"LEFT\" height=\"17\">Wz\u00f3r:<\/td>\n<td align=\"LEFT\">nicht zutreffend<\/td>\n<\/tr>\n<tr>\n<td align=\"LEFT\" height=\"17\">Produktart:<\/td>\n<td align=\"LEFT\">Hard Case Klapptasche<\/td>\n<\/tr>\n<\/tbody>\n<\/table>","protected":false},"featured_media":80107,"comment_status":"open","ping_status":"closed","template":"","meta":{"_seopress_robots_primary_cat":"","_seopress_titles_title":"","_seopress_titles_desc":"","_seopress_robots_index":""},"product_brand":[],"product_cat":[1730],"product_tag":[],"class_list":{"0":"post-79971","1":"product","2":"type-product","3":"status-publish","4":"has-post-thumbnail","6":"product_cat-sonstiges-2","7":"product_shipping_class-standard-versand","9":"first","10":"instock","11":"sale","12":"taxable","13":"shipping-taxable","14":"purchasable","15":"product-type-simple"},"_links":{"self":[{"href":"https:\/\/www.soanam.de\/pl\/wp-json\/wp\/v2\/product\/79971","targetHints":{"allow":["GET"]}}],"collection":[{"href":"https:\/\/www.soanam.de\/pl\/wp-json\/wp\/v2\/product"}],"about":[{"href":"https:\/\/www.soanam.de\/pl\/wp-json\/wp\/v2\/types\/product"}],"replies":[{"embeddable":true,"href":"https:\/\/www.soanam.de\/pl\/wp-json\/wp\/v2\/comments?post=79971"}],"wp:featuredmedia":[{"embeddable":true,"href":"https:\/\/www.soanam.de\/pl\/wp-json\/wp\/v2\/media\/80107"}],"wp:attachment":[{"href":"https:\/\/www.soanam.de\/pl\/wp-json\/wp\/v2\/media?parent=79971"}],"wp:term":[{"taxonomy":"product_brand","embeddable":true,"href":"https:\/\/www.soanam.de\/pl\/wp-json\/wp\/v2\/product_brand?post=79971"},{"taxonomy":"product_cat","embeddable":true,"href":"https:\/\/www.soanam.de\/pl\/wp-json\/wp\/v2\/product_cat?post=79971"},{"taxonomy":"product_tag","embeddable":true,"href":"https:\/\/www.soanam.de\/pl\/wp-json\/wp\/v2\/product_tag?post=79971"}],"curies":[{"name":"wp","href":"https:\/\/api.w.org\/{rel}","templated":true}]}}

<div>
<h3>Opis</h3>
<h5>Pancerne etui z podkładką dla Apple Macbook Air 13 M1</h5>
<p>Etui ochronne z serii Hard Case to wysokiej jakości produkt do <strong>Apple Macbook Air 13 M1</strong>. Etui ochronne idealnie pasuje do urządzenia i chroni je przed brudem, uszkodzeniami i rozdarciami.</p>
<p>Etui ochronne ma prosty i elegancki design, który pozostaje czysty i estetyczny przez długi czas dzięki matowej strukturze, bez widocznych odcisków palców. Etui ochronne o bezpretensjonalnym wyglądzie jest idealne na ważniejsze chwile i stanowi elegancki dodatek.</p>
<p>Pancerna torba jest kompatybilna z następującymi modelami: <strong>A2179, A2337</strong></p>
</div>
<div>
<div>Dla Macbook Pro 16" A2141</div>
<div></div>
<div><strong>W skrócie</strong></div>
<div></div>
</div>
<div>Wykonane z wysokiej jakości materiału<br />
Łatwy dostęp do wszystkich połączeń i gniazd<br />
Antypoślizgowe nóżki<br />
Wzmocnione narożniki<br />
Wbudowane składane nóżki<br />
Idealne dopasowanie do urządzenia<br />
Bezpretensjonalny design<br />
Prosty montaż i demontaż<br />
Kompatybilny z: A2179, A2337</div>

<h3>Artikelmerkmale</h3>
<p>Stan produktu: Nowy z etykietą: Nowy, nieużywany i nienoszony produkt w oryginalnym opakowaniu.</p>
<table border="0" frame="VOID" rules="NONE" cellspacing="0">
<colgroup>
<col width="166" />
<col width="296" /></colgroup>
<tbody>
<tr>
<td align="LEFT" width="166" height="17">Funkcje specjalne:</td>
<td align="LEFT" width="296">Anti-Rutsch, Faltbar</td>
</tr>
<tr>
<td align="LEFT" height="17">EAN:</td>
<td align="LEFT">5907765652695</td>
</tr>
<tr>
<td align="LEFT" height="17">Kolor:</td>
<td align="LEFT">grau</td>
</tr>
<tr>
<td align="LEFT" height="17"></td>
<td align="LEFT"></td>
</tr>
<tr>
<td align="LEFT" height="17">Wysokość:</td>
<td align="LEFT">nicht zutreffend</td>
</tr>
<tr>
<td align="LEFT" height="17">Kompatibel mit Laptopgröße:</td>
<td align="LEFT">Apple MacBook Air 13 M1</td>
</tr>
<tr>
<td align="LEFT" height="17">Materiał:</td>
<td align="LEFT">Polycarbonat</td>
</tr>
<tr>
<td align="LEFT" height="17">Modell:</td>
<td align="LEFT">MacBook Air 13 M1</td>
</tr>
<tr>
<td align="LEFT" height="17">Wzór:</td>
<td align="LEFT">nicht zutreffend</td>
</tr>
<tr>
<td align="LEFT" height="17">Produktart:</td>
<td align="LEFT">Hard Case Klapptasche</td>
</tr>
</tbody>
</table>
