{"id":79751,"date":"2023-12-13T23:17:57","date_gmt":"2023-12-13T22:17:57","guid":{"rendered":"https:\/\/www.soanam.de\/?post_type=product&#038;p=79751"},"modified":"2023-12-13T23:21:17","modified_gmt":"2023-12-13T22:21:17","slug":"seesucht-manufaktur-wiejska-deska-do-krojenia-jajko-serce","status":"publish","type":"product","link":"https:\/\/www.soanam.de\/pl\/produkt\/seesucht-manufaktur-landeier-herz-schneidebrett\/","title":{"rendered":"Deska do krojenia z sercem Seesucht Manufaktur landeier"},"content":{"rendered":"<h3>Opis<\/h3>\n<p>Deska do ka\u017cdego zastosowania: do ostrych ci\u0119\u0107 i \u015bwie\u017cych smak\u00f3w. Ta dobra deska wytrzyma naprawd\u0119 wiele. A je\u015bli nie masz nic wsp\u00f3lnego z przygotowywaniem i gotowaniem, mo\u017cesz u\u017cy\u0107 jej do krojenia chleba, jako podstawki lub po prostu umie\u015bci\u0107 j\u0105 dekoracyjnie w kuchni, aby pokaza\u0107 swoje zami\u0142owanie do pi\u0119knie wykonanych przedmiot\u00f3w. Po prostu kawa\u0142ek drewna na ka\u017cd\u0105 okazj\u0119.<\/p>\n<p>Jest wykonywana r\u0119cznie w naszej ma\u0142ej manufakturze nad Jeziorem Bode\u0144skim - ci\u0119ta z litych drewnianych desek, strugana, drobno szlifowana i wyka\u0144czana r\u0119cznie czystym naturalnym olejem. Ka\u017cda deska jest wyj\u0105tkowa i mo\u017cna zobaczy\u0107 i poczu\u0107 perfekcj\u0119 wykonania. Trzymasz wi\u0119c w r\u0119ku produkt, kt\u00f3ry nie tylko wygl\u0105da naturalnie, ale naprawd\u0119 taki jest.<\/p>","protected":false},"excerpt":{"rendered":"<h3>Artikelmerkmale<\/h3>\n<p>Stan produktu: Nowy z etykiet\u0105: Nowy, nieu\u017cywany i nienoszony produkt w oryginalnym opakowaniu.<\/p>\n<p>Ma\u00dfe: 27 x 16 x 1,1 cm<\/p>\n<p>Da es sich um ein Naturprodukt handelt, ist jedes Produkt in Form und Muster einzigartig! Die Ma\u00dfe, Musterung und Form k\u00f6nnen variieren.<\/p>\n<p><strong>Bitte von Hand sp\u00fclen!<\/strong><\/p>\n<p>Holzart: Eiche oder Nuss<\/p>\n<p>Stabiles, festes und hochwertiges Massivholz.<\/p>\n<p>Behandlung der Oberfl\u00e4che mit nat\u00fcrlichenm und speichelechtem \u00d6l.<\/p>","protected":false},"featured_media":79890,"comment_status":"open","ping_status":"closed","template":"","meta":{"_seopress_robots_primary_cat":"","_seopress_titles_title":"","_seopress_titles_desc":"","_seopress_robots_index":""},"product_brand":[],"product_cat":[1400,1401],"product_tag":[],"class_list":{"0":"post-79751","1":"product","2":"type-product","3":"status-publish","4":"has-post-thumbnail","6":"product_cat-wohnzubehoer","7":"product_cat-haushaltswaren","8":"product_shipping_class-standard-versand","10":"first","11":"instock","12":"sale","13":"taxable","14":"shipping-taxable","15":"purchasable","16":"product-type-simple"},"_links":{"self":[{"href":"https:\/\/www.soanam.de\/pl\/wp-json\/wp\/v2\/product\/79751","targetHints":{"allow":["GET"]}}],"collection":[{"href":"https:\/\/www.soanam.de\/pl\/wp-json\/wp\/v2\/product"}],"about":[{"href":"https:\/\/www.soanam.de\/pl\/wp-json\/wp\/v2\/types\/product"}],"replies":[{"embeddable":true,"href":"https:\/\/www.soanam.de\/pl\/wp-json\/wp\/v2\/comments?post=79751"}],"wp:featuredmedia":[{"embeddable":true,"href":"https:\/\/www.soanam.de\/pl\/wp-json\/wp\/v2\/media\/79890"}],"wp:attachment":[{"href":"https:\/\/www.soanam.de\/pl\/wp-json\/wp\/v2\/media?parent=79751"}],"wp:term":[{"taxonomy":"product_brand","embeddable":true,"href":"https:\/\/www.soanam.de\/pl\/wp-json\/wp\/v2\/product_brand?post=79751"},{"taxonomy":"product_cat","embeddable":true,"href":"https:\/\/www.soanam.de\/pl\/wp-json\/wp\/v2\/product_cat?post=79751"},{"taxonomy":"product_tag","embeddable":true,"href":"https:\/\/www.soanam.de\/pl\/wp-json\/wp\/v2\/product_tag?post=79751"}],"curies":[{"name":"wp","href":"https:\/\/api.w.org\/{rel}","templated":true}]}}

<h3>Opis</h3>
<p>Deska do każdego zastosowania: do ostrych cięć i świeżych smaków. Ta dobra deska wytrzyma naprawdę wiele. A jeśli nie masz nic wspólnego z przygotowywaniem i gotowaniem, możesz użyć jej do krojenia chleba, jako podstawki lub po prostu umieścić ją dekoracyjnie w kuchni, aby pokazać swoje zamiłowanie do pięknie wykonanych przedmiotów. Po prostu kawałek drewna na każdą okazję.</p>
<p>Jest wykonywana ręcznie w naszej małej manufakturze nad Jeziorem Bodeńskim - cięta z litych drewnianych desek, strugana, drobno szlifowana i wykańczana ręcznie czystym naturalnym olejem. Każda deska jest wyjątkowa i można zobaczyć i poczuć perfekcję wykonania. Trzymasz więc w ręku produkt, który nie tylko wygląda naturalnie, ale naprawdę taki jest.</p>

<h3>Artikelmerkmale</h3>
<p>Stan produktu: Nowy z etykietą: Nowy, nieużywany i nienoszony produkt w oryginalnym opakowaniu.</p>
<p>Maße: 27 x 16 x 1,1 cm</p>
<p>Da es sich um ein Naturprodukt handelt, ist jedes Produkt in Form und Muster einzigartig! Die Maße, Musterung und Form können variieren.</p>
<p><strong>Bitte von Hand spülen!</strong></p>
<p>Holzart: Eiche oder Nuss</p>
<p>Stabiles, festes und hochwertiges Massivholz.</p>
<p>Behandlung der Oberfläche mit natürlichenm und speichelechtem Öl.</p>
