{"id":79525,"date":"2023-12-13T22:41:27","date_gmt":"2023-12-13T21:41:27","guid":{"rendered":"https:\/\/www.soanam.de\/?post_type=product&#038;p=79525"},"modified":"2023-12-13T23:15:00","modified_gmt":"2023-12-13T22:15:00","slug":"cream-gaiagro-long-damen-wintermantel-warm-gefuettert-in-forest-night-gr-34","status":"publish","type":"product","link":"https:\/\/www.soanam.de\/pl\/produkt\/cream-gaiagro-long-damen-wintermantel-warm-gefuettert-in-forest-night-gr-34\/","title":{"rendered":"Cream GAIAGRO LONG - Damski p\u0142aszcz zimowy z ciep\u0142\u0105 podszewk\u0105 w kolorze le\u015bnej nocy, rozmiar 34"},"content":{"rendered":"<h3>Opis<\/h3>\n<p><strong>Materia\u0142 i instrukcje dotycz\u0105ce piel\u0119gnacji<\/strong><\/p>\n<p>Material Oberstoff: 100% Nylon<br \/>\nMateria\u0142 wype\u0142nienia: poliester 100%<br \/>\nPodszewka: poliester 100%<br \/>\nGrubo\u015b\u0107 podszewki: Ciep\u0142a podszewka<br \/>\nWskaz\u00f3wki dotycz\u0105ce piel\u0119gnacji: Mo\u017cna pra\u0107 w pralce w temperaturze 30\u00b0C, cykl delikatny<\/p>\n<p><strong>Wi\u0119cej informacji o tym produkcie<\/strong><\/p>\n<p>Kragen: Gef\u00fctterter Kragen<br \/>\nZapi\u0119cie: zamek b\u0142yskawiczny<br \/>\nWz\u00f3r: Zwyk\u0142e kolory<br \/>\nSzczeg\u00f3\u0142y: rozci\u0119te kieszenie<\/p>\n<p><strong>Modelgr\u00f6\u00dfe: Unser Model ist 178 cm gro\u00df und tr\u00e4gt Gr\u00f6\u00dfe 36<\/strong><br \/>\nPassform: Schmal<br \/>\nL\u00e4nge: Wadenlang<br \/>\nD\u0142ugo\u015b\u0107 r\u0119kawa: D\u0142ugi r\u0119kaw<br \/>\n\u00c4rmell\u00e4nge: 62 cm bei Gr\u00f6\u00dfe 36<br \/>\nR\u00fcckenbreite: 41 cm bei Gr\u00f6\u00dfe 36<br \/>\nGesamtl\u00e4nge: 110 cm bei Gr\u00f6\u00dfe 36<\/p>","protected":false},"excerpt":{"rendered":"<h3>Artikelmerkmale<\/h3>\n<p>Stan produktu: Nowy z etykiet\u0105: Nowy, nieu\u017cywany i nienoszony produkt w oryginalnym opakowaniu.<\/p>\n<table border=\"0\" frame=\"VOID\" rules=\"NONE\" cellspacing=\"0\">\n<colgroup>\n<col width=\"141\" \/>\n<col width=\"261\" \/><\/colgroup>\n<tbody>\n<tr>\n<td align=\"LEFT\" width=\"141\" height=\"17\">Abteilung:<\/td>\n<td align=\"LEFT\" width=\"261\">Damen<\/td>\n<\/tr>\n<tr>\n<td align=\"LEFT\" height=\"17\">Akzente:<\/td>\n<td align=\"LEFT\">Gesteppt<\/td>\n<\/tr>\n<tr>\n<td align=\"LEFT\" height=\"17\">Anlass:<\/td>\n<td align=\"LEFT\">Freizeit<\/td>\n<\/tr>\n<tr>\n<td align=\"LEFT\" height=\"17\">Au\u00dfenmaterial:<\/td>\n<td align=\"LEFT\">Nylon<\/td>\n<\/tr>\n<tr>\n<td align=\"LEFT\" height=\"17\">Funkcje specjalne:<\/td>\n<td align=\"LEFT\">Durchgehender Rei\u00dfverschluss, Gef\u00fcttert<\/td>\n<\/tr>\n<tr>\n<td align=\"LEFT\" height=\"17\">Charakter:<\/td>\n<td align=\"LEFT\">ohne<\/td>\n<\/tr>\n<tr>\n<td align=\"LEFT\" height=\"17\">EAN:<\/td>\n<td align=\"LEFT\">Nicht zutreffend<\/td>\n<\/tr>\n<tr>\n<td align=\"LEFT\" height=\"17\">Kolor:<\/td>\n<td align=\"LEFT\">Zielony<\/td>\n<\/tr>\n<tr>\n<td align=\"LEFT\" height=\"17\">Futtermaterial:<\/td>\n<td align=\"LEFT\">Poliester<\/td>\n<\/tr>\n<tr>\n<td align=\"LEFT\" height=\"17\">Gewebeart:<\/td>\n<td align=\"LEFT\">ohne Angabe<\/td>\n<\/tr>\n<tr>\n<td align=\"LEFT\" height=\"17\">Gr\u00f6\u00dfe:<\/td>\n<td align=\"LEFT\">34<\/td>\n<\/tr>\n<tr>\n<td align=\"LEFT\" height=\"17\">Gr\u00f6\u00dfenkategorie:<\/td>\n<td align=\"LEFT\">Normalgr\u00f6\u00dfe<\/td>\n<\/tr>\n<tr>\n<td align=\"LEFT\" height=\"17\">Isoliermaterial:<\/td>\n<td align=\"LEFT\">Poliester<\/td>\n<\/tr>\n<tr>\n<td align=\"LEFT\" height=\"17\">Jacken-\/Mantell\u00e4nge:<\/td>\n<td align=\"LEFT\">D\u0142ugi<\/td>\n<\/tr>\n<tr>\n<td align=\"LEFT\" height=\"17\">Jahreszeit:<\/td>\n<td align=\"LEFT\">Winter<\/td>\n<\/tr>\n<tr>\n<td align=\"LEFT\" height=\"17\">Marke:<\/td>\n<td align=\"LEFT\">Cream<\/td>\n<\/tr>\n<tr>\n<td align=\"LEFT\" height=\"17\">Modell:<\/td>\n<td align=\"LEFT\">ohne Angabe<\/td>\n<\/tr>\n<tr>\n<td align=\"LEFT\" height=\"17\">Wz\u00f3r:<\/td>\n<td align=\"LEFT\">Ohne Muster<\/td>\n<\/tr>\n<tr>\n<td align=\"LEFT\" height=\"17\">Produktart:<\/td>\n<td align=\"LEFT\">Mantel<\/td>\n<\/tr>\n<tr>\n<td align=\"LEFT\" height=\"17\">Stil:<\/td>\n<td align=\"LEFT\">Mantel<\/td>\n<\/tr>\n<tr>\n<td align=\"LEFT\" height=\"17\">Thema:<\/td>\n<td align=\"LEFT\">Outdoor<\/td>\n<\/tr>\n<tr>\n<td align=\"LEFT\" height=\"17\">Verschluss:<\/td>\n<td align=\"LEFT\">Zamek b\u0142yskawiczny<\/td>\n<\/tr>\n<tr>\n<td align=\"LEFT\" height=\"17\">Vintage:<\/td>\n<td align=\"LEFT\">Nein<\/td>\n<\/tr>\n<\/tbody>\n<\/table>","protected":false},"featured_media":79599,"comment_status":"open","ping_status":"closed","template":"","meta":{"_seopress_robots_primary_cat":"","_seopress_titles_title":"","_seopress_titles_desc":"","_seopress_robots_index":""},"product_brand":[],"product_cat":[1348,1354,1355,1356],"product_tag":[],"class_list":{"0":"post-79525","1":"product","2":"type-product","3":"status-publish","4":"has-post-thumbnail","6":"product_cat-damen-mode","7":"product_cat-jacken-maentel","8":"product_cat-maentel","9":"product_cat-wintermaentel","10":"product_shipping_class-standard-versand","12":"first","13":"instock","14":"sale","15":"taxable","16":"shipping-taxable","17":"purchasable","18":"product-type-simple"},"_links":{"self":[{"href":"https:\/\/www.soanam.de\/pl\/wp-json\/wp\/v2\/product\/79525","targetHints":{"allow":["GET"]}}],"collection":[{"href":"https:\/\/www.soanam.de\/pl\/wp-json\/wp\/v2\/product"}],"about":[{"href":"https:\/\/www.soanam.de\/pl\/wp-json\/wp\/v2\/types\/product"}],"replies":[{"embeddable":true,"href":"https:\/\/www.soanam.de\/pl\/wp-json\/wp\/v2\/comments?post=79525"}],"wp:featuredmedia":[{"embeddable":true,"href":"https:\/\/www.soanam.de\/pl\/wp-json\/wp\/v2\/media\/79599"}],"wp:attachment":[{"href":"https:\/\/www.soanam.de\/pl\/wp-json\/wp\/v2\/media?parent=79525"}],"wp:term":[{"taxonomy":"product_brand","embeddable":true,"href":"https:\/\/www.soanam.de\/pl\/wp-json\/wp\/v2\/product_brand?post=79525"},{"taxonomy":"product_cat","embeddable":true,"href":"https:\/\/www.soanam.de\/pl\/wp-json\/wp\/v2\/product_cat?post=79525"},{"taxonomy":"product_tag","embeddable":true,"href":"https:\/\/www.soanam.de\/pl\/wp-json\/wp\/v2\/product_tag?post=79525"}],"curies":[{"name":"wp","href":"https:\/\/api.w.org\/{rel}","templated":true}]}}

Cream GAIAGRO LONG - Damski płaszcz zimowy z ciepłą podszewką w kolorze leśnej nocy, rozmiar 34

<h3>Opis</h3>
<p><strong>Materiał i instrukcje dotyczące pielęgnacji</strong></p>
<p>Material Oberstoff: 100% Nylon<br />
Materiał wypełnienia: poliester 100%<br />
Podszewka: poliester 100%<br />
Grubość podszewki: Ciepła podszewka<br />
Wskazówki dotyczące pielęgnacji: Można prać w pralce w temperaturze 30°C, cykl delikatny</p>
<p><strong>Więcej informacji o tym produkcie</strong></p>
<p>Kragen: Gefütterter Kragen<br />
Zapięcie: zamek błyskawiczny<br />
Wzór: Zwykłe kolory<br />
Szczegóły: rozcięte kieszenie</p>
<p><strong>Modelgröße: Unser Model ist 178 cm groß und trägt Größe 36</strong><br />
Passform: Schmal<br />
Länge: Wadenlang<br />
Długość rękawa: Długi rękaw<br />
Ärmellänge: 62 cm bei Größe 36<br />
Rückenbreite: 41 cm bei Größe 36<br />
Gesamtlänge: 110 cm bei Größe 36</p>

<h3>Artikelmerkmale</h3>
<p>Stan produktu: Nowy z etykietą: Nowy, nieużywany i nienoszony produkt w oryginalnym opakowaniu.</p>
<table border="0" frame="VOID" rules="NONE" cellspacing="0">
<colgroup>
<col width="141" />
<col width="261" /></colgroup>
<tbody>
<tr>
<td align="LEFT" width="141" height="17">Abteilung:</td>
<td align="LEFT" width="261">Damen</td>
</tr>
<tr>
<td align="LEFT" height="17">Akzente:</td>
<td align="LEFT">Gesteppt</td>
</tr>
<tr>
<td align="LEFT" height="17">Anlass:</td>
<td align="LEFT">Freizeit</td>
</tr>
<tr>
<td align="LEFT" height="17">Außenmaterial:</td>
<td align="LEFT">Nylon</td>
</tr>
<tr>
<td align="LEFT" height="17">Funkcje specjalne:</td>
<td align="LEFT">Durchgehender Reißverschluss, Gefüttert</td>
</tr>
<tr>
<td align="LEFT" height="17">Charakter:</td>
<td align="LEFT">ohne</td>
</tr>
<tr>
<td align="LEFT" height="17">EAN:</td>
<td align="LEFT">Nicht zutreffend</td>
</tr>
<tr>
<td align="LEFT" height="17">Kolor:</td>
<td align="LEFT">Zielony</td>
</tr>
<tr>
<td align="LEFT" height="17">Futtermaterial:</td>
<td align="LEFT">Poliester</td>
</tr>
<tr>
<td align="LEFT" height="17">Gewebeart:</td>
<td align="LEFT">ohne Angabe</td>
</tr>
<tr>
<td align="LEFT" height="17">Größe:</td>
<td align="LEFT">34</td>
</tr>
<tr>
<td align="LEFT" height="17">Größenkategorie:</td>
<td align="LEFT">Normalgröße</td>
</tr>
<tr>
<td align="LEFT" height="17">Isoliermaterial:</td>
<td align="LEFT">Poliester</td>
</tr>
<tr>
<td align="LEFT" height="17">Jacken-/Mantellänge:</td>
<td align="LEFT">Długi</td>
</tr>
<tr>
<td align="LEFT" height="17">Jahreszeit:</td>
<td align="LEFT">Winter</td>
</tr>
<tr>
<td align="LEFT" height="17">Marke:</td>
<td align="LEFT">Cream</td>
</tr>
<tr>
<td align="LEFT" height="17">Modell:</td>
<td align="LEFT">ohne Angabe</td>
</tr>
<tr>
<td align="LEFT" height="17">Wzór:</td>
<td align="LEFT">Ohne Muster</td>
</tr>
<tr>
<td align="LEFT" height="17">Produktart:</td>
<td align="LEFT">Mantel</td>
</tr>
<tr>
<td align="LEFT" height="17">Stil:</td>
<td align="LEFT">Mantel</td>
</tr>
<tr>
<td align="LEFT" height="17">Thema:</td>
<td align="LEFT">Outdoor</td>
</tr>
<tr>
<td align="LEFT" height="17">Verschluss:</td>
<td align="LEFT">Zamek błyskawiczny</td>
</tr>
<tr>
<td align="LEFT" height="17">Vintage:</td>
<td align="LEFT">Nein</td>
</tr>
</tbody>
</table>
