{"id":79222,"date":"2023-12-13T22:35:01","date_gmt":"2023-12-13T21:35:01","guid":{"rendered":"https:\/\/www.soanam.de\/?post_type=product&#038;p=79222"},"modified":"2023-12-13T22:37:57","modified_gmt":"2023-12-13T21:37:57","slug":"petite-fleur-2-czesciowy-model-talii-w-kolorze-czarnym-rozmiar-48-50","status":"publish","type":"product","link":"https:\/\/www.soanam.de\/pl\/produkt\/petite-fleur-2-stueck-taillenshaper-in-schwarz-groesse-48-50\/","title":{"rendered":"petite fleur 2-cz\u0119\u015bciowa koszulka modeluj\u0105ca tali\u0119, czarna, rozmiar 48\/50"},"content":{"rendered":"<p>Wysoka talia, kt\u00f3ra idealnie modeluje sylwetk\u0119<br \/>\nZe wzmocnion\u0105 siatk\u0105 zasilaj\u0105c\u0105<br \/>\nZaokr\u0105glone szwy dziel\u0105ce r\u00f3wnie\u017c wyszczuplaj\u0105 sylwetk\u0119<br \/>\nWykonane ze stabilnej wymiarowo tkaniny bawe\u0142niano-elastanowej<\/p>\n<p>Kszta\u0142tuj\u0105ce tali\u0119 legginsy od Petite Fleur s\u0105 wykonane z zachowuj\u0105cego kszta\u0142t bawe\u0142ny i elastanu, ze wzmocnion\u0105 przedni\u0105 cz\u0119\u015bci\u0105 i zaokr\u0105glonymi szwami dziel\u0105cymi, kt\u00f3re sprawiaj\u0105, \u017ce sylwetka wygl\u0105da na szczuplejsz\u0105.<br \/>\nKszta\u0142townik talii jest r\u00f3wnie\u017c dost\u0119pny w podw\u00f3jnym opakowaniu - podw\u00f3jna korzy\u015b\u0107 dla Ciebie i Twojej sylwetki.<\/p>\n<p>Materia\u0142: bawe\u0142na 90%, elastan 10% LYCRA<br \/>\nWskaz\u00f3wki dotycz\u0105ce piel\u0119gnacji: Pra\u0107 w pralce<\/p>\n<p>Kolor: czarny<br \/>\nWz\u00f3r: bez<br \/>\nRozmiar: 48\/50<\/p>\n<p>Ca\u0142kowita d\u0142ugo\u015b\u0107: 48 cm<\/p>","protected":false},"excerpt":{"rendered":"<table class=\"dv_characteristicsTable\">\n<caption>MASSANGABE<\/caption>\n<tbody>\n<tr>\n<td class=\"left\">Rozmiar<\/td>\n<td>48\/50<\/td>\n<\/tr>\n<tr>\n<td class=\"left\">Gr\u00f6\u00dfentyp<\/td>\n<td>Normalgr\u00f6\u00dfen<\/td>\n<\/tr>\n<\/tbody>\n<\/table>\n<table class=\"dv_characteristicsTable\">\n<caption>FARBE<\/caption>\n<tbody>\n<tr>\n<td class=\"left\">Kolor<\/td>\n<td>schwarz<\/td>\n<\/tr>\n<\/tbody>\n<\/table>\n<table class=\"dv_characteristicsTable\">\n<caption>PRODUKTDETAILS<\/caption>\n<tbody>\n<tr>\n<td class=\"left\">Ausstattung<\/td>\n<td>Bawe\u0142niany klin<\/td>\n<\/tr>\n<tr>\n<td class=\"left\">Instrukcje dotycz\u0105ce piel\u0119gnacji<\/td>\n<td>Pranie w pralce<\/td>\n<\/tr>\n<\/tbody>\n<\/table>\n<table class=\"dv_characteristicsTable\">\n<caption>MATERIAL<\/caption>\n<tbody>\n<tr>\n<td class=\"left\">Sk\u0142ad materia\u0142u<\/td>\n<td>Obermaterial: 90% Baumwolle\u00a0, 10% Elasthan LYCRA\u00ae. Netz: 90% Polyamid, 10% Elasthan<\/td>\n<\/tr>\n<\/tbody>\n<\/table>","protected":false},"featured_media":79353,"comment_status":"open","ping_status":"closed","template":"","meta":{"_seopress_robots_primary_cat":"","_seopress_titles_title":"","_seopress_titles_desc":"","_seopress_robots_index":""},"product_brand":[],"product_cat":[1348,1444,1534],"product_tag":[],"class_list":{"0":"post-79222","1":"product","2":"type-product","3":"status-publish","4":"has-post-thumbnail","6":"product_cat-damen-mode","7":"product_cat-unterwaesche","8":"product_cat-pantys-unterwaesche","9":"product_shipping_class-standard-versand","11":"first","12":"instock","13":"sale","14":"taxable","15":"shipping-taxable","16":"purchasable","17":"product-type-simple"},"_links":{"self":[{"href":"https:\/\/www.soanam.de\/pl\/wp-json\/wp\/v2\/product\/79222","targetHints":{"allow":["GET"]}}],"collection":[{"href":"https:\/\/www.soanam.de\/pl\/wp-json\/wp\/v2\/product"}],"about":[{"href":"https:\/\/www.soanam.de\/pl\/wp-json\/wp\/v2\/types\/product"}],"replies":[{"embeddable":true,"href":"https:\/\/www.soanam.de\/pl\/wp-json\/wp\/v2\/comments?post=79222"}],"wp:featuredmedia":[{"embeddable":true,"href":"https:\/\/www.soanam.de\/pl\/wp-json\/wp\/v2\/media\/79353"}],"wp:attachment":[{"href":"https:\/\/www.soanam.de\/pl\/wp-json\/wp\/v2\/media?parent=79222"}],"wp:term":[{"taxonomy":"product_brand","embeddable":true,"href":"https:\/\/www.soanam.de\/pl\/wp-json\/wp\/v2\/product_brand?post=79222"},{"taxonomy":"product_cat","embeddable":true,"href":"https:\/\/www.soanam.de\/pl\/wp-json\/wp\/v2\/product_cat?post=79222"},{"taxonomy":"product_tag","embeddable":true,"href":"https:\/\/www.soanam.de\/pl\/wp-json\/wp\/v2\/product_tag?post=79222"}],"curies":[{"name":"wp","href":"https:\/\/api.w.org\/{rel}","templated":true}]}}

petite fleur 2-częściowa koszulka modelująca talię, czarna, rozmiar 48/50

<p>Wysoka talia, która idealnie modeluje sylwetkę<br />
Ze wzmocnioną siatką zasilającą<br />
Zaokrąglone szwy dzielące również wyszczuplają sylwetkę<br />
Wykonane ze stabilnej wymiarowo tkaniny bawełniano-elastanowej</p>
<p>Kształtujące talię legginsy od Petite Fleur są wykonane z zachowującego kształt bawełny i elastanu, ze wzmocnioną przednią częścią i zaokrąglonymi szwami dzielącymi, które sprawiają, że sylwetka wygląda na szczuplejszą.<br />
Kształtownik talii jest również dostępny w podwójnym opakowaniu - podwójna korzyść dla Ciebie i Twojej sylwetki.</p>
<p>Materiał: bawełna 90%, elastan 10% LYCRA<br />
Wskazówki dotyczące pielęgnacji: Prać w pralce</p>
<p>Kolor: czarny<br />
Wzór: bez<br />
Rozmiar: 48/50</p>
<p>Całkowita długość: 48 cm</p>

<table class="dv_characteristicsTable">
<caption>MASSANGABE</caption>
<tbody>
<tr>
<td class="left">Rozmiar</td>
<td>48/50</td>
</tr>
<tr>
<td class="left">Größentyp</td>
<td>Normalgrößen</td>
</tr>
</tbody>
</table>
<table class="dv_characteristicsTable">
<caption>FARBE</caption>
<tbody>
<tr>
<td class="left">Kolor</td>
<td>schwarz</td>
</tr>
</tbody>
</table>
<table class="dv_characteristicsTable">
<caption>PRODUKTDETAILS</caption>
<tbody>
<tr>
<td class="left">Ausstattung</td>
<td>Bawełniany klin</td>
</tr>
<tr>
<td class="left">Instrukcje dotyczące pielęgnacji</td>
<td>Pranie w pralce</td>
</tr>
</tbody>
</table>
<table class="dv_characteristicsTable">
<caption>MATERIAL</caption>
<tbody>
<tr>
<td class="left">Skład materiału</td>
<td>Obermaterial: 90% Baumwolle , 10% Elasthan LYCRA®. Netz: 90% Polyamid, 10% Elasthan</td>
</tr>
</tbody>
</table>
