{"id":79219,"date":"2023-12-13T22:35:00","date_gmt":"2023-12-13T21:35:00","guid":{"rendered":"https:\/\/www.soanam.de\/?post_type=product&#038;p=79219"},"modified":"2023-12-13T22:37:49","modified_gmt":"2023-12-13T21:37:49","slug":"lascana-pyjamashortsmit-spitzenkante-in-rosenholz-groesse-40-42","status":"publish","type":"product","link":"https:\/\/www.soanam.de\/pl\/produkt\/lascana-pyjamashortsmit-spitzenkante-in-rosenholz-groesse-40-42\/","title":{"rendered":"Szorty pi\u017camowe LASCANA z koronkowym brzegiem, w kolorze r\u00f3\u017canym, rozmiar 40\/42"},"content":{"rendered":"<p>Einzelne Pyjamashorts von Lascana<br \/>\nMit elastischem Bund und feiner Spitze an Hosensaum<br \/>\nMetalowe logo w krat\u0119<br \/>\nMi\u0119kki, lej\u0105cy materia\u0142 z mieszanki wiskozy<\/p>\n<p>Die herrlich weich flie\u00dfende Viskosemischung macht die Pyjamashorts von Lascana unglaublich trageangenehm.<br \/>\nDer elastische Hosenbund tr\u00e4gt seinen Teil zum Tragevergn\u00fcgen bei und die feine Spitze an Hosensaum gibt ein gewisses Extra preis.<\/p>\n<p>Materia\u0142: wiskoza 95%, elastan 5%<br \/>\nWskaz\u00f3wki dotycz\u0105ce piel\u0119gnacji: Pra\u0107 w pralce<\/p>\n<p>Kolor: palisander<br \/>\nWz\u00f3r: bez<br \/>\nRozmiar: 40\/42<\/p>\n<p>Rozmiar talii: 75 cm<br \/>\nGesamtl\u00e4nge: 33cmcm<\/p>","protected":false},"excerpt":{"rendered":"<table class=\"dv_characteristicsTable\">\n<tbody>\n<tr>\n<td class=\"left\">Rozmiar<\/td>\n<td>40\/42<\/td>\n<\/tr>\n<tr>\n<td class=\"left\">Gr\u00f6\u00dfentyp<\/td>\n<td>Normalgr\u00f6\u00dfen<\/td>\n<\/tr>\n<tr>\n<td class=\"left\">Sk\u0142ad materia\u0142u<\/td>\n<td>Obermaterial: 95% Viskose, 5% Elasthan<\/td>\n<\/tr>\n<tr>\n<td class=\"left\">Instrukcje dotycz\u0105ce piel\u0119gnacji<\/td>\n<td>Pranie w pralce<\/td>\n<\/tr>\n<tr>\n<td class=\"left\">Optik<\/td>\n<td>unifarben<\/td>\n<\/tr>\n<tr>\n<td class=\"left\">Stil<\/td>\n<td>sexy<\/td>\n<\/tr>\n<tr>\n<td class=\"left\">Kolor<\/td>\n<td>palisander<\/td>\n<\/tr>\n<tr>\n<td class=\"left\">Leibh\u00f6he<\/td>\n<td>normal<\/td>\n<\/tr>\n<tr>\n<td class=\"left\">Bundabschluss<\/td>\n<td>elastischer Bund<\/td>\n<\/tr>\n<tr>\n<td class=\"left\">Beinabschluss<\/td>\n<td>Spitze<\/td>\n<\/tr>\n<tr>\n<td class=\"left\">Beinform<\/td>\n<td>gerade<\/td>\n<\/tr>\n<tr>\n<td class=\"left\">Dopasowanie<\/td>\n<td>Basic<\/td>\n<\/tr>\n<tr>\n<td class=\"left\">Schnittform L\u00e4nge<\/td>\n<td>kurz<\/td>\n<\/tr>\n<tr>\n<td class=\"left\">Applikationen<\/td>\n<td>Spitzenkanten<\/td>\n<\/tr>\n<tr>\n<td class=\"left\">Besondere Merkmale<\/td>\n<td>mit feiner Spitzenkante<\/td>\n<\/tr>\n<\/tbody>\n<\/table>","protected":false},"featured_media":79346,"comment_status":"open","ping_status":"closed","template":"","meta":{"_seopress_robots_primary_cat":"","_seopress_titles_title":"","_seopress_titles_desc":"","_seopress_robots_index":""},"product_brand":[],"product_cat":[1348,1520,1521],"product_tag":[],"class_list":{"0":"post-79219","1":"product","2":"type-product","3":"status-publish","4":"has-post-thumbnail","6":"product_cat-damen-mode","7":"product_cat-nachtwaesche","8":"product_cat-einzelteile","9":"product_shipping_class-standard-versand","11":"first","12":"instock","13":"taxable","14":"shipping-taxable","15":"purchasable","16":"product-type-simple"},"_links":{"self":[{"href":"https:\/\/www.soanam.de\/pl\/wp-json\/wp\/v2\/product\/79219","targetHints":{"allow":["GET"]}}],"collection":[{"href":"https:\/\/www.soanam.de\/pl\/wp-json\/wp\/v2\/product"}],"about":[{"href":"https:\/\/www.soanam.de\/pl\/wp-json\/wp\/v2\/types\/product"}],"replies":[{"embeddable":true,"href":"https:\/\/www.soanam.de\/pl\/wp-json\/wp\/v2\/comments?post=79219"}],"wp:featuredmedia":[{"embeddable":true,"href":"https:\/\/www.soanam.de\/pl\/wp-json\/wp\/v2\/media\/79346"}],"wp:attachment":[{"href":"https:\/\/www.soanam.de\/pl\/wp-json\/wp\/v2\/media?parent=79219"}],"wp:term":[{"taxonomy":"product_brand","embeddable":true,"href":"https:\/\/www.soanam.de\/pl\/wp-json\/wp\/v2\/product_brand?post=79219"},{"taxonomy":"product_cat","embeddable":true,"href":"https:\/\/www.soanam.de\/pl\/wp-json\/wp\/v2\/product_cat?post=79219"},{"taxonomy":"product_tag","embeddable":true,"href":"https:\/\/www.soanam.de\/pl\/wp-json\/wp\/v2\/product_tag?post=79219"}],"curies":[{"name":"wp","href":"https:\/\/api.w.org\/{rel}","templated":true}]}}

Szorty piżamowe LASCANA z koronkowym brzegiem, w kolorze różanym, rozmiar 40/42

<p>Einzelne Pyjamashorts von Lascana<br />
Mit elastischem Bund und feiner Spitze an Hosensaum<br />
Metalowe logo w kratę<br />
Miękki, lejący materiał z mieszanki wiskozy</p>
<p>Die herrlich weich fließende Viskosemischung macht die Pyjamashorts von Lascana unglaublich trageangenehm.<br />
Der elastische Hosenbund trägt seinen Teil zum Tragevergnügen bei und die feine Spitze an Hosensaum gibt ein gewisses Extra preis.</p>
<p>Materiał: wiskoza 95%, elastan 5%<br />
Wskazówki dotyczące pielęgnacji: Prać w pralce</p>
<p>Kolor: palisander<br />
Wzór: bez<br />
Rozmiar: 40/42</p>
<p>Rozmiar talii: 75 cm<br />
Gesamtlänge: 33cmcm</p>

<table class="dv_characteristicsTable">
<tbody>
<tr>
<td class="left">Rozmiar</td>
<td>40/42</td>
</tr>
<tr>
<td class="left">Größentyp</td>
<td>Normalgrößen</td>
</tr>
<tr>
<td class="left">Skład materiału</td>
<td>Obermaterial: 95% Viskose, 5% Elasthan</td>
</tr>
<tr>
<td class="left">Instrukcje dotyczące pielęgnacji</td>
<td>Pranie w pralce</td>
</tr>
<tr>
<td class="left">Optik</td>
<td>unifarben</td>
</tr>
<tr>
<td class="left">Stil</td>
<td>sexy</td>
</tr>
<tr>
<td class="left">Kolor</td>
<td>palisander</td>
</tr>
<tr>
<td class="left">Leibhöhe</td>
<td>normal</td>
</tr>
<tr>
<td class="left">Bundabschluss</td>
<td>elastischer Bund</td>
</tr>
<tr>
<td class="left">Beinabschluss</td>
<td>Spitze</td>
</tr>
<tr>
<td class="left">Beinform</td>
<td>gerade</td>
</tr>
<tr>
<td class="left">Dopasowanie</td>
<td>Basic</td>
</tr>
<tr>
<td class="left">Schnittform Länge</td>
<td>kurz</td>
</tr>
<tr>
<td class="left">Applikationen</td>
<td>Spitzenkanten</td>
</tr>
<tr>
<td class="left">Besondere Merkmale</td>
<td>mit feiner Spitzenkante</td>
</tr>
</tbody>
</table>
