{"id":79106,"date":"2023-12-13T22:00:08","date_gmt":"2023-12-13T21:00:08","guid":{"rendered":"https:\/\/www.soanam.de\/?post_type=product&#038;p=79106"},"modified":"2023-12-13T22:34:37","modified_gmt":"2023-12-13T21:34:37","slug":"lascana-babydoll-top-w-kolorze-czarnym-rozmiar-36-38","status":"publish","type":"product","link":"https:\/\/www.soanam.de\/pl\/produkt\/lascana-babydolltop-in-schwarz-groesse-36-38\/","title":{"rendered":"Top babydoll LASCANA w kolorze czarnym, rozmiar 36\/38"},"content":{"rendered":"<p>Top do spania z g\u0142\u0119bokim dekoltem w kszta\u0142cie litery V<br \/>\nKoronka na racerback i jako uko\u015bna wstawka pod klatk\u0105 piersiow\u0105<br \/>\nRegulowane paski dla optymalnego dopasowania<br \/>\nMi\u0119kki, lej\u0105cy materia\u0142 z mieszanki wiskozy<\/p>\n<p>Absolutn\u0105 atrakcj\u0105 tego topu jest oczywi\u015bcie wysokiej jako\u015bci design z eleganck\u0105 koronk\u0105 na g\u0142\u0119bokim dekolcie, racerback i jako uko\u015bna wstawka pod biustem. Ale nie tylko wygl\u0105d zdobywa tutaj punkty. Bielizna nocna ma r\u00f3wnie\u017c eleganckie, w\u0105skie rami\u0105czka, kt\u00f3re mo\u017cna regulowa\u0107 w celu idealnego dopasowania. Pokochasz cudownie mi\u0119kki, lej\u0105cy si\u0119 materia\u0142 z elastycznej wiskozy, kt\u00f3ry delikatnie i wygodnie pie\u015bci Twoj\u0105 sylwetk\u0119<\/p>\n<p>Materia\u0142: wiskoza 95%, elastan 5%<br \/>\nWskaz\u00f3wki dotycz\u0105ce piel\u0119gnacji: Pra\u0107 w pralce<\/p>\n<p>Kolor: czarny<br \/>\nWz\u00f3r: Koronkowa wstawka<br \/>\nRozmiar: 36\/38<\/p>\n<p>Ca\u0142kowita d\u0142ugo\u015b\u0107: 66 cm<\/p>","protected":false},"excerpt":{"rendered":"<table class=\"dv_characteristicsTable\">\n<tbody>\n<tr>\n<td class=\"left\">Rozmiar<\/td>\n<td>36\/38<\/td>\n<\/tr>\n<tr>\n<td class=\"left\">Gr\u00f6\u00dfentyp<\/td>\n<td>Normalgr\u00f6\u00dfen<\/td>\n<\/tr>\n<tr>\n<td class=\"left\">Sk\u0142ad materia\u0142u<\/td>\n<td>Obermaterial: 95% Viskose, 5% Elasthan<\/td>\n<\/tr>\n<tr>\n<td class=\"left\">Instrukcje dotycz\u0105ce piel\u0119gnacji<\/td>\n<td>Pranie w pralce<\/td>\n<\/tr>\n<tr>\n<td class=\"left\">Optik<\/td>\n<td>unifarben<\/td>\n<\/tr>\n<tr>\n<td class=\"left\">Stil<\/td>\n<td>sexy<\/td>\n<\/tr>\n<tr>\n<td class=\"left\">Kolor<\/td>\n<td>schwarz<\/td>\n<\/tr>\n<tr>\n<td class=\"left\">Ausschnitt<\/td>\n<td>tiefer V-Ausschnitt<\/td>\n<\/tr>\n<tr>\n<td class=\"left\">\u00c4rmel<\/td>\n<td>ohne \u00c4rmel<\/td>\n<\/tr>\n<tr>\n<td class=\"left\">Tr\u00e4gerdetails<\/td>\n<td>verstellbar<\/td>\n<\/tr>\n<tr>\n<td class=\"left\">Dopasowanie<\/td>\n<td>Basic<\/td>\n<\/tr>\n<tr>\n<td class=\"left\">Schnittform L\u00e4nge<\/td>\n<td>normal<\/td>\n<\/tr>\n<tr>\n<td class=\"left\">Applikationen<\/td>\n<td>Spitze<\/td>\n<\/tr>\n<tr>\n<td class=\"left\">Besondere Merkmale<\/td>\n<td>mit feinen Tr\u00e4gern und transparenten Spitzeneins\u00e4tzen<\/td>\n<\/tr>\n<\/tbody>\n<\/table>","protected":false},"featured_media":79205,"comment_status":"open","ping_status":"closed","template":"","meta":{"_seopress_robots_primary_cat":"","_seopress_titles_title":"","_seopress_titles_desc":"","_seopress_robots_index":""},"product_brand":[],"product_cat":[1348,1520,1521],"product_tag":[],"class_list":{"0":"post-79106","1":"product","2":"type-product","3":"status-publish","4":"has-post-thumbnail","6":"product_cat-damen-mode","7":"product_cat-nachtwaesche","8":"product_cat-einzelteile","9":"product_shipping_class-standard-versand","11":"first","12":"instock","13":"sale","14":"taxable","15":"shipping-taxable","16":"purchasable","17":"product-type-simple"},"_links":{"self":[{"href":"https:\/\/www.soanam.de\/pl\/wp-json\/wp\/v2\/product\/79106","targetHints":{"allow":["GET"]}}],"collection":[{"href":"https:\/\/www.soanam.de\/pl\/wp-json\/wp\/v2\/product"}],"about":[{"href":"https:\/\/www.soanam.de\/pl\/wp-json\/wp\/v2\/types\/product"}],"replies":[{"embeddable":true,"href":"https:\/\/www.soanam.de\/pl\/wp-json\/wp\/v2\/comments?post=79106"}],"wp:featuredmedia":[{"embeddable":true,"href":"https:\/\/www.soanam.de\/pl\/wp-json\/wp\/v2\/media\/79205"}],"wp:attachment":[{"href":"https:\/\/www.soanam.de\/pl\/wp-json\/wp\/v2\/media?parent=79106"}],"wp:term":[{"taxonomy":"product_brand","embeddable":true,"href":"https:\/\/www.soanam.de\/pl\/wp-json\/wp\/v2\/product_brand?post=79106"},{"taxonomy":"product_cat","embeddable":true,"href":"https:\/\/www.soanam.de\/pl\/wp-json\/wp\/v2\/product_cat?post=79106"},{"taxonomy":"product_tag","embeddable":true,"href":"https:\/\/www.soanam.de\/pl\/wp-json\/wp\/v2\/product_tag?post=79106"}],"curies":[{"name":"wp","href":"https:\/\/api.w.org\/{rel}","templated":true}]}}

<p>Top do spania z głębokim dekoltem w kształcie litery V<br />
Koronka na racerback i jako ukośna wstawka pod klatką piersiową<br />
Regulowane paski dla optymalnego dopasowania<br />
Miękki, lejący materiał z mieszanki wiskozy</p>
<p>Absolutną atrakcją tego topu jest oczywiście wysokiej jakości design z elegancką koronką na głębokim dekolcie, racerback i jako ukośna wstawka pod biustem. Ale nie tylko wygląd zdobywa tutaj punkty. Bielizna nocna ma również eleganckie, wąskie ramiączka, które można regulować w celu idealnego dopasowania. Pokochasz cudownie miękki, lejący się materiał z elastycznej wiskozy, który delikatnie i wygodnie pieści Twoją sylwetkę</p>
<p>Materiał: wiskoza 95%, elastan 5%<br />
Wskazówki dotyczące pielęgnacji: Prać w pralce</p>
<p>Kolor: czarny<br />
Wzór: Koronkowa wstawka<br />
Rozmiar: 36/38</p>
<p>Całkowita długość: 66 cm</p>

<table class="dv_characteristicsTable">
<tbody>
<tr>
<td class="left">Rozmiar</td>
<td>36/38</td>
</tr>
<tr>
<td class="left">Größentyp</td>
<td>Normalgrößen</td>
</tr>
<tr>
<td class="left">Skład materiału</td>
<td>Obermaterial: 95% Viskose, 5% Elasthan</td>
</tr>
<tr>
<td class="left">Instrukcje dotyczące pielęgnacji</td>
<td>Pranie w pralce</td>
</tr>
<tr>
<td class="left">Optik</td>
<td>unifarben</td>
</tr>
<tr>
<td class="left">Stil</td>
<td>sexy</td>
</tr>
<tr>
<td class="left">Kolor</td>
<td>schwarz</td>
</tr>
<tr>
<td class="left">Ausschnitt</td>
<td>tiefer V-Ausschnitt</td>
</tr>
<tr>
<td class="left">Ärmel</td>
<td>ohne Ärmel</td>
</tr>
<tr>
<td class="left">Trägerdetails</td>
<td>verstellbar</td>
</tr>
<tr>
<td class="left">Dopasowanie</td>
<td>Basic</td>
</tr>
<tr>
<td class="left">Schnittform Länge</td>
<td>normal</td>
</tr>
<tr>
<td class="left">Applikationen</td>
<td>Spitze</td>
</tr>
<tr>
<td class="left">Besondere Merkmale</td>
<td>mit feinen Trägern und transparenten Spitzeneinsätzen</td>
</tr>
</tbody>
</table>
