{"id":78606,"date":"2023-12-13T21:22:53","date_gmt":"2023-12-13T20:22:53","guid":{"rendered":"https:\/\/www.soanam.de\/?post_type=product&#038;p=78606"},"modified":"2023-12-13T21:25:06","modified_gmt":"2023-12-13T20:25:06","slug":"anna-boehm-no-christmas-without-pudding-shoes-wydanie-w-twardej-oprawie-jezyk-niemiecki-2019","status":"publish","type":"product","link":"https:\/\/www.soanam.de\/pl\/produkt\/anna-boehm-kein-weihnachten-ohne-puddingschuhe-gebundene-ausgabe-deutsch-2019\/","title":{"rendered":"Anna B\u00f6hm \"Nie ma \u015bwi\u0105t bez but\u00f3w z puddingiem!\" Wydanie w twardej oprawie Niemcy 2019"},"content":{"rendered":"<h3>Opis produktu<\/h3>\n<p>Pierwsze Bo\u017ce Narodzenie Einschweina powinno by\u0107 szczeg\u00f3lnie wspania\u0142e! Ale gdy tylko Emmi i Einschwein wysy\u0142aj\u0105 swoj\u0105 list\u0119 \u017cycze\u0144, otrzymuj\u0105 j\u0105 z powrotem poprawion\u0105. Co si\u0119 dzieje z elfem Wuschelem? Znikn\u0105\u0142 bez \u015bladu, a pozosta\u0142e elfy s\u0105 tym bardzo zaniepokojone. Nawet Einschwein martwi si\u0119 o Wuschela i wyczarowuje budyniowe buty w najgorszym mo\u017cliwym momencie. Emmi dzielnie robi wszystko, co w jej mocy, aby zapewni\u0107 Einschweinowi wspania\u0142e pierwsze \u015bwi\u0119ta Bo\u017cego Narodzenia!<\/p>\n<p>Ksi\u0105\u017cka podzielona jest na 24 rozdzia\u0142y i mo\u017ce by\u0107 czytana jak kalendarz adwentowy.<\/p>\n<p><strong>Szczeg\u00f3\u0142y produktu<\/strong><br \/>\nWydawca : Oetinger Friedrich GmbH<br \/>\nSeria : Emmi i Einschwein, tom 4<br \/>\nIlustrator: Susanne G\u00f6hlich<br \/>\nRok publikacji: 2019<br \/>\nJ\u0119zyk : niemiecki<br \/>\nOprawa : Twarda oprawa<br \/>\nLiczba stron: 208 stron<br \/>\nISBN-10 : 3789113751<br \/>\nISBN-13 : 978-3789113758<br \/>\nIlustracje : z wewn\u0119trznymi ilustracjami w czerni i bieli<br \/>\nZalecany wiek: 8-10 lat<br \/>\nWydanie : 2<br \/>\nWaga produktu: 428 g<br \/>\nWymiary: 15,5 x 2,5 x 21,9 cm<\/p>","protected":false},"excerpt":{"rendered":"<h3>Artikelmerkmale<\/h3>\n<p>Artikelzustand: Neu - Neues, ungelesenes, ungebrauchtes Buch in makellosem Zustand<\/p>\n<table dir=\"ltr\" style=\"height: 497px;\" border=\"1\" width=\"454\" cellspacing=\"0\" cellpadding=\"0\">\n<colgroup>\n<col width=\"203\" \/>\n<col width=\"426\" \/><\/colgroup>\n<tbody>\n<tr>\n<td data-sheets-value=\"{&quot;1&quot;:2,&quot;2&quot;:&quot;Anzahl der Seiten:&quot;}\">Anzahl der Seiten:<\/td>\n<td data-sheets-value=\"{&quot;1&quot;:2,&quot;2&quot;:&quot;239 Seiten&quot;}\">239 Seiten<\/td>\n<\/tr>\n<tr>\n<td data-sheets-value=\"{&quot;1&quot;:2,&quot;2&quot;:&quot;Autor:&quot;}\">Autor:<\/td>\n<td data-sheets-value=\"{&quot;1&quot;:2,&quot;2&quot;:&quot;Anna B\u00f6hm&quot;}\">Anna B\u00f6hm<\/td>\n<\/tr>\n<tr>\n<td data-sheets-value=\"{&quot;1&quot;:2,&quot;2&quot;:&quot;Besonderheiten:&quot;}\">Funkcje specjalne:<\/td>\n<td data-sheets-value=\"{&quot;1&quot;:2,&quot;2&quot;:&quot;Illustriert&quot;}\">Illustriert<\/td>\n<\/tr>\n<tr>\n<td data-sheets-value=\"{&quot;1&quot;:2,&quot;2&quot;:&quot;Buchreihe:&quot;}\">Buchreihe:<\/td>\n<td data-sheets-value=\"{&quot;1&quot;:2,&quot;2&quot;:&quot;Emmi &amp; Einschwein&quot;}\">Emmi &amp; Einschwein<\/td>\n<\/tr>\n<tr>\n<td data-sheets-value=\"{&quot;1&quot;:2,&quot;2&quot;:&quot;Buchtitel:&quot;}\">Buchtitel:<\/td>\n<td data-sheets-value=\"{&quot;1&quot;:2,&quot;2&quot;:&quot;Emmi und Einschwein 4. Kein Weihnachten ohne Puddingschuhe!&quot;}\">Emmi und Einschwein 4. Kein Weihnachten ohne Puddingschuhe!<\/td>\n<\/tr>\n<tr>\n<td data-sheets-value=\"{&quot;1&quot;:2,&quot;2&quot;:&quot;Erscheinungsjahr:&quot;}\">Erscheinungsjahr:<\/td>\n<td data-sheets-value=\"{&quot;1&quot;:3,&quot;3&quot;:2019}\">2019<\/td>\n<\/tr>\n<tr>\n<td data-sheets-value=\"{&quot;1&quot;:2,&quot;2&quot;:&quot;Format:&quot;}\">Format:<\/td>\n<td data-sheets-value=\"{&quot;1&quot;:2,&quot;2&quot;:&quot;Gebundene Ausgabe&quot;}\">Gebundene Ausgabe<\/td>\n<\/tr>\n<tr>\n<td data-sheets-value=\"{&quot;1&quot;:2,&quot;2&quot;:&quot;Genre:&quot;}\">Genre:<\/td>\n<td data-sheets-value=\"{&quot;1&quot;:2,&quot;2&quot;:&quot;Kinder- &amp; Jugendliteratur&quot;}\">Kinder- &amp; Jugendliteratur<\/td>\n<\/tr>\n<tr>\n<td data-sheets-value=\"{&quot;1&quot;:2,&quot;2&quot;:&quot;Herstellungsland und -region:&quot;}\">Herstellungsland und -region:<\/td>\n<td data-sheets-value=\"{&quot;1&quot;:2,&quot;2&quot;:&quot;Deutschland&quot;}\">Niemcy<\/td>\n<\/tr>\n<tr>\n<td data-sheets-value=\"{&quot;1&quot;:2,&quot;2&quot;:&quot;Illustrator:&quot;}\">Illustrator:<\/td>\n<td data-sheets-value=\"{&quot;1&quot;:2,&quot;2&quot;:&quot;Susanne G\u00f6hlich&quot;}\">Susanne G\u00f6hlich<\/td>\n<\/tr>\n<tr>\n<td data-sheets-value=\"{&quot;1&quot;:2,&quot;2&quot;:&quot;ISBN:&quot;}\">ISBN:<\/td>\n<td data-sheets-value=\"{&quot;1&quot;:3,&quot;3&quot;:9783789113758}\">9783789113758<\/td>\n<\/tr>\n<tr>\n<td data-sheets-value=\"{&quot;1&quot;:2,&quot;2&quot;:&quot;Literarische Gattung:&quot;}\">Literarische Gattung:<\/td>\n<td data-sheets-value=\"{&quot;1&quot;:2,&quot;2&quot;:&quot;Belletristik&quot;}\">Belletristik<\/td>\n<\/tr>\n<tr>\n<td data-sheets-value=\"{&quot;1&quot;:2,&quot;2&quot;:&quot;Produktart:&quot;}\">Produktart:<\/td>\n<td data-sheets-value=\"{&quot;1&quot;:2,&quot;2&quot;:&quot;Kinderbuch&quot;}\">Kinderbuch<\/td>\n<\/tr>\n<tr>\n<td data-sheets-value=\"{&quot;1&quot;:2,&quot;2&quot;:&quot;Sprache:&quot;}\">Sprache:<\/td>\n<td data-sheets-value=\"{&quot;1&quot;:2,&quot;2&quot;:&quot;Deutsch&quot;}\">Niemiecki<\/td>\n<\/tr>\n<tr>\n<td data-sheets-value=\"{&quot;1&quot;:2,&quot;2&quot;:&quot;Thematik:&quot;}\">Thematik:<\/td>\n<td data-sheets-value=\"{&quot;1&quot;:2,&quot;2&quot;:&quot;Weihnachten&quot;}\">Weihnachten<\/td>\n<\/tr>\n<tr>\n<td data-sheets-value=\"{&quot;1&quot;:2,&quot;2&quot;:&quot;Verlag:&quot;}\">Verlag:<\/td>\n<td data-sheets-value=\"{&quot;1&quot;:2,&quot;2&quot;:&quot;Verlag Friedrich Oetinger Gmbh, Oetinger Friedrich Gmbh&quot;}\">Verlag Friedrich Oetinger Gmbh, Oetinger Friedrich Gmbh<\/td>\n<\/tr>\n<tr>\n<td data-sheets-value=\"{&quot;1&quot;:2,&quot;2&quot;:&quot;Zielgruppe:&quot;}\">Zielgruppe:<\/td>\n<td data-sheets-value=\"{&quot;1&quot;:2,&quot;2&quot;:&quot;9-12 Jahre&quot;}\">\u00a08-10 Jahre<\/td>\n<\/tr>\n<\/tbody>\n<\/table>","protected":false},"featured_media":78720,"comment_status":"open","ping_status":"closed","template":"","meta":{"_seopress_robots_primary_cat":"","_seopress_titles_title":"","_seopress_titles_desc":"","_seopress_robots_index":""},"product_brand":[],"product_cat":[1428,1431,1441],"product_tag":[],"class_list":{"0":"post-78606","1":"product","2":"type-product","3":"status-publish","4":"has-post-thumbnail","6":"product_cat-buecher","7":"product_cat-kinder","8":"product_cat-geschichten","9":"product_shipping_class-standard-versand","11":"first","12":"instock","13":"taxable","14":"shipping-taxable","15":"purchasable","16":"product-type-simple"},"_links":{"self":[{"href":"https:\/\/www.soanam.de\/pl\/wp-json\/wp\/v2\/product\/78606","targetHints":{"allow":["GET"]}}],"collection":[{"href":"https:\/\/www.soanam.de\/pl\/wp-json\/wp\/v2\/product"}],"about":[{"href":"https:\/\/www.soanam.de\/pl\/wp-json\/wp\/v2\/types\/product"}],"replies":[{"embeddable":true,"href":"https:\/\/www.soanam.de\/pl\/wp-json\/wp\/v2\/comments?post=78606"}],"wp:featuredmedia":[{"embeddable":true,"href":"https:\/\/www.soanam.de\/pl\/wp-json\/wp\/v2\/media\/78720"}],"wp:attachment":[{"href":"https:\/\/www.soanam.de\/pl\/wp-json\/wp\/v2\/media?parent=78606"}],"wp:term":[{"taxonomy":"product_brand","embeddable":true,"href":"https:\/\/www.soanam.de\/pl\/wp-json\/wp\/v2\/product_brand?post=78606"},{"taxonomy":"product_cat","embeddable":true,"href":"https:\/\/www.soanam.de\/pl\/wp-json\/wp\/v2\/product_cat?post=78606"},{"taxonomy":"product_tag","embeddable":true,"href":"https:\/\/www.soanam.de\/pl\/wp-json\/wp\/v2\/product_tag?post=78606"}],"curies":[{"name":"wp","href":"https:\/\/api.w.org\/{rel}","templated":true}]}}

Anna Böhm "Nie ma świąt bez butów z puddingiem!" Wydanie w twardej oprawie Niemcy 2019

<h3>Opis produktu</h3>
<p>Pierwsze Boże Narodzenie Einschweina powinno być szczególnie wspaniałe! Ale gdy tylko Emmi i Einschwein wysyłają swoją listę życzeń, otrzymują ją z powrotem poprawioną. Co się dzieje z elfem Wuschelem? Zniknął bez śladu, a pozostałe elfy są tym bardzo zaniepokojone. Nawet Einschwein martwi się o Wuschela i wyczarowuje budyniowe buty w najgorszym możliwym momencie. Emmi dzielnie robi wszystko, co w jej mocy, aby zapewnić Einschweinowi wspaniałe pierwsze święta Bożego Narodzenia!</p>
<p>Książka podzielona jest na 24 rozdziały i może być czytana jak kalendarz adwentowy.</p>
<p><strong>Szczegóły produktu</strong><br />
Wydawca : Oetinger Friedrich GmbH<br />
Seria : Emmi i Einschwein, tom 4<br />
Ilustrator: Susanne Göhlich<br />
Rok publikacji: 2019<br />
Język : niemiecki<br />
Oprawa : Twarda oprawa<br />
Liczba stron: 208 stron<br />
ISBN-10 : 3789113751<br />
ISBN-13 : 978-3789113758<br />
Ilustracje : z wewnętrznymi ilustracjami w czerni i bieli<br />
Zalecany wiek: 8-10 lat<br />
Wydanie : 2<br />
Waga produktu: 428 g<br />
Wymiary: 15,5 x 2,5 x 21,9 cm</p>

<h3>Artikelmerkmale</h3>
<p>Artikelzustand: Neu - Neues, ungelesenes, ungebrauchtes Buch in makellosem Zustand</p>
<table dir="ltr" style="height: 497px;" border="1" width="454" cellspacing="0" cellpadding="0">
<colgroup>
<col width="203" />
<col width="426" /></colgroup>
<tbody>
<tr>
<td data-sheets-value="{&quot;1&quot;:2,&quot;2&quot;:&quot;Anzahl der Seiten:&quot;}">Anzahl der Seiten:</td>
<td data-sheets-value="{&quot;1&quot;:2,&quot;2&quot;:&quot;239 Seiten&quot;}">239 Seiten</td>
</tr>
<tr>
<td data-sheets-value="{&quot;1&quot;:2,&quot;2&quot;:&quot;Autor:&quot;}">Autor:</td>
<td data-sheets-value="{&quot;1&quot;:2,&quot;2&quot;:&quot;Anna Böhm&quot;}">Anna Böhm</td>
</tr>
<tr>
<td data-sheets-value="{&quot;1&quot;:2,&quot;2&quot;:&quot;Besonderheiten:&quot;}">Funkcje specjalne:</td>
<td data-sheets-value="{&quot;1&quot;:2,&quot;2&quot;:&quot;Illustriert&quot;}">Illustriert</td>
</tr>
<tr>
<td data-sheets-value="{&quot;1&quot;:2,&quot;2&quot;:&quot;Buchreihe:&quot;}">Buchreihe:</td>
<td data-sheets-value="{&quot;1&quot;:2,&quot;2&quot;:&quot;Emmi &amp; Einschwein&quot;}">Emmi &amp; Einschwein</td>
</tr>
<tr>
<td data-sheets-value="{&quot;1&quot;:2,&quot;2&quot;:&quot;Buchtitel:&quot;}">Buchtitel:</td>
<td data-sheets-value="{&quot;1&quot;:2,&quot;2&quot;:&quot;Emmi und Einschwein 4. Kein Weihnachten ohne Puddingschuhe!&quot;}">Emmi und Einschwein 4. Kein Weihnachten ohne Puddingschuhe!</td>
</tr>
<tr>
<td data-sheets-value="{&quot;1&quot;:2,&quot;2&quot;:&quot;Erscheinungsjahr:&quot;}">Erscheinungsjahr:</td>
<td data-sheets-value="{&quot;1&quot;:3,&quot;3&quot;:2019}">2019</td>
</tr>
<tr>
<td data-sheets-value="{&quot;1&quot;:2,&quot;2&quot;:&quot;Format:&quot;}">Format:</td>
<td data-sheets-value="{&quot;1&quot;:2,&quot;2&quot;:&quot;Gebundene Ausgabe&quot;}">Gebundene Ausgabe</td>
</tr>
<tr>
<td data-sheets-value="{&quot;1&quot;:2,&quot;2&quot;:&quot;Genre:&quot;}">Genre:</td>
<td data-sheets-value="{&quot;1&quot;:2,&quot;2&quot;:&quot;Kinder- &amp; Jugendliteratur&quot;}">Kinder- &amp; Jugendliteratur</td>
</tr>
<tr>
<td data-sheets-value="{&quot;1&quot;:2,&quot;2&quot;:&quot;Herstellungsland und -region:&quot;}">Herstellungsland und -region:</td>
<td data-sheets-value="{&quot;1&quot;:2,&quot;2&quot;:&quot;Deutschland&quot;}">Niemcy</td>
</tr>
<tr>
<td data-sheets-value="{&quot;1&quot;:2,&quot;2&quot;:&quot;Illustrator:&quot;}">Illustrator:</td>
<td data-sheets-value="{&quot;1&quot;:2,&quot;2&quot;:&quot;Susanne Göhlich&quot;}">Susanne Göhlich</td>
</tr>
<tr>
<td data-sheets-value="{&quot;1&quot;:2,&quot;2&quot;:&quot;ISBN:&quot;}">ISBN:</td>
<td data-sheets-value="{&quot;1&quot;:3,&quot;3&quot;:9783789113758}">9783789113758</td>
</tr>
<tr>
<td data-sheets-value="{&quot;1&quot;:2,&quot;2&quot;:&quot;Literarische Gattung:&quot;}">Literarische Gattung:</td>
<td data-sheets-value="{&quot;1&quot;:2,&quot;2&quot;:&quot;Belletristik&quot;}">Belletristik</td>
</tr>
<tr>
<td data-sheets-value="{&quot;1&quot;:2,&quot;2&quot;:&quot;Produktart:&quot;}">Produktart:</td>
<td data-sheets-value="{&quot;1&quot;:2,&quot;2&quot;:&quot;Kinderbuch&quot;}">Kinderbuch</td>
</tr>
<tr>
<td data-sheets-value="{&quot;1&quot;:2,&quot;2&quot;:&quot;Sprache:&quot;}">Sprache:</td>
<td data-sheets-value="{&quot;1&quot;:2,&quot;2&quot;:&quot;Deutsch&quot;}">Niemiecki</td>
</tr>
<tr>
<td data-sheets-value="{&quot;1&quot;:2,&quot;2&quot;:&quot;Thematik:&quot;}">Thematik:</td>
<td data-sheets-value="{&quot;1&quot;:2,&quot;2&quot;:&quot;Weihnachten&quot;}">Weihnachten</td>
</tr>
<tr>
<td data-sheets-value="{&quot;1&quot;:2,&quot;2&quot;:&quot;Verlag:&quot;}">Verlag:</td>
<td data-sheets-value="{&quot;1&quot;:2,&quot;2&quot;:&quot;Verlag Friedrich Oetinger Gmbh, Oetinger Friedrich Gmbh&quot;}">Verlag Friedrich Oetinger Gmbh, Oetinger Friedrich Gmbh</td>
</tr>
<tr>
<td data-sheets-value="{&quot;1&quot;:2,&quot;2&quot;:&quot;Zielgruppe:&quot;}">Zielgruppe:</td>
<td data-sheets-value="{&quot;1&quot;:2,&quot;2&quot;:&quot;9-12 Jahre&quot;}"> 8-10 Jahre</td>
</tr>
</tbody>
</table>
