{"id":78509,"date":"2023-12-13T21:21:01","date_gmt":"2023-12-13T20:21:01","guid":{"rendered":"https:\/\/www.soanam.de\/?post_type=product&#038;p=78509"},"modified":"2023-12-13T21:22:57","modified_gmt":"2023-12-13T20:22:57","slug":"vivance-tank-top-w-zestawie-2-sztuk-w-kolorze-czarnym-i-bialym-rozmiar-36-38","status":"publish","type":"product","link":"https:\/\/www.soanam.de\/pl\/produkt\/vivance-tanktop-im-2er-pack-in-schwarz-und-weiss-groesse-36-38\/","title":{"rendered":"Podkoszulek Vivance w 2-paku, w kolorze czarnym i bia\u0142ym, rozmiar 36\/38"},"content":{"rendered":"<p>Tank topy w 2-paku od Vivance<br \/>\nPodstawowe topy z okr\u0105g\u0142ym dekoltem<br \/>\nWykonane z elastycznej tkaniny bawe\u0142nianej<\/p>\n<p>Podstawowy podkoszulek Vivance w 2-paku z klasycznym okr\u0105g\u0142ym dekoltem, rami\u0105czkami i dopasowanym krojem.<br \/>\nElastyczna bawe\u0142na sprawia, \u017ce te klasyczne buty s\u0105 mi\u0119kkie i wygodne w noszeniu.<\/p>\n<p>Materia\u0142: bawe\u0142na 95%, elastan 5%<br \/>\nWskaz\u00f3wki dotycz\u0105ce piel\u0119gnacji: Pra\u0107 w pralce<\/p>\n<p>Kolor: czarny, bia\u0142y<br \/>\nWz\u00f3r: bez<br \/>\nRozmiar: 36\/38<\/p>\n<p>Szeroko\u015b\u0107 ramion: nie dotyczy<br \/>\nSzeroko\u015b\u0107 klatki piersiowej: 82 cm<br \/>\nD\u0142ugo\u015b\u0107 r\u0119kawa: nie dotyczy<br \/>\nCa\u0142kowita d\u0142ugo\u015b\u0107: 62 cm<\/p>","protected":false},"excerpt":{"rendered":"<table class=\"dv_characteristicsTable\">\n<tbody>\n<tr>\n<td class=\"left\">Rozmiar<\/td>\n<td>36\/38<\/td>\n<\/tr>\n<tr>\n<td class=\"left\">Gr\u00f6\u00dfentyp<\/td>\n<td>Normalgr\u00f6\u00dfen<\/td>\n<\/tr>\n<tr>\n<td class=\"left\">Sk\u0142ad materia\u0142u<\/td>\n<td>Obermaterial: 95% Baumwolle\u00a0, 5% Elasthan<\/td>\n<\/tr>\n<tr>\n<td class=\"left\">Materialart<\/td>\n<td>Pojedyncza koszulka<\/td>\n<\/tr>\n<tr>\n<td class=\"left\">Instrukcje dotycz\u0105ce piel\u0119gnacji<\/td>\n<td>Pranie w pralce<\/td>\n<\/tr>\n<tr>\n<td class=\"left\">Kolor<\/td>\n<td>schwarz<\/td>\n<\/tr>\n<tr>\n<td class=\"left\">Farbe Packst\u00fcck 2<\/td>\n<td>wei\u00df<\/td>\n<\/tr>\n<tr>\n<td class=\"left\">Ausschnitt<\/td>\n<td>Rundhals<\/td>\n<\/tr>\n<tr>\n<td class=\"left\">Rumpfabschluss<\/td>\n<td>abgerundeter Saum<\/td>\n<\/tr>\n<tr>\n<td class=\"left\">Besondere Merkmale<\/td>\n<td>aus elastischer Baumwoll-Qualit\u00e4t<\/td>\n<\/tr>\n<\/tbody>\n<\/table>","protected":false},"featured_media":78609,"comment_status":"open","ping_status":"closed","template":"","meta":{"_seopress_robots_primary_cat":"","_seopress_titles_title":"","_seopress_titles_desc":"","_seopress_robots_index":""},"product_brand":[],"product_cat":[1348,1458,1459],"product_tag":[],"class_list":{"0":"post-78509","1":"product","2":"type-product","3":"status-publish","4":"has-post-thumbnail","6":"product_cat-damen-mode","7":"product_cat-shirts-damen-mode","8":"product_cat-tops-shirts-damen-mode","9":"product_shipping_class-standard-versand","11":"first","12":"instock","13":"sale","14":"taxable","15":"shipping-taxable","16":"purchasable","17":"product-type-simple"},"_links":{"self":[{"href":"https:\/\/www.soanam.de\/pl\/wp-json\/wp\/v2\/product\/78509","targetHints":{"allow":["GET"]}}],"collection":[{"href":"https:\/\/www.soanam.de\/pl\/wp-json\/wp\/v2\/product"}],"about":[{"href":"https:\/\/www.soanam.de\/pl\/wp-json\/wp\/v2\/types\/product"}],"replies":[{"embeddable":true,"href":"https:\/\/www.soanam.de\/pl\/wp-json\/wp\/v2\/comments?post=78509"}],"wp:featuredmedia":[{"embeddable":true,"href":"https:\/\/www.soanam.de\/pl\/wp-json\/wp\/v2\/media\/78609"}],"wp:attachment":[{"href":"https:\/\/www.soanam.de\/pl\/wp-json\/wp\/v2\/media?parent=78509"}],"wp:term":[{"taxonomy":"product_brand","embeddable":true,"href":"https:\/\/www.soanam.de\/pl\/wp-json\/wp\/v2\/product_brand?post=78509"},{"taxonomy":"product_cat","embeddable":true,"href":"https:\/\/www.soanam.de\/pl\/wp-json\/wp\/v2\/product_cat?post=78509"},{"taxonomy":"product_tag","embeddable":true,"href":"https:\/\/www.soanam.de\/pl\/wp-json\/wp\/v2\/product_tag?post=78509"}],"curies":[{"name":"wp","href":"https:\/\/api.w.org\/{rel}","templated":true}]}}

Podkoszulek Vivance w 2-paku, w kolorze czarnym i białym, rozmiar 36/38

<p>Tank topy w 2-paku od Vivance<br />
Podstawowe topy z okrągłym dekoltem<br />
Wykonane z elastycznej tkaniny bawełnianej</p>
<p>Podstawowy podkoszulek Vivance w 2-paku z klasycznym okrągłym dekoltem, ramiączkami i dopasowanym krojem.<br />
Elastyczna bawełna sprawia, że te klasyczne buty są miękkie i wygodne w noszeniu.</p>
<p>Materiał: bawełna 95%, elastan 5%<br />
Wskazówki dotyczące pielęgnacji: Prać w pralce</p>
<p>Kolor: czarny, biały<br />
Wzór: bez<br />
Rozmiar: 36/38</p>
<p>Szerokość ramion: nie dotyczy<br />
Szerokość klatki piersiowej: 82 cm<br />
Długość rękawa: nie dotyczy<br />
Całkowita długość: 62 cm</p>

<table class="dv_characteristicsTable">
<tbody>
<tr>
<td class="left">Rozmiar</td>
<td>36/38</td>
</tr>
<tr>
<td class="left">Größentyp</td>
<td>Normalgrößen</td>
</tr>
<tr>
<td class="left">Skład materiału</td>
<td>Obermaterial: 95% Baumwolle , 5% Elasthan</td>
</tr>
<tr>
<td class="left">Materialart</td>
<td>Pojedyncza koszulka</td>
</tr>
<tr>
<td class="left">Instrukcje dotyczące pielęgnacji</td>
<td>Pranie w pralce</td>
</tr>
<tr>
<td class="left">Kolor</td>
<td>schwarz</td>
</tr>
<tr>
<td class="left">Farbe Packstück 2</td>
<td>weiß</td>
</tr>
<tr>
<td class="left">Ausschnitt</td>
<td>Rundhals</td>
</tr>
<tr>
<td class="left">Rumpfabschluss</td>
<td>abgerundeter Saum</td>
</tr>
<tr>
<td class="left">Besondere Merkmale</td>
<td>aus elastischer Baumwoll-Qualität</td>
</tr>
</tbody>
</table>
