{"id":78468,"date":"2023-12-13T21:20:11","date_gmt":"2023-12-13T20:20:11","guid":{"rendered":"https:\/\/www.soanam.de\/?post_type=product&#038;p=78468"},"modified":"2023-12-13T21:22:05","modified_gmt":"2023-12-13T20:22:05","slug":"vero-moda-spaghetti-top-vmmaxi-w-kolorze-czarnym-rozmiar-s","status":"publish","type":"product","link":"https:\/\/www.soanam.de\/pl\/produkt\/vero-moda-spaghettitop-vmmaxi-in-schwarz-groesse-s\/","title":{"rendered":"Vero Moda top do spaghetti VMMAXI, czarny, rozmiar S"},"content":{"rendered":"<p>Podstawowy top na rami\u0105czkach typu spaghetti marki VERO MODA<br \/>\nPrzylegaj\u0105cy do cia\u0142a kszta\u0142t z g\u0142\u0119bokim dekoltem<br \/>\nWykonane z mi\u0119kkiej, elastycznej bawe\u0142ny<\/p>\n<p>Klasyczny top podkre\u015bla dekolt w pi\u0119kn\u0105 liter\u0119 V, a w\u0105skie rami\u0105czka spaghetti stylowo dope\u0142niaj\u0105 figur\u0119.<br \/>\nMi\u0119kka, elastyczna tkanina bawe\u0142niana jest bardzo przyjemna dla sk\u00f3ry i niezwykle wygodna w noszeniu.<\/p>\n<p>Materia\u0142: bawe\u0142na 95%, elastan 5%<br \/>\nWskaz\u00f3wki dotycz\u0105ce piel\u0119gnacji: Pra\u0107 w pralce<\/p>\n<p>Kolor: czarny<br \/>\nWz\u00f3r: bez<br \/>\nRozmiar: S<\/p>\n<p>Szeroko\u015b\u0107 ramion: nie dotyczy<br \/>\nSzeroko\u015b\u0107 klatki piersiowej: 69 cm<br \/>\nD\u0142ugo\u015b\u0107 r\u0119kawa: nie dotyczy<br \/>\nCa\u0142kowita d\u0142ugo\u015b\u0107: 61 cm<\/p>","protected":false},"excerpt":{"rendered":"<table class=\"dv_characteristicsTable\">\n<tbody>\n<tr>\n<td class=\"left\">Rozmiar<\/td>\n<td>S<\/td>\n<\/tr>\n<tr>\n<td class=\"left\">Gr\u00f6\u00dfentyp<\/td>\n<td>Normalgr\u00f6\u00dfen<\/td>\n<\/tr>\n<tr>\n<td class=\"left\">Sk\u0142ad materia\u0142u<\/td>\n<td>Obermaterial: 95% Baumwolle\u00a0, 5% Elasthan<\/td>\n<\/tr>\n<tr>\n<td class=\"left\">Materialart<\/td>\n<td>Pojedyncza koszulka<\/td>\n<\/tr>\n<tr>\n<td class=\"left\">Materialeigenschaften<\/td>\n<td>elastisch<\/td>\n<\/tr>\n<tr>\n<td class=\"left\">Instrukcje dotycz\u0105ce piel\u0119gnacji<\/td>\n<td>Pranie w pralce<\/td>\n<\/tr>\n<tr>\n<td class=\"left\">Optik<\/td>\n<td>unifarben<\/td>\n<\/tr>\n<tr>\n<td class=\"left\">Stil<\/td>\n<td>feminin<\/td>\n<\/tr>\n<tr>\n<td class=\"left\">Herstellerfarbbezeichnung<\/td>\n<td>black<\/td>\n<\/tr>\n<tr>\n<td class=\"left\">Kolor<\/td>\n<td>schwarz<\/td>\n<\/tr>\n<tr>\n<td class=\"left\">Ausschnitt<\/td>\n<td>tiefer V-Ausschnitt<\/td>\n<\/tr>\n<tr>\n<td class=\"left\">Przewo\u017anik<\/td>\n<td>Spaghettitr\u00e4ger<\/td>\n<\/tr>\n<tr>\n<td class=\"left\">Dopasowanie<\/td>\n<td>figurbetont<\/td>\n<\/tr>\n<tr>\n<td class=\"left\">Besondere Merkmale<\/td>\n<td>mit Stretch<\/td>\n<\/tr>\n<\/tbody>\n<\/table>","protected":false},"featured_media":78568,"comment_status":"open","ping_status":"closed","template":"","meta":{"_seopress_robots_primary_cat":"","_seopress_titles_title":"","_seopress_titles_desc":"","_seopress_robots_index":""},"product_brand":[],"product_cat":[1348,1458,1459],"product_tag":[],"class_list":{"0":"post-78468","1":"product","2":"type-product","3":"status-publish","4":"has-post-thumbnail","6":"product_cat-damen-mode","7":"product_cat-shirts-damen-mode","8":"product_cat-tops-shirts-damen-mode","9":"product_shipping_class-standard-versand","11":"first","12":"instock","13":"sale","14":"taxable","15":"shipping-taxable","16":"purchasable","17":"product-type-simple"},"_links":{"self":[{"href":"https:\/\/www.soanam.de\/pl\/wp-json\/wp\/v2\/product\/78468","targetHints":{"allow":["GET"]}}],"collection":[{"href":"https:\/\/www.soanam.de\/pl\/wp-json\/wp\/v2\/product"}],"about":[{"href":"https:\/\/www.soanam.de\/pl\/wp-json\/wp\/v2\/types\/product"}],"replies":[{"embeddable":true,"href":"https:\/\/www.soanam.de\/pl\/wp-json\/wp\/v2\/comments?post=78468"}],"wp:featuredmedia":[{"embeddable":true,"href":"https:\/\/www.soanam.de\/pl\/wp-json\/wp\/v2\/media\/78568"}],"wp:attachment":[{"href":"https:\/\/www.soanam.de\/pl\/wp-json\/wp\/v2\/media?parent=78468"}],"wp:term":[{"taxonomy":"product_brand","embeddable":true,"href":"https:\/\/www.soanam.de\/pl\/wp-json\/wp\/v2\/product_brand?post=78468"},{"taxonomy":"product_cat","embeddable":true,"href":"https:\/\/www.soanam.de\/pl\/wp-json\/wp\/v2\/product_cat?post=78468"},{"taxonomy":"product_tag","embeddable":true,"href":"https:\/\/www.soanam.de\/pl\/wp-json\/wp\/v2\/product_tag?post=78468"}],"curies":[{"name":"wp","href":"https:\/\/api.w.org\/{rel}","templated":true}]}}

<p>Podstawowy top na ramiączkach typu spaghetti marki VERO MODA<br />
Przylegający do ciała kształt z głębokim dekoltem<br />
Wykonane z miękkiej, elastycznej bawełny</p>
<p>Klasyczny top podkreśla dekolt w piękną literę V, a wąskie ramiączka spaghetti stylowo dopełniają figurę.<br />
Miękka, elastyczna tkanina bawełniana jest bardzo przyjemna dla skóry i niezwykle wygodna w noszeniu.</p>
<p>Materiał: bawełna 95%, elastan 5%<br />
Wskazówki dotyczące pielęgnacji: Prać w pralce</p>
<p>Kolor: czarny<br />
Wzór: bez<br />
Rozmiar: S</p>
<p>Szerokość ramion: nie dotyczy<br />
Szerokość klatki piersiowej: 69 cm<br />
Długość rękawa: nie dotyczy<br />
Całkowita długość: 61 cm</p>

<table class="dv_characteristicsTable">
<tbody>
<tr>
<td class="left">Rozmiar</td>
<td>S</td>
</tr>
<tr>
<td class="left">Größentyp</td>
<td>Normalgrößen</td>
</tr>
<tr>
<td class="left">Skład materiału</td>
<td>Obermaterial: 95% Baumwolle , 5% Elasthan</td>
</tr>
<tr>
<td class="left">Materialart</td>
<td>Pojedyncza koszulka</td>
</tr>
<tr>
<td class="left">Materialeigenschaften</td>
<td>elastisch</td>
</tr>
<tr>
<td class="left">Instrukcje dotyczące pielęgnacji</td>
<td>Pranie w pralce</td>
</tr>
<tr>
<td class="left">Optik</td>
<td>unifarben</td>
</tr>
<tr>
<td class="left">Stil</td>
<td>feminin</td>
</tr>
<tr>
<td class="left">Herstellerfarbbezeichnung</td>
<td>black</td>
</tr>
<tr>
<td class="left">Kolor</td>
<td>schwarz</td>
</tr>
<tr>
<td class="left">Ausschnitt</td>
<td>tiefer V-Ausschnitt</td>
</tr>
<tr>
<td class="left">Przewoźnik</td>
<td>Spaghettiträger</td>
</tr>
<tr>
<td class="left">Dopasowanie</td>
<td>figurbetont</td>
</tr>
<tr>
<td class="left">Besondere Merkmale</td>
<td>mit Stretch</td>
</tr>
</tbody>
</table>
