{"id":77908,"date":"2023-12-13T21:02:58","date_gmt":"2023-12-13T20:02:58","guid":{"rendered":"https:\/\/www.soanam.de\/?post_type=product&#038;p=77908"},"modified":"2023-12-13T21:05:26","modified_gmt":"2023-12-13T20:05:26","slug":"meska-kamizelka-polarowa-z-czystej-organicznej-welny-merynosow-antracyt-rozmiar-48","status":"publish","type":"product","link":"https:\/\/www.soanam.de\/pl\/produkt\/herren-wollfleece-weste-aus-reiner-bio-merinowolle-antrazit-gr-48\/","title":{"rendered":"M\u0119ska kamizelka polarowa z czystej organicznej we\u0142ny merynos\u00f3w, antracyt, rozmiar 48"},"content":{"rendered":"<h3>Opis<\/h3>\n<p><strong>szczeg\u00f3\u0142y<\/strong><br \/>\nFunkcjonalny polar wykonany z czystych w\u0142\u00f3kien naturalnych<br \/>\nOrganiczna we\u0142na merynosowa z funkcj\u0105 kontroli klimatu<br \/>\nUtrzymuj\u0105ca ciep\u0142o, oddychaj\u0105ca i zaskakuj\u0105co lekka<br \/>\nFunkcjonalne detale zewn\u0119trzne<br \/>\nZamek b\u0142yskawiczny z os\u0142on\u0105 podbr\u00f3dka i wewn\u0119trzn\u0105 os\u0142on\u0105 przeciwwiatrow\u0105<br \/>\nNieco d\u0142u\u017csze z ty\u0142u<\/p>\n<p><strong>Dopasowanie<\/strong><br \/>\nOko\u0142o 71 cm d\u0142ugo\u015bci w rozmiarze 48<\/p>\n<p><strong>Materia\u0142<\/strong><br \/>\n100% We\u0142na dziewicza<br \/>\nz ekologicznej hodowli zwierz\u0105t<\/p>\n<p><strong>Opieka<\/strong><br \/>\nZalecane pranie r\u0119czne na zimno<\/p>","protected":false},"excerpt":{"rendered":"<h3>Artikelmerkmale<\/h3>\n<p>Artikelzustand: Neu: Neuer, unbenutzter und unbesch\u00e4digter Artikel in nicht ge\u00f6ffneter Originalverpackung<\/p>\n<table border=\"0\" frame=\"VOID\" rules=\"NONE\" cellspacing=\"0\">\n<colgroup>\n<col width=\"118\" \/>\n<col width=\"181\" \/><\/colgroup>\n<tbody>\n<tr>\n<td align=\"LEFT\" width=\"118\" height=\"17\">Abteilung:<\/td>\n<td align=\"LEFT\" width=\"181\">Herren<\/td>\n<\/tr>\n<tr>\n<td align=\"LEFT\" height=\"17\">Aktivit\u00e4t:<\/td>\n<td align=\"LEFT\">Spazieren<\/td>\n<\/tr>\n<tr>\n<td align=\"LEFT\" height=\"17\">Anlass:<\/td>\n<td align=\"LEFT\">Freizeit<\/td>\n<\/tr>\n<tr>\n<td align=\"LEFT\" height=\"17\">Au\u00dfenmaterial:<\/td>\n<td align=\"LEFT\">Schurwolle<\/td>\n<\/tr>\n<tr>\n<td align=\"LEFT\" height=\"17\">Funkcje specjalne:<\/td>\n<td align=\"LEFT\">z ekologicznej hodowli zwierz\u0105t<\/td>\n<\/tr>\n<tr>\n<td align=\"LEFT\" height=\"17\">Charakter:<\/td>\n<td align=\"LEFT\">ohne<\/td>\n<\/tr>\n<tr>\n<td align=\"LEFT\" height=\"17\">EAN:<\/td>\n<td align=\"LEFT\">nichtzutreffend<\/td>\n<\/tr>\n<tr>\n<td align=\"LEFT\" height=\"17\">Kolor:<\/td>\n<td align=\"LEFT\">Szary<\/td>\n<\/tr>\n<tr>\n<td align=\"LEFT\" height=\"17\">Futtermaterial:<\/td>\n<td align=\"LEFT\">nicht zutreffend<\/td>\n<\/tr>\n<tr>\n<td align=\"LEFT\" height=\"17\">Gewebeart:<\/td>\n<td align=\"LEFT\">Polar<\/td>\n<\/tr>\n<tr>\n<td align=\"LEFT\" height=\"17\">Gr\u00f6\u00dfe:<\/td>\n<td align=\"LEFT\">48<\/td>\n<\/tr>\n<tr>\n<td align=\"LEFT\" height=\"17\">Gr\u00f6\u00dfenkategorie:<\/td>\n<td align=\"LEFT\">Normalgr\u00f6\u00dfe<\/td>\n<\/tr>\n<tr>\n<td align=\"LEFT\" height=\"17\">Isoliermaterial:<\/td>\n<td align=\"LEFT\">nicht zutreffend<\/td>\n<\/tr>\n<tr>\n<td align=\"LEFT\" height=\"17\">Jahreszeit:<\/td>\n<td align=\"LEFT\">Fr\u00fchling, Herbst, Winter<\/td>\n<\/tr>\n<tr>\n<td align=\"LEFT\" height=\"17\">Marke:<\/td>\n<td align=\"LEFT\">hessnatur<\/td>\n<\/tr>\n<tr>\n<td align=\"LEFT\" height=\"17\">Modell:<\/td>\n<td align=\"LEFT\">ohne Angabe<\/td>\n<\/tr>\n<tr>\n<td align=\"LEFT\" height=\"17\">Wz\u00f3r:<\/td>\n<td align=\"LEFT\">Ohne Muster<\/td>\n<\/tr>\n<tr>\n<td align=\"LEFT\" height=\"17\">Produktart:<\/td>\n<td align=\"LEFT\">Weste<\/td>\n<\/tr>\n<tr>\n<td align=\"LEFT\" height=\"17\">Stil:<\/td>\n<td align=\"LEFT\">Fleece-Weste<\/td>\n<\/tr>\n<tr>\n<td align=\"LEFT\" height=\"17\">Thema:<\/td>\n<td align=\"LEFT\">nat\u00fcrliche Qualit\u00e4t<\/td>\n<\/tr>\n<tr>\n<td align=\"LEFT\" height=\"17\">Verschluss:<\/td>\n<td align=\"LEFT\">Zamek b\u0142yskawiczny<\/td>\n<\/tr>\n<tr>\n<td align=\"LEFT\" height=\"17\">Vintage:<\/td>\n<td align=\"LEFT\">Nein<\/td>\n<\/tr>\n<\/tbody>\n<\/table>","protected":false},"featured_media":78033,"comment_status":"open","ping_status":"closed","template":"","meta":{"_seopress_robots_primary_cat":"","_seopress_titles_title":"","_seopress_titles_desc":"","_seopress_robots_index":""},"product_brand":[],"product_cat":[1345,1363,1467],"product_tag":[],"class_list":{"0":"post-77908","1":"product","2":"type-product","3":"status-publish","4":"has-post-thumbnail","6":"product_cat-herrenmode","7":"product_cat-jacken-maentel-herrenmode","8":"product_cat-westen","9":"product_shipping_class-standard-versand","11":"first","12":"instock","13":"sale","14":"taxable","15":"shipping-taxable","16":"purchasable","17":"product-type-simple"},"_links":{"self":[{"href":"https:\/\/www.soanam.de\/pl\/wp-json\/wp\/v2\/product\/77908","targetHints":{"allow":["GET"]}}],"collection":[{"href":"https:\/\/www.soanam.de\/pl\/wp-json\/wp\/v2\/product"}],"about":[{"href":"https:\/\/www.soanam.de\/pl\/wp-json\/wp\/v2\/types\/product"}],"replies":[{"embeddable":true,"href":"https:\/\/www.soanam.de\/pl\/wp-json\/wp\/v2\/comments?post=77908"}],"wp:featuredmedia":[{"embeddable":true,"href":"https:\/\/www.soanam.de\/pl\/wp-json\/wp\/v2\/media\/78033"}],"wp:attachment":[{"href":"https:\/\/www.soanam.de\/pl\/wp-json\/wp\/v2\/media?parent=77908"}],"wp:term":[{"taxonomy":"product_brand","embeddable":true,"href":"https:\/\/www.soanam.de\/pl\/wp-json\/wp\/v2\/product_brand?post=77908"},{"taxonomy":"product_cat","embeddable":true,"href":"https:\/\/www.soanam.de\/pl\/wp-json\/wp\/v2\/product_cat?post=77908"},{"taxonomy":"product_tag","embeddable":true,"href":"https:\/\/www.soanam.de\/pl\/wp-json\/wp\/v2\/product_tag?post=77908"}],"curies":[{"name":"wp","href":"https:\/\/api.w.org\/{rel}","templated":true}]}}

Męska kamizelka polarowa z czystej organicznej wełny merynosów, antracyt, rozmiar 48

<h3>Opis</h3>
<p><strong>szczegóły</strong><br />
Funkcjonalny polar wykonany z czystych włókien naturalnych<br />
Organiczna wełna merynosowa z funkcją kontroli klimatu<br />
Utrzymująca ciepło, oddychająca i zaskakująco lekka<br />
Funkcjonalne detale zewnętrzne<br />
Zamek błyskawiczny z osłoną podbródka i wewnętrzną osłoną przeciwwiatrową<br />
Nieco dłuższe z tyłu</p>
<p><strong>Dopasowanie</strong><br />
Około 71 cm długości w rozmiarze 48</p>
<p><strong>Materiał</strong><br />
100% Wełna dziewicza<br />
z ekologicznej hodowli zwierząt</p>
<p><strong>Opieka</strong><br />
Zalecane pranie ręczne na zimno</p>

<h3>Artikelmerkmale</h3>
<p>Artikelzustand: Neu: Neuer, unbenutzter und unbeschädigter Artikel in nicht geöffneter Originalverpackung</p>
<table border="0" frame="VOID" rules="NONE" cellspacing="0">
<colgroup>
<col width="118" />
<col width="181" /></colgroup>
<tbody>
<tr>
<td align="LEFT" width="118" height="17">Abteilung:</td>
<td align="LEFT" width="181">Herren</td>
</tr>
<tr>
<td align="LEFT" height="17">Aktivität:</td>
<td align="LEFT">Spazieren</td>
</tr>
<tr>
<td align="LEFT" height="17">Anlass:</td>
<td align="LEFT">Freizeit</td>
</tr>
<tr>
<td align="LEFT" height="17">Außenmaterial:</td>
<td align="LEFT">Schurwolle</td>
</tr>
<tr>
<td align="LEFT" height="17">Funkcje specjalne:</td>
<td align="LEFT">z ekologicznej hodowli zwierząt</td>
</tr>
<tr>
<td align="LEFT" height="17">Charakter:</td>
<td align="LEFT">ohne</td>
</tr>
<tr>
<td align="LEFT" height="17">EAN:</td>
<td align="LEFT">nichtzutreffend</td>
</tr>
<tr>
<td align="LEFT" height="17">Kolor:</td>
<td align="LEFT">Szary</td>
</tr>
<tr>
<td align="LEFT" height="17">Futtermaterial:</td>
<td align="LEFT">nicht zutreffend</td>
</tr>
<tr>
<td align="LEFT" height="17">Gewebeart:</td>
<td align="LEFT">Polar</td>
</tr>
<tr>
<td align="LEFT" height="17">Größe:</td>
<td align="LEFT">48</td>
</tr>
<tr>
<td align="LEFT" height="17">Größenkategorie:</td>
<td align="LEFT">Normalgröße</td>
</tr>
<tr>
<td align="LEFT" height="17">Isoliermaterial:</td>
<td align="LEFT">nicht zutreffend</td>
</tr>
<tr>
<td align="LEFT" height="17">Jahreszeit:</td>
<td align="LEFT">Frühling, Herbst, Winter</td>
</tr>
<tr>
<td align="LEFT" height="17">Marke:</td>
<td align="LEFT">hessnatur</td>
</tr>
<tr>
<td align="LEFT" height="17">Modell:</td>
<td align="LEFT">ohne Angabe</td>
</tr>
<tr>
<td align="LEFT" height="17">Wzór:</td>
<td align="LEFT">Ohne Muster</td>
</tr>
<tr>
<td align="LEFT" height="17">Produktart:</td>
<td align="LEFT">Weste</td>
</tr>
<tr>
<td align="LEFT" height="17">Stil:</td>
<td align="LEFT">Fleece-Weste</td>
</tr>
<tr>
<td align="LEFT" height="17">Thema:</td>
<td align="LEFT">natürliche Qualität</td>
</tr>
<tr>
<td align="LEFT" height="17">Verschluss:</td>
<td align="LEFT">Zamek błyskawiczny</td>
</tr>
<tr>
<td align="LEFT" height="17">Vintage:</td>
<td align="LEFT">Nein</td>
</tr>
</tbody>
</table>
