{"id":77879,"date":"2023-12-13T21:02:29","date_gmt":"2023-12-13T20:02:29","guid":{"rendered":"https:\/\/www.soanam.de\/?post_type=product&#038;p=77879"},"modified":"2023-12-13T21:04:31","modified_gmt":"2023-12-13T20:04:31","slug":"spodnie-boysens-7-8-w-kolorze-czarnym-rozmiar-36","status":"publish","type":"product","link":"https:\/\/www.soanam.de\/pl\/produkt\/boysens-7-8-hose-in-schwarz-groesse-36\/","title":{"rendered":"Spodnie 7\/8 marki Boysen, w kolorze czarnym, rozmiar 36"},"content":{"rendered":"<p>Chino z subtelnymi bocznymi paskami<br \/>\nWygodny kr\u00f3j w skr\u00f3conej d\u0142ugo\u015bci 7\/8<br \/>\nZgrzebne obszycia<br \/>\nRozci\u0119te kieszenie, szlufki na pasek<\/p>\n<p>Te chinosy marki Boysen's maj\u0105 d\u0142ugo\u015b\u0107 7\/8 i subtelne galonowe paski po bokach nogawek.<br \/>\nMaj\u0105 w\u0105ski kr\u00f3j ze \u015brednim stanem i podwini\u0119tymi brzegami.<br \/>\nRozci\u0119te kieszenie z przodu i wskazane kieszenie ze \u015bci\u0105gaczem z ty\u0142u dope\u0142niaj\u0105 prostego wygl\u0105du.<\/p>\n<p>Materia\u0142: bawe\u0142na 98%, elastan 2%<br \/>\nWskaz\u00f3wki dotycz\u0105ce piel\u0119gnacji: Pra\u0107 w pralce<\/p>\n<p>Kolor: czarny<br \/>\nRozmiar: EUR 36<\/p>\n<p>Rozmiar talii: 68 cm<br \/>\nObw\u00f3d bioder: 90 cm<br \/>\nD\u0142ugo\u015b\u0107 stopnia: 70 cm<br \/>\nCa\u0142kowita d\u0142ugo\u015b\u0107: 96 cm<\/p>","protected":false},"excerpt":{"rendered":"<table class=\"dv_characteristicsTable\">\n<tbody>\n<tr>\n<td class=\"left\">Rozmiar<\/td>\n<td>36<\/td>\n<\/tr>\n<tr>\n<td class=\"left\">Gr\u00f6\u00dfentyp<\/td>\n<td>Normalgr\u00f6\u00dfen<\/td>\n<\/tr>\n<tr>\n<td class=\"left\">Sk\u0142ad materia\u0142u<\/td>\n<td>Obermaterial: 98% Baumwolle, 2% Elasthan<\/td>\n<\/tr>\n<tr>\n<td class=\"left\">Materialart<\/td>\n<td>Web<\/td>\n<\/tr>\n<tr>\n<td class=\"left\">Materialeigenschaften<\/td>\n<td>elastisch<\/td>\n<\/tr>\n<tr>\n<td class=\"left\">Instrukcje dotycz\u0105ce piel\u0119gnacji<\/td>\n<td>Pranie w pralce<\/td>\n<\/tr>\n<tr>\n<td class=\"left\">Optik<\/td>\n<td>kontrastfarbene Details<\/td>\n<\/tr>\n<tr>\n<td class=\"left\">Stil<\/td>\n<td>casual<\/td>\n<\/tr>\n<tr>\n<td class=\"left\">Kolor<\/td>\n<td>schwarz<\/td>\n<\/tr>\n<tr>\n<td class=\"left\">Leibh\u00f6he<\/td>\n<td>normal<\/td>\n<\/tr>\n<tr>\n<td class=\"left\">Beinform<\/td>\n<td>gerade, unten schmal<\/td>\n<\/tr>\n<tr>\n<td class=\"left\">Beinabschlussdetails<\/td>\n<td>krempelbar<\/td>\n<\/tr>\n<tr>\n<td class=\"left\">Schnittform L\u00e4nge<\/td>\n<td>kn\u00f6chelfrei<\/td>\n<\/tr>\n<tr>\n<td class=\"left\">Torby<\/td>\n<td>Eingrifftaschen, Faketaschen<\/td>\n<\/tr>\n<tr>\n<td class=\"left\">Besondere Merkmale<\/td>\n<td>mit modischem Seitenstreifen<\/td>\n<\/tr>\n<\/tbody>\n<\/table>","protected":false},"featured_media":77983,"comment_status":"open","ping_status":"closed","template":"","meta":{"_seopress_robots_primary_cat":"","_seopress_titles_title":"","_seopress_titles_desc":"","_seopress_robots_index":""},"product_brand":[],"product_cat":[1348,1349,1433],"product_tag":[],"class_list":{"0":"post-77879","1":"product","2":"type-product","3":"status-publish","4":"has-post-thumbnail","6":"product_cat-damen-mode","7":"product_cat-hosen-damen-mode","8":"product_cat-7-8-hosen","9":"product_shipping_class-standard-versand","11":"first","12":"instock","13":"sale","14":"taxable","15":"shipping-taxable","16":"purchasable","17":"product-type-simple"},"_links":{"self":[{"href":"https:\/\/www.soanam.de\/pl\/wp-json\/wp\/v2\/product\/77879","targetHints":{"allow":["GET"]}}],"collection":[{"href":"https:\/\/www.soanam.de\/pl\/wp-json\/wp\/v2\/product"}],"about":[{"href":"https:\/\/www.soanam.de\/pl\/wp-json\/wp\/v2\/types\/product"}],"replies":[{"embeddable":true,"href":"https:\/\/www.soanam.de\/pl\/wp-json\/wp\/v2\/comments?post=77879"}],"wp:featuredmedia":[{"embeddable":true,"href":"https:\/\/www.soanam.de\/pl\/wp-json\/wp\/v2\/media\/77983"}],"wp:attachment":[{"href":"https:\/\/www.soanam.de\/pl\/wp-json\/wp\/v2\/media?parent=77879"}],"wp:term":[{"taxonomy":"product_brand","embeddable":true,"href":"https:\/\/www.soanam.de\/pl\/wp-json\/wp\/v2\/product_brand?post=77879"},{"taxonomy":"product_cat","embeddable":true,"href":"https:\/\/www.soanam.de\/pl\/wp-json\/wp\/v2\/product_cat?post=77879"},{"taxonomy":"product_tag","embeddable":true,"href":"https:\/\/www.soanam.de\/pl\/wp-json\/wp\/v2\/product_tag?post=77879"}],"curies":[{"name":"wp","href":"https:\/\/api.w.org\/{rel}","templated":true}]}}

<p>Chino z subtelnymi bocznymi paskami<br />
Wygodny krój w skróconej długości 7/8<br />
Zgrzebne obszycia<br />
Rozcięte kieszenie, szlufki na pasek</p>
<p>Te chinosy marki Boysen's mają długość 7/8 i subtelne galonowe paski po bokach nogawek.<br />
Mają wąski krój ze średnim stanem i podwiniętymi brzegami.<br />
Rozcięte kieszenie z przodu i wskazane kieszenie ze ściągaczem z tyłu dopełniają prostego wyglądu.</p>
<p>Materiał: bawełna 98%, elastan 2%<br />
Wskazówki dotyczące pielęgnacji: Prać w pralce</p>
<p>Kolor: czarny<br />
Rozmiar: EUR 36</p>
<p>Rozmiar talii: 68 cm<br />
Obwód bioder: 90 cm<br />
Długość stopnia: 70 cm<br />
Całkowita długość: 96 cm</p>

<table class="dv_characteristicsTable">
<tbody>
<tr>
<td class="left">Rozmiar</td>
<td>36</td>
</tr>
<tr>
<td class="left">Größentyp</td>
<td>Normalgrößen</td>
</tr>
<tr>
<td class="left">Skład materiału</td>
<td>Obermaterial: 98% Baumwolle, 2% Elasthan</td>
</tr>
<tr>
<td class="left">Materialart</td>
<td>Web</td>
</tr>
<tr>
<td class="left">Materialeigenschaften</td>
<td>elastisch</td>
</tr>
<tr>
<td class="left">Instrukcje dotyczące pielęgnacji</td>
<td>Pranie w pralce</td>
</tr>
<tr>
<td class="left">Optik</td>
<td>kontrastfarbene Details</td>
</tr>
<tr>
<td class="left">Stil</td>
<td>casual</td>
</tr>
<tr>
<td class="left">Kolor</td>
<td>schwarz</td>
</tr>
<tr>
<td class="left">Leibhöhe</td>
<td>normal</td>
</tr>
<tr>
<td class="left">Beinform</td>
<td>gerade, unten schmal</td>
</tr>
<tr>
<td class="left">Beinabschlussdetails</td>
<td>krempelbar</td>
</tr>
<tr>
<td class="left">Schnittform Länge</td>
<td>knöchelfrei</td>
</tr>
<tr>
<td class="left">Torby</td>
<td>Eingrifftaschen, Faketaschen</td>
</tr>
<tr>
<td class="left">Besondere Merkmale</td>
<td>mit modischem Seitenstreifen</td>
</tr>
</tbody>
</table>
