{"id":77876,"date":"2023-12-13T21:02:28","date_gmt":"2023-12-13T20:02:28","guid":{"rendered":"https:\/\/www.soanam.de\/?post_type=product&#038;p=77876"},"modified":"2023-12-13T21:04:21","modified_gmt":"2023-12-13T20:04:21","slug":"funkcjonalne-spodnie-polarino-w-kolorze-czarnym-rozmiar-48","status":"publish","type":"product","link":"https:\/\/www.soanam.de\/pl\/produkt\/polarino-funktionshose-in-schwarz-groesse-48\/","title":{"rendered":"Funkcjonalne spodnie Polarino w kolorze czarnym, rozmiar 48"},"content":{"rendered":"<p>Spodnie trekkingowe od Polarino<br \/>\nElastyczny, oddychaj\u0105cy i odporny na wiatr<br \/>\nRozci\u0119te kieszenie z zamkiem b\u0142yskawicznym, szlufki na pasek<br \/>\nRegulowany d\u00f3\u0142 z zatrzaskami<\/p>\n<p>Oddychaj\u0105ce funkcjonalne spodnie Polarino s\u0105 wygodne w noszeniu dzi\u0119ki wygodnej elastycznej zawarto\u015bci, zaszewkom w okolicy kolan i zintegrowanemu klinowi.<br \/>\nD\u00f3\u0142 jest regulowany za pomoc\u0105 zatrzask\u00f3w, a kieszenie na suwak s\u0105 praktyczne, dzi\u0119ki czemu spodnie s\u0105 bardzo uniwersalne.<\/p>\n<p>Materia\u0142: poliamid 92%, elastan 8%<br \/>\nWskaz\u00f3wki dotycz\u0105ce piel\u0119gnacji: Pra\u0107 w pralce<\/p>\n<p>Kolor: czarny<br \/>\nRozmiar: EUR 48<\/p>\n<p>Rozmiar talii: 84 cm<br \/>\nObw\u00f3d bioder: 104 cm<br \/>\nD\u0142ugo\u015b\u0107 stopnia: 82 cm<br \/>\nCa\u0142kowita d\u0142ugo\u015b\u0107: 107 cm<\/p>","protected":false},"excerpt":{"rendered":"<table class=\"dv_characteristicsTable\">\n<tbody>\n<tr>\n<td class=\"left\">Rozmiar<\/td>\n<td>48<\/td>\n<\/tr>\n<tr>\n<td class=\"left\">Gr\u00f6\u00dfentyp<\/td>\n<td>Normalgr\u00f6\u00dfen<\/td>\n<\/tr>\n<tr>\n<td class=\"left\">Sk\u0142ad materia\u0142u<\/td>\n<td>Obermaterial: 92% Polyamid, 8% Elasthan<\/td>\n<\/tr>\n<tr>\n<td class=\"left\">Instrukcje dotycz\u0105ce piel\u0119gnacji<\/td>\n<td>Pranie w pralce<\/td>\n<\/tr>\n<tr>\n<td class=\"left\">Optik<\/td>\n<td>unifarben<\/td>\n<\/tr>\n<tr>\n<td class=\"left\">Stil<\/td>\n<td>sportlich<\/td>\n<\/tr>\n<tr>\n<td class=\"left\">Kolor<\/td>\n<td>schwarz<\/td>\n<\/tr>\n<tr>\n<td class=\"left\">Leibh\u00f6he<\/td>\n<td>komfortabel<\/td>\n<\/tr>\n<tr>\n<td class=\"left\">Beinform<\/td>\n<td>gerade<\/td>\n<\/tr>\n<tr>\n<td class=\"left\">Dopasowanie<\/td>\n<td>normal<\/td>\n<\/tr>\n<tr>\n<td class=\"left\">Applikationen<\/td>\n<td>Drukowanie logo<\/td>\n<\/tr>\n<tr>\n<td class=\"left\">Besondere Merkmale<\/td>\n<td>aus atmungsaktivem Material<\/td>\n<\/tr>\n<\/tbody>\n<\/table>","protected":false},"featured_media":77979,"comment_status":"open","ping_status":"closed","template":"","meta":{"_seopress_robots_primary_cat":"","_seopress_titles_title":"","_seopress_titles_desc":"","_seopress_robots_index":""},"product_brand":[],"product_cat":[1345,1346,1463],"product_tag":[],"class_list":{"0":"post-77876","1":"product","2":"type-product","3":"status-publish","4":"has-post-thumbnail","6":"product_cat-herrenmode","7":"product_cat-hosen","8":"product_cat-regen-skihosen-hosen","9":"product_shipping_class-standard-versand","11":"first","12":"instock","13":"taxable","14":"shipping-taxable","15":"purchasable","16":"product-type-simple"},"_links":{"self":[{"href":"https:\/\/www.soanam.de\/pl\/wp-json\/wp\/v2\/product\/77876","targetHints":{"allow":["GET"]}}],"collection":[{"href":"https:\/\/www.soanam.de\/pl\/wp-json\/wp\/v2\/product"}],"about":[{"href":"https:\/\/www.soanam.de\/pl\/wp-json\/wp\/v2\/types\/product"}],"replies":[{"embeddable":true,"href":"https:\/\/www.soanam.de\/pl\/wp-json\/wp\/v2\/comments?post=77876"}],"wp:featuredmedia":[{"embeddable":true,"href":"https:\/\/www.soanam.de\/pl\/wp-json\/wp\/v2\/media\/77979"}],"wp:attachment":[{"href":"https:\/\/www.soanam.de\/pl\/wp-json\/wp\/v2\/media?parent=77876"}],"wp:term":[{"taxonomy":"product_brand","embeddable":true,"href":"https:\/\/www.soanam.de\/pl\/wp-json\/wp\/v2\/product_brand?post=77876"},{"taxonomy":"product_cat","embeddable":true,"href":"https:\/\/www.soanam.de\/pl\/wp-json\/wp\/v2\/product_cat?post=77876"},{"taxonomy":"product_tag","embeddable":true,"href":"https:\/\/www.soanam.de\/pl\/wp-json\/wp\/v2\/product_tag?post=77876"}],"curies":[{"name":"wp","href":"https:\/\/api.w.org\/{rel}","templated":true}]}}

<p>Spodnie trekkingowe od Polarino<br />
Elastyczny, oddychający i odporny na wiatr<br />
Rozcięte kieszenie z zamkiem błyskawicznym, szlufki na pasek<br />
Regulowany dół z zatrzaskami</p>
<p>Oddychające funkcjonalne spodnie Polarino są wygodne w noszeniu dzięki wygodnej elastycznej zawartości, zaszewkom w okolicy kolan i zintegrowanemu klinowi.<br />
Dół jest regulowany za pomocą zatrzasków, a kieszenie na suwak są praktyczne, dzięki czemu spodnie są bardzo uniwersalne.</p>
<p>Materiał: poliamid 92%, elastan 8%<br />
Wskazówki dotyczące pielęgnacji: Prać w pralce</p>
<p>Kolor: czarny<br />
Rozmiar: EUR 48</p>
<p>Rozmiar talii: 84 cm<br />
Obwód bioder: 104 cm<br />
Długość stopnia: 82 cm<br />
Całkowita długość: 107 cm</p>

<table class="dv_characteristicsTable">
<tbody>
<tr>
<td class="left">Rozmiar</td>
<td>48</td>
</tr>
<tr>
<td class="left">Größentyp</td>
<td>Normalgrößen</td>
</tr>
<tr>
<td class="left">Skład materiału</td>
<td>Obermaterial: 92% Polyamid, 8% Elasthan</td>
</tr>
<tr>
<td class="left">Instrukcje dotyczące pielęgnacji</td>
<td>Pranie w pralce</td>
</tr>
<tr>
<td class="left">Optik</td>
<td>unifarben</td>
</tr>
<tr>
<td class="left">Stil</td>
<td>sportlich</td>
</tr>
<tr>
<td class="left">Kolor</td>
<td>schwarz</td>
</tr>
<tr>
<td class="left">Leibhöhe</td>
<td>komfortabel</td>
</tr>
<tr>
<td class="left">Beinform</td>
<td>gerade</td>
</tr>
<tr>
<td class="left">Dopasowanie</td>
<td>normal</td>
</tr>
<tr>
<td class="left">Applikationen</td>
<td>Drukowanie logo</td>
</tr>
<tr>
<td class="left">Besondere Merkmale</td>
<td>aus atmungsaktivem Material</td>
</tr>
</tbody>
</table>
