{"id":77760,"date":"2023-12-13T20:59:58","date_gmt":"2023-12-13T19:59:58","guid":{"rendered":"https:\/\/www.soanam.de\/?post_type=product&#038;p=77760"},"modified":"2023-12-13T21:02:33","modified_gmt":"2023-12-13T20:02:33","slug":"lekka-meska-welniana-kurtka-polarowa-wykonana-z-czystej-organicznej-welny-merynosow-bordowo-czerwony-rozmiar-48","status":"publish","type":"product","link":"https:\/\/www.soanam.de\/pl\/produkt\/leichte-herren-wollefleece-jacke-aus-reiner-bio-merinowolle-bordeauxrot-gr-48\/","title":{"rendered":"Lekka m\u0119ska we\u0142niana kurtka polarowa z czystej organicznej we\u0142ny merynos\u00f3w, kolor bordowy, rozmiar 48"},"content":{"rendered":"<div><span style=\"font-family: Arial;\"><b>szczeg\u00f3\u0142y<\/b><\/span><\/div>\n<div><span style=\"font-family: Arial;\">We\u0142na merino z certyfikowanej ekologicznej hodowli zwierz\u0105t<\/span><\/div>\n<div><span style=\"font-family: Arial;\">Mi\u0119kki, lekki i oddychaj\u0105cy<\/span><\/div>\n<div><span style=\"font-family: Arial;\">Sportowe p\u0142askie szwy<\/span><\/div>\n<div><span style=\"font-family: Arial;\">Zamek b\u0142yskawiczny z klap\u0105 sztormow\u0105<\/span><\/div>\n<div><span style=\"font-family: Arial;\">Podw\u00f3jna st\u00f3jka<\/span><\/div>\n<div><span style=\"font-family: Arial;\">Boczne kieszenie na zamek b\u0142yskawiczny<\/span><\/div>\n<div><span style=\"font-family: Arial;\"><b>\u00a0<\/b><\/span><\/div>\n<div><span style=\"font-family: Arial;\"><b>Materia\u0142<\/b><\/span><\/div>\n<div><span style=\"font-family: Arial;\">100% We\u0142na dziewicza<\/span><\/div>\n<div><span style=\"font-family: Arial;\">z ekologicznej hodowli zwierz\u0105t<\/span><\/div>\n<div><span style=\"font-family: Arial;\"><b>\u00a0<\/b><\/span><\/div>\n<div><span style=\"font-family: Arial;\"><b>Opieka<\/b><\/span><\/div>\n<div><span style=\"font-family: Arial;\">Zalecany cykl prania we\u0142ny<\/span><\/div>","protected":false},"excerpt":{"rendered":"<h3>Artikelmerkmale<\/h3>\n<p>Stan produktu: Nowy z etykiet\u0105: Nowy, nieu\u017cywany i nienoszony produkt w oryginalnym opakowaniu.<\/p>\n<table border=\"0\" frame=\"VOID\" rules=\"NONE\" cellspacing=\"0\">\n<colgroup>\n<col width=\"118\" \/>\n<col width=\"259\" \/><\/colgroup>\n<tbody>\n<tr>\n<td align=\"LEFT\" width=\"118\" height=\"17\">Abteilung:<\/td>\n<td align=\"LEFT\" width=\"259\">Herren<\/td>\n<\/tr>\n<tr>\n<td align=\"LEFT\" height=\"17\">Aktivit\u00e4t:<\/td>\n<td align=\"LEFT\">Spazieren<\/td>\n<\/tr>\n<tr>\n<td align=\"LEFT\" height=\"17\">Anlass:<\/td>\n<td align=\"LEFT\">Freizeit<\/td>\n<\/tr>\n<tr>\n<td align=\"LEFT\" height=\"17\">Au\u00dfenmaterial:<\/td>\n<td align=\"LEFT\">Schurwolle<\/td>\n<\/tr>\n<tr>\n<td align=\"LEFT\" height=\"17\">Funkcje specjalne:<\/td>\n<td align=\"LEFT\">aus kontrollierter biologischer Tierhaltung<\/td>\n<\/tr>\n<tr>\n<td align=\"LEFT\" height=\"17\">Charakter:<\/td>\n<td align=\"LEFT\">ohne<\/td>\n<\/tr>\n<tr>\n<td align=\"LEFT\" height=\"17\">EAN:<\/td>\n<td align=\"LEFT\">nichtzutreffend<\/td>\n<\/tr>\n<tr>\n<td align=\"LEFT\" height=\"17\">Kolor:<\/td>\n<td align=\"LEFT\">Bordeaux czerwone<\/td>\n<\/tr>\n<tr>\n<td align=\"LEFT\" height=\"17\">Futtermaterial:<\/td>\n<td align=\"LEFT\">nicht zutreffend<\/td>\n<\/tr>\n<tr>\n<td align=\"LEFT\" height=\"17\">Gewebeart:<\/td>\n<td align=\"LEFT\">Polar<\/td>\n<\/tr>\n<tr>\n<td align=\"LEFT\" height=\"17\">Gr\u00f6\u00dfe:<\/td>\n<td style=\"text-align: left;\" align=\"RIGHT\">48<\/td>\n<\/tr>\n<tr>\n<td align=\"LEFT\" height=\"17\">Gr\u00f6\u00dfenkategorie:<\/td>\n<td align=\"LEFT\">Normalgr\u00f6\u00dfe<\/td>\n<\/tr>\n<tr>\n<td align=\"LEFT\" height=\"17\">Isoliermaterial:<\/td>\n<td align=\"LEFT\">nicht zutreffend<\/td>\n<\/tr>\n<tr>\n<td align=\"LEFT\" height=\"17\">Jahreszeit:<\/td>\n<td align=\"LEFT\">Fr\u00fchling, Herbst<\/td>\n<\/tr>\n<tr>\n<td align=\"LEFT\" height=\"17\">Marke:<\/td>\n<td align=\"LEFT\">Hessnatur<\/td>\n<\/tr>\n<tr>\n<td align=\"LEFT\" height=\"17\">Modell:<\/td>\n<td align=\"LEFT\">ohne Angabe<\/td>\n<\/tr>\n<tr>\n<td align=\"LEFT\" height=\"17\">Wz\u00f3r:<\/td>\n<td align=\"LEFT\">Ohne Muster<\/td>\n<\/tr>\n<tr>\n<td align=\"LEFT\" height=\"17\">Produktart:<\/td>\n<td align=\"LEFT\">Jacke<\/td>\n<\/tr>\n<tr>\n<td align=\"LEFT\" height=\"17\">Stil:<\/td>\n<td align=\"LEFT\">Fleecejacke<\/td>\n<\/tr>\n<tr>\n<td align=\"LEFT\" height=\"17\">Thema:<\/td>\n<td align=\"LEFT\">nat\u00fcrliche Qualit\u00e4t<\/td>\n<\/tr>\n<tr>\n<td align=\"LEFT\" height=\"17\">Verschluss:<\/td>\n<td align=\"LEFT\">Zamek b\u0142yskawiczny<\/td>\n<\/tr>\n<tr>\n<td align=\"LEFT\" height=\"17\">Vintage:<\/td>\n<td align=\"LEFT\">Nein<\/td>\n<\/tr>\n<\/tbody>\n<\/table>","protected":false},"featured_media":77883,"comment_status":"open","ping_status":"closed","template":"","meta":{"_seopress_robots_primary_cat":"","_seopress_titles_title":"","_seopress_titles_desc":"","_seopress_robots_index":""},"product_brand":[],"product_cat":[1345,1363,1413],"product_tag":[],"class_list":{"0":"post-77760","1":"product","2":"type-product","3":"status-publish","4":"has-post-thumbnail","6":"product_cat-herrenmode","7":"product_cat-jacken-maentel-herrenmode","8":"product_cat-fleecejacken","9":"product_shipping_class-standard-versand","11":"first","12":"instock","13":"sale","14":"taxable","15":"shipping-taxable","16":"purchasable","17":"product-type-simple"},"_links":{"self":[{"href":"https:\/\/www.soanam.de\/pl\/wp-json\/wp\/v2\/product\/77760","targetHints":{"allow":["GET"]}}],"collection":[{"href":"https:\/\/www.soanam.de\/pl\/wp-json\/wp\/v2\/product"}],"about":[{"href":"https:\/\/www.soanam.de\/pl\/wp-json\/wp\/v2\/types\/product"}],"replies":[{"embeddable":true,"href":"https:\/\/www.soanam.de\/pl\/wp-json\/wp\/v2\/comments?post=77760"}],"wp:featuredmedia":[{"embeddable":true,"href":"https:\/\/www.soanam.de\/pl\/wp-json\/wp\/v2\/media\/77883"}],"wp:attachment":[{"href":"https:\/\/www.soanam.de\/pl\/wp-json\/wp\/v2\/media?parent=77760"}],"wp:term":[{"taxonomy":"product_brand","embeddable":true,"href":"https:\/\/www.soanam.de\/pl\/wp-json\/wp\/v2\/product_brand?post=77760"},{"taxonomy":"product_cat","embeddable":true,"href":"https:\/\/www.soanam.de\/pl\/wp-json\/wp\/v2\/product_cat?post=77760"},{"taxonomy":"product_tag","embeddable":true,"href":"https:\/\/www.soanam.de\/pl\/wp-json\/wp\/v2\/product_tag?post=77760"}],"curies":[{"name":"wp","href":"https:\/\/api.w.org\/{rel}","templated":true}]}}

Lekka męska wełniana kurtka polarowa z czystej organicznej wełny merynosów, kolor bordowy, rozmiar 48

<div><span style="font-family: Arial;"><b>szczegóły</b></span></div>
<div><span style="font-family: Arial;">Wełna merino z certyfikowanej ekologicznej hodowli zwierząt</span></div>
<div><span style="font-family: Arial;">Miękki, lekki i oddychający</span></div>
<div><span style="font-family: Arial;">Sportowe płaskie szwy</span></div>
<div><span style="font-family: Arial;">Zamek błyskawiczny z klapą sztormową</span></div>
<div><span style="font-family: Arial;">Podwójna stójka</span></div>
<div><span style="font-family: Arial;">Boczne kieszenie na zamek błyskawiczny</span></div>
<div><span style="font-family: Arial;"><b> </b></span></div>
<div><span style="font-family: Arial;"><b>Materiał</b></span></div>
<div><span style="font-family: Arial;">100% Wełna dziewicza</span></div>
<div><span style="font-family: Arial;">z ekologicznej hodowli zwierząt</span></div>
<div><span style="font-family: Arial;"><b> </b></span></div>
<div><span style="font-family: Arial;"><b>Opieka</b></span></div>
<div><span style="font-family: Arial;">Zalecany cykl prania wełny</span></div>

<h3>Artikelmerkmale</h3>
<p>Stan produktu: Nowy z etykietą: Nowy, nieużywany i nienoszony produkt w oryginalnym opakowaniu.</p>
<table border="0" frame="VOID" rules="NONE" cellspacing="0">
<colgroup>
<col width="118" />
<col width="259" /></colgroup>
<tbody>
<tr>
<td align="LEFT" width="118" height="17">Abteilung:</td>
<td align="LEFT" width="259">Herren</td>
</tr>
<tr>
<td align="LEFT" height="17">Aktivität:</td>
<td align="LEFT">Spazieren</td>
</tr>
<tr>
<td align="LEFT" height="17">Anlass:</td>
<td align="LEFT">Freizeit</td>
</tr>
<tr>
<td align="LEFT" height="17">Außenmaterial:</td>
<td align="LEFT">Schurwolle</td>
</tr>
<tr>
<td align="LEFT" height="17">Funkcje specjalne:</td>
<td align="LEFT">aus kontrollierter biologischer Tierhaltung</td>
</tr>
<tr>
<td align="LEFT" height="17">Charakter:</td>
<td align="LEFT">ohne</td>
</tr>
<tr>
<td align="LEFT" height="17">EAN:</td>
<td align="LEFT">nichtzutreffend</td>
</tr>
<tr>
<td align="LEFT" height="17">Kolor:</td>
<td align="LEFT">Bordeaux czerwone</td>
</tr>
<tr>
<td align="LEFT" height="17">Futtermaterial:</td>
<td align="LEFT">nicht zutreffend</td>
</tr>
<tr>
<td align="LEFT" height="17">Gewebeart:</td>
<td align="LEFT">Polar</td>
</tr>
<tr>
<td align="LEFT" height="17">Größe:</td>
<td style="text-align: left;" align="RIGHT">48</td>
</tr>
<tr>
<td align="LEFT" height="17">Größenkategorie:</td>
<td align="LEFT">Normalgröße</td>
</tr>
<tr>
<td align="LEFT" height="17">Isoliermaterial:</td>
<td align="LEFT">nicht zutreffend</td>
</tr>
<tr>
<td align="LEFT" height="17">Jahreszeit:</td>
<td align="LEFT">Frühling, Herbst</td>
</tr>
<tr>
<td align="LEFT" height="17">Marke:</td>
<td align="LEFT">Hessnatur</td>
</tr>
<tr>
<td align="LEFT" height="17">Modell:</td>
<td align="LEFT">ohne Angabe</td>
</tr>
<tr>
<td align="LEFT" height="17">Wzór:</td>
<td align="LEFT">Ohne Muster</td>
</tr>
<tr>
<td align="LEFT" height="17">Produktart:</td>
<td align="LEFT">Jacke</td>
</tr>
<tr>
<td align="LEFT" height="17">Stil:</td>
<td align="LEFT">Fleecejacke</td>
</tr>
<tr>
<td align="LEFT" height="17">Thema:</td>
<td align="LEFT">natürliche Qualität</td>
</tr>
<tr>
<td align="LEFT" height="17">Verschluss:</td>
<td align="LEFT">Zamek błyskawiczny</td>
</tr>
<tr>
<td align="LEFT" height="17">Vintage:</td>
<td align="LEFT">Nein</td>
</tr>
</tbody>
</table>
