{"id":77736,"date":"2023-12-13T20:59:32","date_gmt":"2023-12-13T19:59:32","guid":{"rendered":"https:\/\/www.soanam.de\/?post_type=product&#038;p=77736"},"modified":"2023-12-13T21:02:07","modified_gmt":"2023-12-13T20:02:07","slug":"frida-nilsson-hedvig-pierwszy-rok-w-szkole-paperback-2014-niemiecki","status":"publish","type":"product","link":"https:\/\/www.soanam.de\/pl\/produkt\/frida-nilsson-hedvig-das-erste-schuljahr-taschenbuch-2014-deutsch\/","title":{"rendered":"Frida Nilsson \"Hedvig! Pierwszy rok szkolny\" Paperback 2014 niemiecki"},"content":{"rendered":"<h3><strong>Opis produktu<\/strong><\/h3>\n<p>Hedvig nie mieszka nawet na ko\u0144cu \u015bwiata, ale za nim. W czerwonym drewnianym domu, z rodzicami, owc\u0105, kilkoma kurami, psem, dwoma kotami - ale bez najlepszego przyjaciela.<\/p>\n<p>Poniewa\u017c Hedvig jest jedynym dzieckiem w okolicy. Co za szcz\u0119\u015bcie, \u017ce wkr\u00f3tce rozpocznie nauk\u0119 w szkole! Kiedy pierwszego dnia w szkole poznaje Lind\u0119, \u017cycie Hedvig nagle staje si\u0119 pe\u0142ne przyg\u00f3d. Gdyby tylko jej szalone pomys\u0142y nie zawsze ko\u0144czy\u0142y si\u0119 inaczej, ni\u017c si\u0119 spodziewa\u0142a... Jak Hedvig mog\u0142a si\u0119 domy\u015bli\u0107, \u017ce kijanki nie lubi\u0105 \u015bmietany, \u017ce Rickard musi plu\u0107 wod\u0105 z myd\u0142em w swojej butelce do picia i \u017ce kwiaty, kt\u00f3re zbiera dla mamy, tak naprawd\u0119 nale\u017c\u0105 do s\u0105siada?<\/p>\n<p><strong>Szczeg\u00f3\u0142y produktu<\/strong><br \/>\nWydawca : Gulliver by Beltz &amp; Gelberg<br \/>\nRok wydania: 2014<br \/>\nJ\u0119zyk : niemiecki<br \/>\nOprawa : mi\u0119kka<br \/>\nLiczba stron: 173 strony<br \/>\nISBN-10 : 3407744536<br \/>\nISBN-13 : 978-3407744531<br \/>\nZalecany wiek: 7-9 lat<br \/>\nRozmiar przedmiotu: 12,6 x 1,2 x 18,8 cm<\/p>","protected":false},"excerpt":{"rendered":"<h3><strong>Artikelmerkmale<\/strong><\/h3>\n<p>Artikelzustand: Neu - Neues, ungelesenes, ungebrauchtes Buch in makellosem Zustand<\/p>\n<table style=\"border-collapse: collapse;width: 432pt\" width=\"576\">\n<tbody>\n<tr style=\"height: 15.0pt\">\n<td class=\"xl65\" style=\"width: 193pt;height: 15.0pt\" width=\"257\" height=\"20\">Autor:<\/td>\n<td class=\"xl65\" style=\"width: 239pt\" width=\"319\">Frida Nilsson<\/td>\n<\/tr>\n<tr style=\"height: 15.0pt\">\n<td class=\"xl65\" style=\"height: 15.0pt\" height=\"20\">Funkcje specjalne:<\/td>\n<td class=\"xl65\">Illustriert<\/td>\n<\/tr>\n<tr style=\"height: 15.0pt\">\n<td class=\"xl65\" style=\"height: 15.0pt\" height=\"20\">Buchreihe:<\/td>\n<td class=\"xl65\">nicht zutreffend<\/td>\n<\/tr>\n<tr style=\"height: 15.0pt\">\n<td class=\"xl65\" style=\"height: 15.0pt\" height=\"20\">Buchtitel:<\/td>\n<td class=\"xl65\">Hedvig! Das erste Schuljahr<\/td>\n<\/tr>\n<tr style=\"height: 15.0pt\">\n<td class=\"xl65\" style=\"height: 15.0pt\" height=\"20\">Erscheinungsjahr:<\/td>\n<td class=\"xl65\">2014<\/td>\n<\/tr>\n<tr style=\"height: 15.0pt\">\n<td class=\"xl65\" style=\"height: 15.0pt\" height=\"20\">Format:<\/td>\n<td class=\"xl65\">Taschenbuch<\/td>\n<\/tr>\n<tr style=\"height: 15.0pt\">\n<td class=\"xl65\" style=\"height: 15.0pt\" height=\"20\">Genre:<\/td>\n<td class=\"xl65\">Kinder- &amp; Jugendliteratur<\/td>\n<\/tr>\n<tr style=\"height: 15.0pt\">\n<td style=\"height: 15.0pt\" height=\"20\">Herstellungsland und -region:<\/td>\n<td>Niemcy<\/td>\n<\/tr>\n<tr style=\"height: 15.0pt\">\n<td class=\"xl65\" style=\"height: 15.0pt\" height=\"20\">ISBN:<\/td>\n<td class=\"xl65\">9783407744531<\/td>\n<\/tr>\n<tr style=\"height: 15.0pt\">\n<td class=\"xl65\" style=\"height: 15.0pt\" height=\"20\">Literarische Gattung:<\/td>\n<td class=\"xl65\">Belletristik<\/td>\n<\/tr>\n<tr style=\"height: 15.0pt\">\n<td style=\"height: 15.0pt\" height=\"20\">Produktart:<\/td>\n<td class=\"xl65\">Kinderbuch<\/td>\n<\/tr>\n<tr style=\"height: 15.0pt\">\n<td class=\"xl65\" style=\"height: 15.0pt\" height=\"20\">Sprache:<\/td>\n<td class=\"xl65\">Niemiecki<\/td>\n<\/tr>\n<tr style=\"height: 15.0pt\">\n<td class=\"xl65\" style=\"height: 15.0pt\" height=\"20\">Thematik:<\/td>\n<td class=\"xl65\">Schule<\/td>\n<\/tr>\n<tr style=\"height: 15.0pt\">\n<td class=\"xl65\" style=\"height: 15.0pt\" height=\"20\">Verlag:<\/td>\n<td class=\"xl65\">Guliwer od Beltz &amp; Gelberg<\/td>\n<\/tr>\n<tr style=\"height: 15.0pt\">\n<td style=\"height: 15.0pt\" height=\"20\">Zielgruppe:<\/td>\n<td>7-9 Jahre<\/td>\n<\/tr>\n<\/tbody>\n<\/table>","protected":false},"featured_media":77860,"comment_status":"open","ping_status":"closed","template":"","meta":{"_seopress_robots_primary_cat":"","_seopress_titles_title":"","_seopress_titles_desc":"","_seopress_robots_index":""},"product_brand":[],"product_cat":[1428,1431,1441],"product_tag":[],"class_list":{"0":"post-77736","1":"product","2":"type-product","3":"status-publish","4":"has-post-thumbnail","6":"product_cat-buecher","7":"product_cat-kinder","8":"product_cat-geschichten","9":"product_shipping_class-standard-versand","11":"first","12":"instock","13":"taxable","14":"shipping-taxable","15":"purchasable","16":"product-type-simple"},"_links":{"self":[{"href":"https:\/\/www.soanam.de\/pl\/wp-json\/wp\/v2\/product\/77736","targetHints":{"allow":["GET"]}}],"collection":[{"href":"https:\/\/www.soanam.de\/pl\/wp-json\/wp\/v2\/product"}],"about":[{"href":"https:\/\/www.soanam.de\/pl\/wp-json\/wp\/v2\/types\/product"}],"replies":[{"embeddable":true,"href":"https:\/\/www.soanam.de\/pl\/wp-json\/wp\/v2\/comments?post=77736"}],"wp:featuredmedia":[{"embeddable":true,"href":"https:\/\/www.soanam.de\/pl\/wp-json\/wp\/v2\/media\/77860"}],"wp:attachment":[{"href":"https:\/\/www.soanam.de\/pl\/wp-json\/wp\/v2\/media?parent=77736"}],"wp:term":[{"taxonomy":"product_brand","embeddable":true,"href":"https:\/\/www.soanam.de\/pl\/wp-json\/wp\/v2\/product_brand?post=77736"},{"taxonomy":"product_cat","embeddable":true,"href":"https:\/\/www.soanam.de\/pl\/wp-json\/wp\/v2\/product_cat?post=77736"},{"taxonomy":"product_tag","embeddable":true,"href":"https:\/\/www.soanam.de\/pl\/wp-json\/wp\/v2\/product_tag?post=77736"}],"curies":[{"name":"wp","href":"https:\/\/api.w.org\/{rel}","templated":true}]}}

<h3><strong>Opis produktu</strong></h3>
<p>Hedvig nie mieszka nawet na końcu świata, ale za nim. W czerwonym drewnianym domu, z rodzicami, owcą, kilkoma kurami, psem, dwoma kotami - ale bez najlepszego przyjaciela.</p>
<p>Ponieważ Hedvig jest jedynym dzieckiem w okolicy. Co za szczęście, że wkrótce rozpocznie naukę w szkole! Kiedy pierwszego dnia w szkole poznaje Lindę, życie Hedvig nagle staje się pełne przygód. Gdyby tylko jej szalone pomysły nie zawsze kończyły się inaczej, niż się spodziewała... Jak Hedvig mogła się domyślić, że kijanki nie lubią śmietany, że Rickard musi pluć wodą z mydłem w swojej butelce do picia i że kwiaty, które zbiera dla mamy, tak naprawdę należą do sąsiada?</p>
<p><strong>Szczegóły produktu</strong><br />
Wydawca : Gulliver by Beltz &amp; Gelberg<br />
Rok wydania: 2014<br />
Język : niemiecki<br />
Oprawa : miękka<br />
Liczba stron: 173 strony<br />
ISBN-10 : 3407744536<br />
ISBN-13 : 978-3407744531<br />
Zalecany wiek: 7-9 lat<br />
Rozmiar przedmiotu: 12,6 x 1,2 x 18,8 cm</p>
