{"id":77611,"date":"2023-12-13T20:56:55","date_gmt":"2023-12-13T19:56:55","guid":{"rendered":"https:\/\/www.soanam.de\/?post_type=product&#038;p=77611"},"modified":"2023-12-13T20:59:50","modified_gmt":"2023-12-13T19:59:50","slug":"gang-skinny-fit-jeans-medina-w-kolorze-czarnym-rozmiar-w31","status":"publish","type":"product","link":"https:\/\/www.soanam.de\/pl\/produkt\/gang-skinny-fit-jeans-medina-in-black-groesse-w31\/","title":{"rendered":"D\u017cinsy skinny MEDINA marki GANG, w kolorze czarnym, rozmiar W31"},"content":{"rendered":"<p>D\u017cinsy skinny Medina marki GANG<br \/>\nKr\u00f3j skinny z normalnym stanem<br \/>\nW po\u0142owie ukryte zapi\u0119cie na guziki<br \/>\nG\u0142\u0119bsze tylne kieszenie z dziel\u0105cymi szwami<br \/>\n\u015awietny efekt kszta\u0142towania<\/p>\n<p>Te u\u017cywane d\u017cinsy zapewniaj\u0105 nowoczesny wygl\u0105d dzi\u0119ki otwartej plisie guzikowej, autentycznemu spraniu i licznym ozdobnym szwom dziel\u0105cym i kontrastowym sekcjom.<br \/>\nG\u0142\u0119bokie kieszenie tworz\u0105 kobiece kr\u0105g\u0142o\u015bci i nadaj\u0105 projektowi swobodny charakter.<br \/>\nDzi\u0119ki wytrzyma\u0142ym w\u0142\u00f3knom, elastyczny denim zapewnia wygod\u0119 i elastyczne dopasowanie.<\/p>\n<p>Materia\u0142: bawe\u0142na 98%, elastan 2%<br \/>\nWskaz\u00f3wki dotycz\u0105ce piel\u0119gnacji: Mo\u017cna pra\u0107 w pralce w temperaturze 30\u00b0<\/p>\n<p>Kolor: ciemny kamienny czarny<br \/>\nRozmiar: W31<\/p>\n<p>Rozmiar talii: 82 cm<br \/>\nObw\u00f3d bioder: 97 cm<br \/>\nD\u0142ugo\u015b\u0107 kroku: 79 cm<br \/>\nCa\u0142kowita d\u0142ugo\u015b\u0107: 110 cm<\/p>","protected":false},"excerpt":{"rendered":"<table class=\"dv_characteristicsTable\">\n<tbody>\n<tr>\n<td class=\"left\">Rozmiar<\/td>\n<td>31<\/td>\n<\/tr>\n<tr>\n<td class=\"left\">Gr\u00f6\u00dfentyp<\/td>\n<td>Normalgr\u00f6\u00dfen<\/td>\n<\/tr>\n<tr>\n<td class=\"left\">Sk\u0142ad materia\u0142u<\/td>\n<td>Obermaterial: 98% Baumwolle, 2% Elasthan<\/td>\n<\/tr>\n<tr>\n<td class=\"left\">Materialhinweis<\/td>\n<td>enth\u00e4lt nichttextile Teile tierischen Ursprungs<\/td>\n<\/tr>\n<tr>\n<td class=\"left\">Materialart<\/td>\n<td>Denim<\/td>\n<\/tr>\n<tr>\n<td class=\"left\">Materialeigenschaften<\/td>\n<td>elastisch<\/td>\n<\/tr>\n<tr>\n<td class=\"left\">Instrukcje dotycz\u0105ce piel\u0119gnacji<\/td>\n<td>Pranie w pralce<\/td>\n<\/tr>\n<tr>\n<td class=\"left\">Stil<\/td>\n<td>modisch<\/td>\n<\/tr>\n<tr>\n<td class=\"left\">Waschung<\/td>\n<td>stone, washed<\/td>\n<\/tr>\n<tr>\n<td class=\"left\">Herstellerfarbbezeichnung<\/td>\n<td>dark stone black<\/td>\n<\/tr>\n<tr>\n<td class=\"left\">Kolor<\/td>\n<td>schwarz<\/td>\n<\/tr>\n<tr>\n<td class=\"left\">Leibh\u00f6he<\/td>\n<td>normal<\/td>\n<\/tr>\n<tr>\n<td class=\"left\">Bundabschluss<\/td>\n<td>angesetztes B\u00fcndchen<\/td>\n<\/tr>\n<tr>\n<td class=\"left\">Beinform<\/td>\n<td>schmal<\/td>\n<\/tr>\n<tr>\n<td class=\"left\">Beinabschluss<\/td>\n<td>abgesteppt<\/td>\n<\/tr>\n<tr>\n<td class=\"left\">Dopasowanie<\/td>\n<td>skinny fit<\/td>\n<\/tr>\n<tr>\n<td class=\"left\">Schnittform L\u00e4nge<\/td>\n<td>lang<\/td>\n<\/tr>\n<tr>\n<td class=\"left\">G\u00fcrtelschlaufen<\/td>\n<td>ja<\/td>\n<\/tr>\n<tr>\n<td class=\"left\">Applikationen<\/td>\n<td>Markenlabel, Nieten<\/td>\n<\/tr>\n<tr>\n<td class=\"left\">Torby<\/td>\n<td>Eingrifftaschen, Ges\u00e4\u00dftaschen<\/td>\n<\/tr>\n<tr>\n<td class=\"left\">Verschluss<\/td>\n<td>Zapi\u0119cie na guziki<\/td>\n<\/tr>\n<tr>\n<td class=\"left\">Besondere Merkmale<\/td>\n<td>mit stylischer halb offener Knopfleiste<\/td>\n<\/tr>\n<\/tbody>\n<\/table>","protected":false},"featured_media":77749,"comment_status":"open","ping_status":"closed","template":"","meta":{"_seopress_robots_primary_cat":"","_seopress_titles_title":"","_seopress_titles_desc":"","_seopress_robots_index":""},"product_brand":[],"product_cat":[1348,1349,1350],"product_tag":[],"class_list":{"0":"post-77611","1":"product","2":"type-product","3":"status-publish","4":"has-post-thumbnail","6":"product_cat-damen-mode","7":"product_cat-hosen-damen-mode","8":"product_cat-jeans-hosen-damen-mode","9":"product_shipping_class-standard-versand","11":"first","12":"instock","13":"sale","14":"taxable","15":"shipping-taxable","16":"purchasable","17":"product-type-simple"},"_links":{"self":[{"href":"https:\/\/www.soanam.de\/pl\/wp-json\/wp\/v2\/product\/77611","targetHints":{"allow":["GET"]}}],"collection":[{"href":"https:\/\/www.soanam.de\/pl\/wp-json\/wp\/v2\/product"}],"about":[{"href":"https:\/\/www.soanam.de\/pl\/wp-json\/wp\/v2\/types\/product"}],"replies":[{"embeddable":true,"href":"https:\/\/www.soanam.de\/pl\/wp-json\/wp\/v2\/comments?post=77611"}],"wp:featuredmedia":[{"embeddable":true,"href":"https:\/\/www.soanam.de\/pl\/wp-json\/wp\/v2\/media\/77749"}],"wp:attachment":[{"href":"https:\/\/www.soanam.de\/pl\/wp-json\/wp\/v2\/media?parent=77611"}],"wp:term":[{"taxonomy":"product_brand","embeddable":true,"href":"https:\/\/www.soanam.de\/pl\/wp-json\/wp\/v2\/product_brand?post=77611"},{"taxonomy":"product_cat","embeddable":true,"href":"https:\/\/www.soanam.de\/pl\/wp-json\/wp\/v2\/product_cat?post=77611"},{"taxonomy":"product_tag","embeddable":true,"href":"https:\/\/www.soanam.de\/pl\/wp-json\/wp\/v2\/product_tag?post=77611"}],"curies":[{"name":"wp","href":"https:\/\/api.w.org\/{rel}","templated":true}]}}

Dżinsy skinny MEDINA marki GANG, w kolorze czarnym, rozmiar W31

<p>Dżinsy skinny Medina marki GANG<br />
Krój skinny z normalnym stanem<br />
W połowie ukryte zapięcie na guziki<br />
Głębsze tylne kieszenie z dzielącymi szwami<br />
Świetny efekt kształtowania</p>
<p>Te używane dżinsy zapewniają nowoczesny wygląd dzięki otwartej plisie guzikowej, autentycznemu spraniu i licznym ozdobnym szwom dzielącym i kontrastowym sekcjom.<br />
Głębokie kieszenie tworzą kobiece krągłości i nadają projektowi swobodny charakter.<br />
Dzięki wytrzymałym włóknom, elastyczny denim zapewnia wygodę i elastyczne dopasowanie.</p>
<p>Materiał: bawełna 98%, elastan 2%<br />
Wskazówki dotyczące pielęgnacji: Można prać w pralce w temperaturze 30°</p>
<p>Kolor: ciemny kamienny czarny<br />
Rozmiar: W31</p>
<p>Rozmiar talii: 82 cm<br />
Obwód bioder: 97 cm<br />
Długość kroku: 79 cm<br />
Całkowita długość: 110 cm</p>

<table class="dv_characteristicsTable">
<tbody>
<tr>
<td class="left">Rozmiar</td>
<td>31</td>
</tr>
<tr>
<td class="left">Größentyp</td>
<td>Normalgrößen</td>
</tr>
<tr>
<td class="left">Skład materiału</td>
<td>Obermaterial: 98% Baumwolle, 2% Elasthan</td>
</tr>
<tr>
<td class="left">Materialhinweis</td>
<td>enthält nichttextile Teile tierischen Ursprungs</td>
</tr>
<tr>
<td class="left">Materialart</td>
<td>Denim</td>
</tr>
<tr>
<td class="left">Materialeigenschaften</td>
<td>elastisch</td>
</tr>
<tr>
<td class="left">Instrukcje dotyczące pielęgnacji</td>
<td>Pranie w pralce</td>
</tr>
<tr>
<td class="left">Stil</td>
<td>modisch</td>
</tr>
<tr>
<td class="left">Waschung</td>
<td>stone, washed</td>
</tr>
<tr>
<td class="left">Herstellerfarbbezeichnung</td>
<td>dark stone black</td>
</tr>
<tr>
<td class="left">Kolor</td>
<td>schwarz</td>
</tr>
<tr>
<td class="left">Leibhöhe</td>
<td>normal</td>
</tr>
<tr>
<td class="left">Bundabschluss</td>
<td>angesetztes Bündchen</td>
</tr>
<tr>
<td class="left">Beinform</td>
<td>schmal</td>
</tr>
<tr>
<td class="left">Beinabschluss</td>
<td>abgesteppt</td>
</tr>
<tr>
<td class="left">Dopasowanie</td>
<td>skinny fit</td>
</tr>
<tr>
<td class="left">Schnittform Länge</td>
<td>lang</td>
</tr>
<tr>
<td class="left">Gürtelschlaufen</td>
<td>ja</td>
</tr>
<tr>
<td class="left">Applikationen</td>
<td>Markenlabel, Nieten</td>
</tr>
<tr>
<td class="left">Torby</td>
<td>Eingrifftaschen, Gesäßtaschen</td>
</tr>
<tr>
<td class="left">Verschluss</td>
<td>Zapięcie na guziki</td>
</tr>
<tr>
<td class="left">Besondere Merkmale</td>
<td>mit stylischer halb offener Knopfleiste</td>
</tr>
</tbody>
</table>
