{"id":77596,"date":"2023-12-13T20:56:30","date_gmt":"2023-12-13T19:56:30","guid":{"rendered":"https:\/\/www.soanam.de\/?post_type=product&#038;p=77596"},"modified":"2023-12-13T20:59:44","modified_gmt":"2023-12-13T19:59:44","slug":"gang-relax-fit-jeans-amelie-in-blue-washed-rozmiar-w32","status":"publish","type":"product","link":"https:\/\/www.soanam.de\/pl\/produkt\/gang-relax-fit-jeans-amelie-in-blue-washed-groesse-w32\/","title":{"rendered":"GANG D\u017cinsy o lu\u017anym kroju AMELIE, kolor niebieski sprany, rozmiar W32"},"content":{"rendered":"<p>D\u017cinsy Amelie od GANG<br \/>\nLu\u017any kr\u00f3j z nieco ni\u017cszym stanem<br \/>\nZam\u00f3w o jeden rozmiar mniejszy dla normalnego dopasowania<br \/>\nWysoki komfort dzi\u0119ki zawarto\u015bci elastanu<\/p>\n<p>Kr\u00f3j d\u017cins\u00f3w Amelie jest lu\u017any i pasuje r\u00f3wnie\u017c do sylwetek z mocnymi udami i \u0142ydkami.<br \/>\nD\u017cinsy zdobywaj\u0105 modowe punkty dzi\u0119ki zastosowanym efektom.<br \/>\nElastyczny bawe\u0142niany materia\u0142 d\u017cinsowy jest \u0142atwy w piel\u0119gnacji i bardzo wygodny.<\/p>\n<p>Materia\u0142: 59,5% bawe\u0142ny, 36% poliestru, 4,5% elastanu<br \/>\nWskaz\u00f3wki dotycz\u0105ce piel\u0119gnacji: Mo\u017cna pra\u0107 w pralce w temperaturze 30\u00b0<\/p>\n<p>Kolor: niebieski sprany<br \/>\nRozmiar: W32<\/p>\n<p>Rozmiar talii: 88 cm<br \/>\nObw\u00f3d bioder: 102 cm<br \/>\nD\u0142ugo\u015b\u0107 stopnia: 78 cm<br \/>\nCa\u0142kowita d\u0142ugo\u015b\u0107: 110 cm<\/p>","protected":false},"excerpt":{"rendered":"<table class=\"dv_characteristicsTable\">\n<tbody>\n<tr>\n<td class=\"left\">Rozmiar<\/td>\n<td>32<\/td>\n<\/tr>\n<tr>\n<td class=\"left\">Gr\u00f6\u00dfentyp<\/td>\n<td>Normalgr\u00f6\u00dfen<\/td>\n<\/tr>\n<tr>\n<td class=\"left\">Sk\u0142ad materia\u0142u<\/td>\n<td>Obermaterial: 59,5% Baumwolle, 36% Polyester, 4,5% Elasthan<\/td>\n<\/tr>\n<tr>\n<td class=\"left\">Materialart<\/td>\n<td>Denim<\/td>\n<\/tr>\n<tr>\n<td class=\"left\">Materialeigenschaften<\/td>\n<td>elastisch, pflegeleicht<\/td>\n<\/tr>\n<tr>\n<td class=\"left\">Instrukcje dotycz\u0105ce piel\u0119gnacji<\/td>\n<td>Pranie w pralce<\/td>\n<\/tr>\n<tr>\n<td class=\"left\">Optik<\/td>\n<td>unifarben<\/td>\n<\/tr>\n<tr>\n<td class=\"left\">Stil<\/td>\n<td>modisch<\/td>\n<\/tr>\n<tr>\n<td class=\"left\">Waschung<\/td>\n<td>stone, washed<\/td>\n<\/tr>\n<tr>\n<td class=\"left\">Herstellerfarbbezeichnung<\/td>\n<td>medium power (blue washed)<\/td>\n<\/tr>\n<tr>\n<td class=\"left\">Kolor<\/td>\n<td>blue, washed<\/td>\n<\/tr>\n<tr>\n<td class=\"left\">Leibh\u00f6he<\/td>\n<td>etwas niedriger<\/td>\n<\/tr>\n<tr>\n<td class=\"left\">Bundabschluss<\/td>\n<td>angesetztes B\u00fcndchen<\/td>\n<\/tr>\n<tr>\n<td class=\"left\">Beinform<\/td>\n<td>schmal<\/td>\n<\/tr>\n<tr>\n<td class=\"left\">Beinabschluss<\/td>\n<td>abgesteppte Kante<\/td>\n<\/tr>\n<tr>\n<td class=\"left\">Dopasowanie<\/td>\n<td>relaxed fit<\/td>\n<\/tr>\n<tr>\n<td class=\"left\">Herstellerpassform<\/td>\n<td>Relaxed fit<\/td>\n<\/tr>\n<tr>\n<td class=\"left\">Schnittform L\u00e4nge<\/td>\n<td>lang<\/td>\n<\/tr>\n<tr>\n<td class=\"left\">G\u00fcrtelschlaufen<\/td>\n<td>ja<\/td>\n<\/tr>\n<tr>\n<td class=\"left\">Applikationen<\/td>\n<td>Markenlabel, Nieten<\/td>\n<\/tr>\n<tr>\n<td class=\"left\">Torby<\/td>\n<td>Eingrifftaschen, Ges\u00e4\u00dftaschen, Coinpocket<\/td>\n<\/tr>\n<tr>\n<td class=\"left\">Verschluss<\/td>\n<td>1-Knopf-Form, Rei\u00dfverschluss<\/td>\n<\/tr>\n<tr>\n<td class=\"left\">Besondere Merkmale<\/td>\n<td>in cooler Used Waschung<\/td>\n<\/tr>\n<\/tbody>\n<\/table>","protected":false},"featured_media":77746,"comment_status":"open","ping_status":"closed","template":"","meta":{"_seopress_robots_primary_cat":"","_seopress_titles_title":"","_seopress_titles_desc":"","_seopress_robots_index":""},"product_brand":[],"product_cat":[1348,1349,1350],"product_tag":[],"class_list":{"0":"post-77596","1":"product","2":"type-product","3":"status-publish","4":"has-post-thumbnail","6":"product_cat-damen-mode","7":"product_cat-hosen-damen-mode","8":"product_cat-jeans-hosen-damen-mode","9":"product_shipping_class-standard-versand","11":"first","12":"instock","13":"taxable","14":"shipping-taxable","15":"purchasable","16":"product-type-simple"},"_links":{"self":[{"href":"https:\/\/www.soanam.de\/pl\/wp-json\/wp\/v2\/product\/77596","targetHints":{"allow":["GET"]}}],"collection":[{"href":"https:\/\/www.soanam.de\/pl\/wp-json\/wp\/v2\/product"}],"about":[{"href":"https:\/\/www.soanam.de\/pl\/wp-json\/wp\/v2\/types\/product"}],"replies":[{"embeddable":true,"href":"https:\/\/www.soanam.de\/pl\/wp-json\/wp\/v2\/comments?post=77596"}],"wp:featuredmedia":[{"embeddable":true,"href":"https:\/\/www.soanam.de\/pl\/wp-json\/wp\/v2\/media\/77746"}],"wp:attachment":[{"href":"https:\/\/www.soanam.de\/pl\/wp-json\/wp\/v2\/media?parent=77596"}],"wp:term":[{"taxonomy":"product_brand","embeddable":true,"href":"https:\/\/www.soanam.de\/pl\/wp-json\/wp\/v2\/product_brand?post=77596"},{"taxonomy":"product_cat","embeddable":true,"href":"https:\/\/www.soanam.de\/pl\/wp-json\/wp\/v2\/product_cat?post=77596"},{"taxonomy":"product_tag","embeddable":true,"href":"https:\/\/www.soanam.de\/pl\/wp-json\/wp\/v2\/product_tag?post=77596"}],"curies":[{"name":"wp","href":"https:\/\/api.w.org\/{rel}","templated":true}]}}

GANG Dżinsy o luźnym kroju AMELIE, kolor niebieski sprany, rozmiar W32

<p>Dżinsy Amelie od GANG<br />
Luźny krój z nieco niższym stanem<br />
Zamów o jeden rozmiar mniejszy dla normalnego dopasowania<br />
Wysoki komfort dzięki zawartości elastanu</p>
<p>Krój dżinsów Amelie jest luźny i pasuje również do sylwetek z mocnymi udami i łydkami.<br />
Dżinsy zdobywają modowe punkty dzięki zastosowanym efektom.<br />
Elastyczny bawełniany materiał dżinsowy jest łatwy w pielęgnacji i bardzo wygodny.</p>
<p>Materiał: 59,5% bawełny, 36% poliestru, 4,5% elastanu<br />
Wskazówki dotyczące pielęgnacji: Można prać w pralce w temperaturze 30°</p>
<p>Kolor: niebieski sprany<br />
Rozmiar: W32</p>
<p>Rozmiar talii: 88 cm<br />
Obwód bioder: 102 cm<br />
Długość stopnia: 78 cm<br />
Całkowita długość: 110 cm</p>

<table class="dv_characteristicsTable">
<tbody>
<tr>
<td class="left">Rozmiar</td>
<td>32</td>
</tr>
<tr>
<td class="left">Größentyp</td>
<td>Normalgrößen</td>
</tr>
<tr>
<td class="left">Skład materiału</td>
<td>Obermaterial: 59,5% Baumwolle, 36% Polyester, 4,5% Elasthan</td>
</tr>
<tr>
<td class="left">Materialart</td>
<td>Denim</td>
</tr>
<tr>
<td class="left">Materialeigenschaften</td>
<td>elastisch, pflegeleicht</td>
</tr>
<tr>
<td class="left">Instrukcje dotyczące pielęgnacji</td>
<td>Pranie w pralce</td>
</tr>
<tr>
<td class="left">Optik</td>
<td>unifarben</td>
</tr>
<tr>
<td class="left">Stil</td>
<td>modisch</td>
</tr>
<tr>
<td class="left">Waschung</td>
<td>stone, washed</td>
</tr>
<tr>
<td class="left">Herstellerfarbbezeichnung</td>
<td>medium power (blue washed)</td>
</tr>
<tr>
<td class="left">Kolor</td>
<td>blue, washed</td>
</tr>
<tr>
<td class="left">Leibhöhe</td>
<td>etwas niedriger</td>
</tr>
<tr>
<td class="left">Bundabschluss</td>
<td>angesetztes Bündchen</td>
</tr>
<tr>
<td class="left">Beinform</td>
<td>schmal</td>
</tr>
<tr>
<td class="left">Beinabschluss</td>
<td>abgesteppte Kante</td>
</tr>
<tr>
<td class="left">Dopasowanie</td>
<td>relaxed fit</td>
</tr>
<tr>
<td class="left">Herstellerpassform</td>
<td>Relaxed fit</td>
</tr>
<tr>
<td class="left">Schnittform Länge</td>
<td>lang</td>
</tr>
<tr>
<td class="left">Gürtelschlaufen</td>
<td>ja</td>
</tr>
<tr>
<td class="left">Applikationen</td>
<td>Markenlabel, Nieten</td>
</tr>
<tr>
<td class="left">Torby</td>
<td>Eingrifftaschen, Gesäßtaschen, Coinpocket</td>
</tr>
<tr>
<td class="left">Verschluss</td>
<td>1-Knopf-Form, Reißverschluss</td>
</tr>
<tr>
<td class="left">Besondere Merkmale</td>
<td>in cooler Used Waschung</td>
</tr>
</tbody>
</table>
