{"id":77561,"date":"2023-12-13T20:55:44","date_gmt":"2023-12-13T19:55:44","guid":{"rendered":"https:\/\/www.soanam.de\/?post_type=product&#038;p=77561"},"modified":"2023-12-13T20:59:03","modified_gmt":"2023-12-13T19:59:03","slug":"esprit-active-garnitur-marynarka-spodnie-mieszanka-welny-granatowy-rozmiar-46","status":"publish","type":"product","link":"https:\/\/www.soanam.de\/pl\/produkt\/esprit-active-suit-sakko-hose-aus-woll-mix-in-dark-blue-groesse-46\/","title":{"rendered":"Esprit - ACTIVE SUIT kurtka + spodnie z mieszanki we\u0142ny w kolorze ciemnoniebieskim, rozmiar 46"},"content":{"rendered":"<h3>Opis<\/h3>\n<p><strong>ACTIVE SUIT kurtka + spodnie z mieszanki we\u0142ny<\/strong><\/p>\n<p>Kurtka Active Suit: Bi-elastyczna we\u0142niana tkanina tej kurtki zapewnia doskona\u0142\u0105 swobod\u0119 ruch\u00f3w i zachowanie kszta\u0142tu.<br \/>\nBi-elastyczna mieszanka we\u0142ny zapewnia swobod\u0119 ruch\u00f3w i zachowanie kszta\u0142tu.<br \/>\nJedwabista podszewka z kieszeni\u0105 zapinan\u0105 na guzik<br \/>\nSzczeg\u00f3lnie w\u0105ski, opadaj\u0105cy ko\u0142nierz klapy<br \/>\nZapi\u0119cie na dwa guziki<br \/>\nkiesze\u0144 ze \u015bci\u0105gaczem na wysoko\u015bci klatki piersiowej, kieszenie z patk\u0105 na wysoko\u015bci bioder z lam\u00f3wk\u0105<br \/>\nR\u0119kawy zako\u0144czone ozdobnymi guzikami<br \/>\nIdealny garnitur w po\u0142\u0105czeniu ze spodniami<\/p>\n<p>Spodnie Active Suit: Bi-elastyczna we\u0142niana tkanina tych spodni zapewnia doskona\u0142\u0105 swobod\u0119 ruch\u00f3w i zachowanie kszta\u0142tu.<br \/>\nBi-elastyczna we\u0142niana tkanina zapewnia swobod\u0119 ruch\u00f3w i zachowanie kszta\u0142tu.<br \/>\nNogawki spodni z przedni\u0105 podszewk\u0105 do kolan<br \/>\nPodszyta talia ze szlufkami na pasek, ukrytym zapi\u0119ciem na haczyk i zamkiem b\u0142yskawicznym<br \/>\nDwie boczne kieszenie z przodu i zapinane na guziki kieszenie z ty\u0142u<br \/>\nPlisy<br \/>\nIdealny garnitur w po\u0142\u0105czeniu z kurtk\u0105<\/p>\n<p><strong>informacje o rozmiarze kurtki<\/strong><\/p>\n<p>Dla rozmiaru 48 (mo\u017ce si\u0119 nieznacznie r\u00f3\u017cni\u0107 w zale\u017cno\u015bci od rozmiaru):<br \/>\nD\u0142ugo\u015b\u0107 plec\u00f3w: ok. 70 cm<br \/>\nD\u0142ugo\u015b\u0107 r\u0119kawa: ok. 64 cm<\/p>\n<p><strong>MATERIA\u0141 I PIEL\u0118GNACJA<\/strong><br \/>\nMateria\u0142 zewn\u0119trzny: poliester 52%, we\u0142na 44%, elastan 4%<br \/>\nPodszewka: poliester 100%<\/p>\n<p><strong>INFORMACJE O ROZMIARZE<\/strong> <strong>Spodnie<\/strong><\/p>\n<p>Dla rozmiaru 48 (mo\u017ce si\u0119 nieznacznie r\u00f3\u017cni\u0107 w zale\u017cno\u015bci od rozmiaru):<br \/>\nWewn\u0119trzna d\u0142ugo\u015b\u0107 nogawki: ok. 78 cm<br \/>\nRozstaw nogawek: ok. 35 cm<\/p>\n<p><strong>MATERIA\u0141 I PIEL\u0118GNACJA<\/strong><br \/>\nMateria\u0142 zewn\u0119trzny: poliester 52%, we\u0142na 44%, elastan 4%<br \/>\nPodszewka: poliester 100%<\/p>","protected":false},"excerpt":{"rendered":"<h3>Artikelmerkmale<\/h3>\n<p>Stan produktu: Nowy z etykiet\u0105: Nowy, nieu\u017cywany i nienoszony produkt w oryginalnym opakowaniu.<\/p>\n<p>Abteilung: Herren<br \/>\nAnlass: Business<br \/>\nBrustumfang: ohne Angabe<br \/>\nEAN: 4061355846992<br \/>\nFarbe: Blau<br \/>\nFuttermaterial: Polyester<br \/>\nGewebeart: ohne Angabe<br \/>\nRozmiar: 46<br \/>\nGr\u00f6\u00dfenkategorie: Normalgr\u00f6\u00dfe<br \/>\nJacken-\/Mantell\u00e4nge: Normal<br \/>\nJackenrevers-Form: Reversekragen<br \/>\nMarke: Esprit<br \/>\nMaterial: Wolle, Polyester<br \/>\nPassform: Classic<br \/>\nProduktart: Anzug<br \/>\nStil: 2-Teiler<br \/>\nThema: Business<br \/>\nVintage: Nein<\/p>","protected":false},"featured_media":77698,"comment_status":"open","ping_status":"closed","template":"","meta":{"_seopress_robots_primary_cat":"","_seopress_titles_title":"","_seopress_titles_desc":"","_seopress_robots_index":""},"product_brand":[],"product_cat":[1345,1368,1427],"product_tag":[],"class_list":{"0":"post-77561","1":"product","2":"type-product","3":"status-publish","4":"has-post-thumbnail","6":"product_cat-herrenmode","7":"product_cat-anzuege-anzugsteile","8":"product_cat-anzuege-2-tlg","9":"product_shipping_class-standard-versand","11":"first","12":"instock","13":"sale","14":"taxable","15":"shipping-taxable","16":"purchasable","17":"product-type-simple"},"_links":{"self":[{"href":"https:\/\/www.soanam.de\/pl\/wp-json\/wp\/v2\/product\/77561","targetHints":{"allow":["GET"]}}],"collection":[{"href":"https:\/\/www.soanam.de\/pl\/wp-json\/wp\/v2\/product"}],"about":[{"href":"https:\/\/www.soanam.de\/pl\/wp-json\/wp\/v2\/types\/product"}],"replies":[{"embeddable":true,"href":"https:\/\/www.soanam.de\/pl\/wp-json\/wp\/v2\/comments?post=77561"}],"wp:featuredmedia":[{"embeddable":true,"href":"https:\/\/www.soanam.de\/pl\/wp-json\/wp\/v2\/media\/77698"}],"wp:attachment":[{"href":"https:\/\/www.soanam.de\/pl\/wp-json\/wp\/v2\/media?parent=77561"}],"wp:term":[{"taxonomy":"product_brand","embeddable":true,"href":"https:\/\/www.soanam.de\/pl\/wp-json\/wp\/v2\/product_brand?post=77561"},{"taxonomy":"product_cat","embeddable":true,"href":"https:\/\/www.soanam.de\/pl\/wp-json\/wp\/v2\/product_cat?post=77561"},{"taxonomy":"product_tag","embeddable":true,"href":"https:\/\/www.soanam.de\/pl\/wp-json\/wp\/v2\/product_tag?post=77561"}],"curies":[{"name":"wp","href":"https:\/\/api.w.org\/{rel}","templated":true}]}}

Esprit - ACTIVE SUIT kurtka + spodnie z mieszanki wełny w kolorze ciemnoniebieskim, rozmiar 46

<h3>Opis</h3>
<p><strong>ACTIVE SUIT kurtka + spodnie z mieszanki wełny</strong></p>
<p>Kurtka Active Suit: Bi-elastyczna wełniana tkanina tej kurtki zapewnia doskonałą swobodę ruchów i zachowanie kształtu.<br />
Bi-elastyczna mieszanka wełny zapewnia swobodę ruchów i zachowanie kształtu.<br />
Jedwabista podszewka z kieszenią zapinaną na guzik<br />
Szczególnie wąski, opadający kołnierz klapy<br />
Zapięcie na dwa guziki<br />
kieszeń ze ściągaczem na wysokości klatki piersiowej, kieszenie z patką na wysokości bioder z lamówką<br />
Rękawy zakończone ozdobnymi guzikami<br />
Idealny garnitur w połączeniu ze spodniami</p>
<p>Spodnie Active Suit: Bi-elastyczna wełniana tkanina tych spodni zapewnia doskonałą swobodę ruchów i zachowanie kształtu.<br />
Bi-elastyczna wełniana tkanina zapewnia swobodę ruchów i zachowanie kształtu.<br />
Nogawki spodni z przednią podszewką do kolan<br />
Podszyta talia ze szlufkami na pasek, ukrytym zapięciem na haczyk i zamkiem błyskawicznym<br />
Dwie boczne kieszenie z przodu i zapinane na guziki kieszenie z tyłu<br />
Plisy<br />
Idealny garnitur w połączeniu z kurtką</p>
<p><strong>informacje o rozmiarze kurtki</strong></p>
<p>Dla rozmiaru 48 (może się nieznacznie różnić w zależności od rozmiaru):<br />
Długość pleców: ok. 70 cm<br />
Długość rękawa: ok. 64 cm</p>
<p><strong>MATERIAŁ I PIELĘGNACJA</strong><br />
Materiał zewnętrzny: poliester 52%, wełna 44%, elastan 4%<br />
Podszewka: poliester 100%</p>
<p><strong>INFORMACJE O ROZMIARZE</strong> <strong>Spodnie</strong></p>
<p>Dla rozmiaru 48 (może się nieznacznie różnić w zależności od rozmiaru):<br />
Wewnętrzna długość nogawki: ok. 78 cm<br />
Rozstaw nogawek: ok. 35 cm</p>
<p><strong>MATERIAŁ I PIELĘGNACJA</strong><br />
Materiał zewnętrzny: poliester 52%, wełna 44%, elastan 4%<br />
Podszewka: poliester 100%</p>

<h3>Artikelmerkmale</h3>
<p>Stan produktu: Nowy z etykietą: Nowy, nieużywany i nienoszony produkt w oryginalnym opakowaniu.</p>
<p>Abteilung: Herren<br />
Anlass: Business<br />
Brustumfang: ohne Angabe<br />
EAN: 4061355846992<br />
Farbe: Blau<br />
Futtermaterial: Polyester<br />
Gewebeart: ohne Angabe<br />
Rozmiar: 46<br />
Größenkategorie: Normalgröße<br />
Jacken-/Mantellänge: Normal<br />
Jackenrevers-Form: Reversekragen<br />
Marke: Esprit<br />
Material: Wolle, Polyester<br />
Passform: Classic<br />
Produktart: Anzug<br />
Stil: 2-Teiler<br />
Thema: Business<br />
Vintage: Nein</p>
