{"id":77396,"date":"2023-12-13T20:50:23","date_gmt":"2023-12-13T19:50:23","guid":{"rendered":"https:\/\/www.soanam.de\/?post_type=product&#038;p=77396"},"modified":"2023-12-13T20:56:05","modified_gmt":"2023-12-13T19:56:05","slug":"zestaw-damski-plaszcz-w-odwracalnym-wzorze-pluszowe-futro-lub-gladki-kaptur-czarny","status":"publish","type":"product","link":"https:\/\/www.soanam.de\/pl\/produkt\/set-damen-mantel-im-wende-design-teddyfell-oder-glatt-kapuze-schwarz\/","title":{"rendered":"SET - P\u0142aszcz damski dwustronny, futro pluszowe lub g\u0142adkie, kaptur, czarny"},"content":{"rendered":"<h3>Opis<\/h3>\n<p>Ci\u0119cie proste<br \/>\nOdwracalna konstrukcja<br \/>\nJedna strona w g\u0142adkiej jako\u015bci<br \/>\nJedna strona w pluszowym futerku<br \/>\nSta\u0142y kaptur<br \/>\nZapinana na dwukierunkowy zamek b\u0142yskawiczny<br \/>\nG\u0142adki bok z kieszeniami z klapk\u0105<br \/>\nZ boku pluszowe futro z kieszeniami na suwak<\/p>\n<p><strong>Materia\u0142 i piel\u0119gnacja<\/strong><br \/>\nMateria\u0142: poliester 100%<\/p>\n<p><strong>Instrukcje dotycz\u0105ce piel\u0119gnacji:<\/strong><br \/>\nNie my\u0107<\/p>\n<p><strong>Dopasowanie i wymiary<\/strong><br \/>\nWymiary dla rozmiaru 36:<\/p>\n<p><strong>D\u0142ugo\u015b\u0107 plec\u00f3w od ramienia: 101 cm<\/strong><br \/>\nD\u0142ugo\u015b\u0107 r\u0119kawa: 61 cm<br \/>\nSzeroko\u015b\u0107 klatki piersiowej: 110 cm<br \/>\nRozmiar talii: 110 cm<\/p>","protected":false},"excerpt":{"rendered":"<h3>Artikelmerkmale<\/h3>\n<p>Stan produktu: Nowy z etykiet\u0105: Nowy, nieu\u017cywany i nienoszony produkt w oryginalnym opakowaniu.<br \/>\nAbteilung: Damen<br \/>\nAkzente: Fellbesatz<br \/>\nAnlass: Business, Freizeit<br \/>\nAu\u00dfenmaterial: Polyester<br \/>\nBesonderheiten: Wendemantel<br \/>\nKolor: czarny<br \/>\nFuttermaterial: Polyester<br \/>\nGewebeart: Fleece<br \/>\nGr\u00f6\u00dfe: 34, 36<br \/>\nGr\u00f6\u00dfenkategorie: Normalgr\u00f6\u00dfe<br \/>\nIsoliermaterial: Polyester<br \/>\nJacken-\/Mantell\u00e4nge: Halblang<br \/>\nJahreszeit: Herbst, Winter<br \/>\nMarke: SET<br \/>\nModell: ohne Angabe<br \/>\nMuster: Ohne Muster<br \/>\nProduktart: Mantel<br \/>\nStil: Mantel<br \/>\nThema: Designer<br \/>\nZapi\u0119cie: zamek b\u0142yskawiczny<br \/>\nVintage: Nein<\/p>","protected":false},"featured_media":77555,"comment_status":"open","ping_status":"closed","template":"","meta":{"_seopress_robots_primary_cat":"","_seopress_titles_title":"","_seopress_titles_desc":"","_seopress_robots_index":""},"product_brand":[],"product_cat":[1348,1354,1355,1356],"product_tag":[],"class_list":{"0":"post-77396","1":"product","2":"type-product","3":"status-publish","4":"has-post-thumbnail","6":"product_cat-damen-mode","7":"product_cat-jacken-maentel","8":"product_cat-maentel","9":"product_cat-wintermaentel","10":"product_shipping_class-standard-versand","12":"first","13":"instock","14":"sale","15":"taxable","16":"shipping-taxable","17":"purchasable","18":"product-type-variable"},"_links":{"self":[{"href":"https:\/\/www.soanam.de\/pl\/wp-json\/wp\/v2\/product\/77396","targetHints":{"allow":["GET"]}}],"collection":[{"href":"https:\/\/www.soanam.de\/pl\/wp-json\/wp\/v2\/product"}],"about":[{"href":"https:\/\/www.soanam.de\/pl\/wp-json\/wp\/v2\/types\/product"}],"replies":[{"embeddable":true,"href":"https:\/\/www.soanam.de\/pl\/wp-json\/wp\/v2\/comments?post=77396"}],"wp:featuredmedia":[{"embeddable":true,"href":"https:\/\/www.soanam.de\/pl\/wp-json\/wp\/v2\/media\/77555"}],"wp:attachment":[{"href":"https:\/\/www.soanam.de\/pl\/wp-json\/wp\/v2\/media?parent=77396"}],"wp:term":[{"taxonomy":"product_brand","embeddable":true,"href":"https:\/\/www.soanam.de\/pl\/wp-json\/wp\/v2\/product_brand?post=77396"},{"taxonomy":"product_cat","embeddable":true,"href":"https:\/\/www.soanam.de\/pl\/wp-json\/wp\/v2\/product_cat?post=77396"},{"taxonomy":"product_tag","embeddable":true,"href":"https:\/\/www.soanam.de\/pl\/wp-json\/wp\/v2\/product_tag?post=77396"}],"curies":[{"name":"wp","href":"https:\/\/api.w.org\/{rel}","templated":true}]}}

SET - Płaszcz damski dwustronny, futro pluszowe lub gładkie, kaptur, czarny

<h3>Opis</h3>
<p>Cięcie proste<br />
Odwracalna konstrukcja<br />
Jedna strona w gładkiej jakości<br />
Jedna strona w pluszowym futerku<br />
Stały kaptur<br />
Zapinana na dwukierunkowy zamek błyskawiczny<br />
Gładki bok z kieszeniami z klapką<br />
Z boku pluszowe futro z kieszeniami na suwak</p>
<p><strong>Materiał i pielęgnacja</strong><br />
Materiał: poliester 100%</p>
<p><strong>Instrukcje dotyczące pielęgnacji:</strong><br />
Nie myć</p>
<p><strong>Dopasowanie i wymiary</strong><br />
Wymiary dla rozmiaru 36:</p>
<p><strong>Długość pleców od ramienia: 101 cm</strong><br />
Długość rękawa: 61 cm<br />
Szerokość klatki piersiowej: 110 cm<br />
Rozmiar talii: 110 cm</p>

<h3>Artikelmerkmale</h3>
<p>Stan produktu: Nowy z etykietą: Nowy, nieużywany i nienoszony produkt w oryginalnym opakowaniu.<br />
Abteilung: Damen<br />
Akzente: Fellbesatz<br />
Anlass: Business, Freizeit<br />
Außenmaterial: Polyester<br />
Besonderheiten: Wendemantel<br />
Kolor: czarny<br />
Futtermaterial: Polyester<br />
Gewebeart: Fleece<br />
Größe: 34, 36<br />
Größenkategorie: Normalgröße<br />
Isoliermaterial: Polyester<br />
Jacken-/Mantellänge: Halblang<br />
Jahreszeit: Herbst, Winter<br />
Marke: SET<br />
Modell: ohne Angabe<br />
Muster: Ohne Muster<br />
Produktart: Mantel<br />
Stil: Mantel<br />
Thema: Designer<br />
Zapięcie: zamek błyskawiczny<br />
Vintage: Nein</p>
