{"id":77020,"date":"2023-12-13T20:32:15","date_gmt":"2023-12-13T19:32:15","guid":{"rendered":"https:\/\/www.soanam.de\/?post_type=product&#038;p=77020"},"modified":"2023-12-13T20:38:15","modified_gmt":"2023-12-13T19:38:15","slug":"kask-integralny-bell-bullitt-gr-l-58-59cm-retro-niebieski-gfk-ece-22-05-dot","status":"publish","type":"product","link":"https:\/\/www.soanam.de\/pl\/produkt\/integralhelm-bell-bullitt-gr-l-58-59cm-retro-blau-gfk-ece-22-05-dot\/","title":{"rendered":"Kask BELL BULLITT, rozmiar L ( 58-59cm ) Retro Blue, GRP, ECE 22.05\/DOT"},"content":{"rendered":"<div><span style=\"font-family: Arial;\"><b>Kask BELL BULLITT, rozmiar L, 58-59 cm, niebieski retro, GRP, ECE 22.05\/DOT<\/b><\/span><\/div>\n<div><span style=\"font-family: Arial;\">\u00a0<\/span><\/div>\n<div><span style=\"font-family: Arial;\"><b>szczeg\u00f3\u0142y<\/b><\/span><\/div>\n<ul>\n<li><span style=\"font-family: Arial;\">Producent: BELL (USA)<\/span><\/li>\n<li><span style=\"font-family: Arial;\">Model: Bullitt Retro Blue<\/span><\/li>\n<li><span style=\"font-family: Arial;\">Kolor: jasnoniebieski z subtelnym efektem brokatu<\/span><\/li>\n<li><span style=\"font-family: Arial;\">Skorupa kasku wykonana z w\u0142\u00f3kna szklanego<\/span><\/li>\n<li><span style=\"font-family: Arial;\">Wewn\u0119trzna skorupa EPS i wk\u0142adka po\u015brednia EPS dla maksymalnego bezpiecze\u0144stwa<\/span><\/li>\n<li><span style=\"font-family: Arial;\">4 wloty wentylacyjne, w tym 1 regulowany pod brod\u0105<\/span><\/li>\n<li><span style=\"font-family: Arial;\">Antybakteryjna wy\u015bci\u00f3\u0142ka ze sztucznego zamszu, cz\u0119\u015bciowo zdejmowana i nadaj\u0105ca si\u0119 do prania w kolorze br\u0105zowym<\/span><\/li>\n<li><span style=\"font-family: Arial;\">Czarna lam\u00f3wka<\/span><\/li>\n<li><span style=\"font-family: Arial;\">Formowane poduszki policzkowe\u00a0<\/span><\/li>\n<li><span style=\"font-family: Arial;\">Wy\u015bcie\u0142any pasek pod brod\u0119 z zapi\u0119ciem D-ring<\/span><\/li>\n<li><span style=\"font-family: Arial;\">Zintegrowane kieszenie na g\u0142o\u015bniki<\/span><\/li>\n<li><span style=\"font-family: Arial;\">Norma ECE 22.05. i DOT<\/span><\/li>\n<li><span style=\"font-family: Arial;\">Waga: 1475 gram\u00f3w ~ 50<\/span><\/li>\n<\/ul>","protected":false},"excerpt":{"rendered":"<h3>Artikelmerkmale<\/h3>\n<p><strong>Artikelzustand:<\/strong> Neu mit Etikett: Neuer, unbenutzter und nicht getragener Artikel in der Originalverpackung<\/p>\n<p><strong>Aktivit\u00e4t:<\/strong> Motorradfahren<br \/>\n<strong>Au\u00dfenschalenmaterial:<\/strong> Glasfaser<br \/>\n<strong>Funkcje specjalne:<\/strong> integrierte Lautsprechertaschen<br \/>\n<strong>Design:<\/strong> Schlicht<br \/>\n<strong>Kolor:<\/strong> Niebieski<br \/>\n<strong>Gr\u00f6\u00dfe:<\/strong> L<br \/>\n<strong>G\u00fctesiegel &amp; Kennzeichnungen:<\/strong> ECE-Zugelassen<br \/>\n<strong>Marke:<\/strong> Bell<br \/>\n<strong>Modell:<\/strong> Bullit<br \/>\n<strong>Produktart:<\/strong> Integralhelm<br \/>\n<strong>Verschluss:<\/strong> D-Ring<br \/>\n<strong>Visier-Design:<\/strong> Hell<br \/>\n<strong>Zielgruppe:<\/strong> Unisex Erwachsene<\/p>","protected":false},"featured_media":77155,"comment_status":"open","ping_status":"closed","template":"","meta":{"_seopress_robots_primary_cat":"","_seopress_titles_title":"","_seopress_titles_desc":"","_seopress_robots_index":""},"product_brand":[],"product_cat":[1730],"product_tag":[],"class_list":{"0":"post-77020","1":"product","2":"type-product","3":"status-publish","4":"has-post-thumbnail","6":"product_cat-sonstiges-2","7":"product_shipping_class-standard-versand","9":"first","10":"instock","11":"sale","12":"taxable","13":"shipping-taxable","14":"purchasable","15":"product-type-simple"},"_links":{"self":[{"href":"https:\/\/www.soanam.de\/pl\/wp-json\/wp\/v2\/product\/77020","targetHints":{"allow":["GET"]}}],"collection":[{"href":"https:\/\/www.soanam.de\/pl\/wp-json\/wp\/v2\/product"}],"about":[{"href":"https:\/\/www.soanam.de\/pl\/wp-json\/wp\/v2\/types\/product"}],"replies":[{"embeddable":true,"href":"https:\/\/www.soanam.de\/pl\/wp-json\/wp\/v2\/comments?post=77020"}],"wp:featuredmedia":[{"embeddable":true,"href":"https:\/\/www.soanam.de\/pl\/wp-json\/wp\/v2\/media\/77155"}],"wp:attachment":[{"href":"https:\/\/www.soanam.de\/pl\/wp-json\/wp\/v2\/media?parent=77020"}],"wp:term":[{"taxonomy":"product_brand","embeddable":true,"href":"https:\/\/www.soanam.de\/pl\/wp-json\/wp\/v2\/product_brand?post=77020"},{"taxonomy":"product_cat","embeddable":true,"href":"https:\/\/www.soanam.de\/pl\/wp-json\/wp\/v2\/product_cat?post=77020"},{"taxonomy":"product_tag","embeddable":true,"href":"https:\/\/www.soanam.de\/pl\/wp-json\/wp\/v2\/product_tag?post=77020"}],"curies":[{"name":"wp","href":"https:\/\/api.w.org\/{rel}","templated":true}]}}

<div><span style="font-family: Arial;"><b>Kask BELL BULLITT, rozmiar L, 58-59 cm, niebieski retro, GRP, ECE 22.05/DOT</b></span></div>
<div><span style="font-family: Arial;"> </span></div>
<div><span style="font-family: Arial;"><b>szczegóły</b></span></div>
<ul>
<li><span style="font-family: Arial;">Producent: BELL (USA)</span></li>
<li><span style="font-family: Arial;">Model: Bullitt Retro Blue</span></li>
<li><span style="font-family: Arial;">Kolor: jasnoniebieski z subtelnym efektem brokatu</span></li>
<li><span style="font-family: Arial;">Skorupa kasku wykonana z włókna szklanego</span></li>
<li><span style="font-family: Arial;">Wewnętrzna skorupa EPS i wkładka pośrednia EPS dla maksymalnego bezpieczeństwa</span></li>
<li><span style="font-family: Arial;">4 wloty wentylacyjne, w tym 1 regulowany pod brodą</span></li>
<li><span style="font-family: Arial;">Antybakteryjna wyściółka ze sztucznego zamszu, częściowo zdejmowana i nadająca się do prania w kolorze brązowym</span></li>
<li><span style="font-family: Arial;">Czarna lamówka</span></li>
<li><span style="font-family: Arial;">Formowane poduszki policzkowe </span></li>
<li><span style="font-family: Arial;">Wyściełany pasek pod brodę z zapięciem D-ring</span></li>
<li><span style="font-family: Arial;">Zintegrowane kieszenie na głośniki</span></li>
<li><span style="font-family: Arial;">Norma ECE 22.05. i DOT</span></li>
<li><span style="font-family: Arial;">Waga: 1475 gramów ~ 50</span></li>
</ul>

<h3>Artikelmerkmale</h3>
<p><strong>Artikelzustand:</strong> Neu mit Etikett: Neuer, unbenutzter und nicht getragener Artikel in der Originalverpackung</p>
<p><strong>Aktivität:</strong> Motorradfahren<br />
<strong>Außenschalenmaterial:</strong> Glasfaser<br />
<strong>Funkcje specjalne:</strong> integrierte Lautsprechertaschen<br />
<strong>Design:</strong> Schlicht<br />
<strong>Kolor:</strong> Niebieski<br />
<strong>Größe:</strong> L<br />
<strong>Gütesiegel &amp; Kennzeichnungen:</strong> ECE-Zugelassen<br />
<strong>Marke:</strong> Bell<br />
<strong>Modell:</strong> Bullit<br />
<strong>Produktart:</strong> Integralhelm<br />
<strong>Verschluss:</strong> D-Ring<br />
<strong>Visier-Design:</strong> Hell<br />
<strong>Zielgruppe:</strong> Unisex Erwachsene</p>
