{"id":77006,"date":"2023-12-13T20:32:10","date_gmt":"2023-12-13T19:32:10","guid":{"rendered":"https:\/\/www.soanam.de\/?post_type=product&#038;p=77006"},"modified":"2023-12-13T20:34:06","modified_gmt":"2023-12-13T19:34:06","slug":"edc-by-esprit-skinny-jeans-w-stylu-5-pocket-w-kolorze-czarnym-rozmiar-38","status":"publish","type":"product","link":"https:\/\/www.soanam.de\/pl\/produkt\/edc-by-esprit-skinny-jeans-im-5-pocket-style-in-schwarz-groesse-38\/","title":{"rendered":"EDC by Esprit - D\u017cinsy skinny z 5 kieszeniami, czarne, rozmiar 38"},"content":{"rendered":"<p>D\u017cinsy skinny z 5 kieszeniami<br \/>\nKolorowy denim wykonany z ekologicznej bawe\u0142ny ze streczem<br \/>\nW\u0105ski kr\u00f3j z regularnym wzrostem<br \/>\nMo\u017cna \u0142\u0105czy\u0107 z du\u017cymi topami<\/p>\n<p>W\u0105ski kr\u00f3j spodni dobrze przylega do cia\u0142a i podkre\u015bla nogi.<br \/>\nMateria\u0142 spodni jest elastyczny, dzi\u0119ki czemu s\u0105 bardzo wygodne.<\/p>\n<p>Materia\u0142: bawe\u0142na 98%, elastan 2%<br \/>\nWskaz\u00f3wki dotycz\u0105ce piel\u0119gnacji: Mo\u017cna pra\u0107 w pralce w temperaturze 40\u00b0<\/p>\n<p>Rozmiar talii: 74 cm<br \/>\nObw\u00f3d bioder: 86 cm<br \/>\nD\u0142ugo\u015b\u0107 stopnia: 72 cm<br \/>\nCa\u0142kowita d\u0142ugo\u015b\u0107: 97 cm<\/p>","protected":false},"excerpt":{"rendered":"<table class=\"dv_characteristicsTable\">\n<tbody>\n<tr>\n<td class=\"left\">Rozmiar<\/td>\n<td>38<\/td>\n<\/tr>\n<tr>\n<td class=\"left\">Hosenl\u00e4nge<\/td>\n<td>30<\/td>\n<\/tr>\n<tr>\n<td class=\"left\">Sk\u0142ad materia\u0142u<\/td>\n<td>Obermaterial: 98% Baumwolle, 2% Elasthan<\/td>\n<\/tr>\n<tr>\n<td class=\"left\">Materialart<\/td>\n<td>Denim\/Jeans, Twill<\/td>\n<\/tr>\n<tr>\n<td class=\"left\">Materialeigenschaften<\/td>\n<td>Stretch<\/td>\n<\/tr>\n<tr>\n<td class=\"left\">Instrukcje dotycz\u0105ce piel\u0119gnacji<\/td>\n<td>Pranie w pralce<\/td>\n<\/tr>\n<tr>\n<td class=\"left\">Optik<\/td>\n<td>unifarben<\/td>\n<\/tr>\n<tr>\n<td class=\"left\">Stil<\/td>\n<td>casual<\/td>\n<\/tr>\n<tr>\n<td class=\"left\">Kolor<\/td>\n<td>schwarz<\/td>\n<\/tr>\n<tr>\n<td class=\"left\">Leibh\u00f6he<\/td>\n<td>normal<\/td>\n<\/tr>\n<tr>\n<td class=\"left\">Beinabschluss<\/td>\n<td>abgesteppt<\/td>\n<\/tr>\n<tr>\n<td class=\"left\">Beinform<\/td>\n<td>schmal<\/td>\n<\/tr>\n<tr>\n<td class=\"left\">Dopasowanie<\/td>\n<td>skinny fit<\/td>\n<\/tr>\n<tr>\n<td class=\"left\">Herstellerpassform<\/td>\n<td>skinny, medium rise<\/td>\n<\/tr>\n<tr>\n<td class=\"left\">G\u00fcrtelschlaufen<\/td>\n<td>ja<\/td>\n<\/tr>\n<tr>\n<td class=\"left\">Torby<\/td>\n<td>Coinpocket, aufgesetzte Taschen, Ges\u00e4\u00dftaschen<\/td>\n<\/tr>\n<tr>\n<td class=\"left\">Verschluss<\/td>\n<td>Knopf, Rei\u00dfverschluss<\/td>\n<\/tr>\n<tr>\n<td class=\"left\">Besondere Merkmale<\/td>\n<td>im 5-Pocket Look mit aufgesetzten Taschen<\/td>\n<\/tr>\n<\/tbody>\n<\/table>","protected":false},"featured_media":77057,"comment_status":"open","ping_status":"closed","template":"","meta":{"_seopress_robots_primary_cat":"","_seopress_titles_title":"","_seopress_titles_desc":"","_seopress_robots_index":""},"product_brand":[],"product_cat":[1348,1350],"product_tag":[],"class_list":{"0":"post-77006","1":"product","2":"type-product","3":"status-publish","4":"has-post-thumbnail","6":"product_cat-damen-mode","7":"product_cat-jeans-hosen-damen-mode","8":"product_shipping_class-standard-versand","10":"first","11":"instock","12":"sale","13":"taxable","14":"shipping-taxable","15":"purchasable","16":"product-type-simple"},"_links":{"self":[{"href":"https:\/\/www.soanam.de\/pl\/wp-json\/wp\/v2\/product\/77006","targetHints":{"allow":["GET"]}}],"collection":[{"href":"https:\/\/www.soanam.de\/pl\/wp-json\/wp\/v2\/product"}],"about":[{"href":"https:\/\/www.soanam.de\/pl\/wp-json\/wp\/v2\/types\/product"}],"replies":[{"embeddable":true,"href":"https:\/\/www.soanam.de\/pl\/wp-json\/wp\/v2\/comments?post=77006"}],"wp:featuredmedia":[{"embeddable":true,"href":"https:\/\/www.soanam.de\/pl\/wp-json\/wp\/v2\/media\/77057"}],"wp:attachment":[{"href":"https:\/\/www.soanam.de\/pl\/wp-json\/wp\/v2\/media?parent=77006"}],"wp:term":[{"taxonomy":"product_brand","embeddable":true,"href":"https:\/\/www.soanam.de\/pl\/wp-json\/wp\/v2\/product_brand?post=77006"},{"taxonomy":"product_cat","embeddable":true,"href":"https:\/\/www.soanam.de\/pl\/wp-json\/wp\/v2\/product_cat?post=77006"},{"taxonomy":"product_tag","embeddable":true,"href":"https:\/\/www.soanam.de\/pl\/wp-json\/wp\/v2\/product_tag?post=77006"}],"curies":[{"name":"wp","href":"https:\/\/api.w.org\/{rel}","templated":true}]}}

EDC by Esprit - Dżinsy skinny z 5 kieszeniami, czarne, rozmiar 38

<p>Dżinsy skinny z 5 kieszeniami<br />
Kolorowy denim wykonany z ekologicznej bawełny ze streczem<br />
Wąski krój z regularnym wzrostem<br />
Można łączyć z dużymi topami</p>
<p>Wąski krój spodni dobrze przylega do ciała i podkreśla nogi.<br />
Materiał spodni jest elastyczny, dzięki czemu są bardzo wygodne.</p>
<p>Materiał: bawełna 98%, elastan 2%<br />
Wskazówki dotyczące pielęgnacji: Można prać w pralce w temperaturze 40°</p>
<p>Rozmiar talii: 74 cm<br />
Obwód bioder: 86 cm<br />
Długość stopnia: 72 cm<br />
Całkowita długość: 97 cm</p>

<table class="dv_characteristicsTable">
<tbody>
<tr>
<td class="left">Rozmiar</td>
<td>38</td>
</tr>
<tr>
<td class="left">Hosenlänge</td>
<td>30</td>
</tr>
<tr>
<td class="left">Skład materiału</td>
<td>Obermaterial: 98% Baumwolle, 2% Elasthan</td>
</tr>
<tr>
<td class="left">Materialart</td>
<td>Denim/Jeans, Twill</td>
</tr>
<tr>
<td class="left">Materialeigenschaften</td>
<td>Stretch</td>
</tr>
<tr>
<td class="left">Instrukcje dotyczące pielęgnacji</td>
<td>Pranie w pralce</td>
</tr>
<tr>
<td class="left">Optik</td>
<td>unifarben</td>
</tr>
<tr>
<td class="left">Stil</td>
<td>casual</td>
</tr>
<tr>
<td class="left">Kolor</td>
<td>schwarz</td>
</tr>
<tr>
<td class="left">Leibhöhe</td>
<td>normal</td>
</tr>
<tr>
<td class="left">Beinabschluss</td>
<td>abgesteppt</td>
</tr>
<tr>
<td class="left">Beinform</td>
<td>schmal</td>
</tr>
<tr>
<td class="left">Dopasowanie</td>
<td>skinny fit</td>
</tr>
<tr>
<td class="left">Herstellerpassform</td>
<td>skinny, medium rise</td>
</tr>
<tr>
<td class="left">Gürtelschlaufen</td>
<td>ja</td>
</tr>
<tr>
<td class="left">Torby</td>
<td>Coinpocket, aufgesetzte Taschen, Gesäßtaschen</td>
</tr>
<tr>
<td class="left">Verschluss</td>
<td>Knopf, Reißverschluss</td>
</tr>
<tr>
<td class="left">Besondere Merkmale</td>
<td>im 5-Pocket Look mit aufgesetzten Taschen</td>
</tr>
</tbody>
</table>
