{"id":77003,"date":"2023-12-13T20:32:09","date_gmt":"2023-12-13T19:32:09","guid":{"rendered":"https:\/\/www.soanam.de\/?post_type=product&#038;p=77003"},"modified":"2023-12-13T20:33:32","modified_gmt":"2023-12-13T19:33:32","slug":"rello-reese-dzinsy-slim-fit-z-waska-nogawka-jasnoniebieskie-w30xl32","status":"publish","type":"product","link":"https:\/\/www.soanam.de\/pl\/produkt\/rello-reese-slim-fit-jeans-mit-schmalem-bein-hellblau-w30xl32\/","title":{"rendered":"W\u0105skie d\u017cinsy Rello &amp; Reese z w\u0105sk\u0105 nogawk\u0105, jasnoniebieskie, W30xL32"},"content":{"rendered":"<p>Modne jeansy Rello &amp; Reese dla m\u0119\u017cczyzn<br \/>\nWykonane z bawe\u0142ny i elastanu, ze szczeg\u00f3\u0142owym wyko\u0144czeniem<br \/>\nZaprojektowany w klasycznym stylu z 5 kieszeniami<br \/>\nMo\u017cliwo\u015b\u0107 zapi\u0119cia na guzik<\/p>\n<p>Dzi\u0119ki wygodnej mieszance bawe\u0142ny i elastanu te d\u017cinsy s\u0105 wygodnym towarzyszem na co dzie\u0144 i w czasie wolnym. Dzi\u0119ki elastycznemu materia\u0142owi, w\u0105ski kr\u00f3j elastycznie dopasowuje si\u0119 do sylwetki i pod\u0105\u017ca za ka\u017cdym ruchem. Dzi\u0119ki prostemu krojowi spodnie te doskonale pasuj\u0105 zar\u00f3wno do codziennych stroj\u00f3w basic, jak i ekstrawaganckich top\u00f3w.<\/p>\n<p>Rozmiar talii: 74 cm<br \/>\nObw\u00f3d bioder: 90 cm<br \/>\nD\u0142ugo\u015b\u0107 stopnia: 78 cm<br \/>\nCa\u0142kowita d\u0142ugo\u015b\u0107: 103 cm<\/p>\n<p>&nbsp;<\/p>","protected":false},"excerpt":{"rendered":"<table class=\"dv_characteristicsTable\">\n<tbody>\n<tr>\n<td class=\"left\">Rozmiar<\/td>\n<td>30<\/td>\n<\/tr>\n<tr>\n<td class=\"left\">Hosenl\u00e4nge<\/td>\n<td>32<\/td>\n<\/tr>\n<tr>\n<td class=\"left\">Sk\u0142ad materia\u0142u<\/td>\n<td>97% bawe\u0142na, 3% elastan<\/td>\n<\/tr>\n<tr>\n<td class=\"left\">Instrukcje dotycz\u0105ce piel\u0119gnacji<\/td>\n<td>Pranie w pralce<\/td>\n<\/tr>\n<tr>\n<td class=\"left\">Kolor<\/td>\n<td>hellblau<\/td>\n<\/tr>\n<tr>\n<td class=\"left\">Verschluss<\/td>\n<td>Kn\u00f6pfe<\/td>\n<\/tr>\n<tr>\n<td class=\"left\">Besondere Merkmale<\/td>\n<td>mit schmalem Bein<\/td>\n<\/tr>\n<\/tbody>\n<\/table>","protected":false},"featured_media":77044,"comment_status":"open","ping_status":"closed","template":"","meta":{"_seopress_robots_primary_cat":"","_seopress_titles_title":"","_seopress_titles_desc":"","_seopress_robots_index":""},"product_brand":[],"product_cat":[1345,1346,1347],"product_tag":[],"class_list":{"0":"post-77003","1":"product","2":"type-product","3":"status-publish","4":"has-post-thumbnail","6":"product_cat-herrenmode","7":"product_cat-hosen","8":"product_cat-jeans","9":"product_shipping_class-standard-versand","11":"first","12":"instock","13":"sale","14":"taxable","15":"shipping-taxable","16":"purchasable","17":"product-type-simple"},"_links":{"self":[{"href":"https:\/\/www.soanam.de\/pl\/wp-json\/wp\/v2\/product\/77003","targetHints":{"allow":["GET"]}}],"collection":[{"href":"https:\/\/www.soanam.de\/pl\/wp-json\/wp\/v2\/product"}],"about":[{"href":"https:\/\/www.soanam.de\/pl\/wp-json\/wp\/v2\/types\/product"}],"replies":[{"embeddable":true,"href":"https:\/\/www.soanam.de\/pl\/wp-json\/wp\/v2\/comments?post=77003"}],"wp:featuredmedia":[{"embeddable":true,"href":"https:\/\/www.soanam.de\/pl\/wp-json\/wp\/v2\/media\/77044"}],"wp:attachment":[{"href":"https:\/\/www.soanam.de\/pl\/wp-json\/wp\/v2\/media?parent=77003"}],"wp:term":[{"taxonomy":"product_brand","embeddable":true,"href":"https:\/\/www.soanam.de\/pl\/wp-json\/wp\/v2\/product_brand?post=77003"},{"taxonomy":"product_cat","embeddable":true,"href":"https:\/\/www.soanam.de\/pl\/wp-json\/wp\/v2\/product_cat?post=77003"},{"taxonomy":"product_tag","embeddable":true,"href":"https:\/\/www.soanam.de\/pl\/wp-json\/wp\/v2\/product_tag?post=77003"}],"curies":[{"name":"wp","href":"https:\/\/api.w.org\/{rel}","templated":true}]}}

Wąskie dżinsy Rello &amp; Reese z wąską nogawką, jasnoniebieskie, W30xL32

<p>Modne jeansy Rello &amp; Reese dla mężczyzn<br />
Wykonane z bawełny i elastanu, ze szczegółowym wykończeniem<br />
Zaprojektowany w klasycznym stylu z 5 kieszeniami<br />
Możliwość zapięcia na guzik</p>
<p>Dzięki wygodnej mieszance bawełny i elastanu te dżinsy są wygodnym towarzyszem na co dzień i w czasie wolnym. Dzięki elastycznemu materiałowi, wąski krój elastycznie dopasowuje się do sylwetki i podąża za każdym ruchem. Dzięki prostemu krojowi spodnie te doskonale pasują zarówno do codziennych strojów basic, jak i ekstrawaganckich topów.</p>
<p>Rozmiar talii: 74 cm<br />
Obwód bioder: 90 cm<br />
Długość stopnia: 78 cm<br />
Całkowita długość: 103 cm</p>
<p>&nbsp;</p>

<table class="dv_characteristicsTable">
<tbody>
<tr>
<td class="left">Rozmiar</td>
<td>30</td>
</tr>
<tr>
<td class="left">Hosenlänge</td>
<td>32</td>
</tr>
<tr>
<td class="left">Skład materiału</td>
<td>97% bawełna, 3% elastan</td>
</tr>
<tr>
<td class="left">Instrukcje dotyczące pielęgnacji</td>
<td>Pranie w pralce</td>
</tr>
<tr>
<td class="left">Kolor</td>
<td>hellblau</td>
</tr>
<tr>
<td class="left">Verschluss</td>
<td>Knöpfe</td>
</tr>
<tr>
<td class="left">Besondere Merkmale</td>
<td>mit schmalem Bein</td>
</tr>
</tbody>
</table>
