{"id":82792,"date":"2023-12-14T03:07:09","date_gmt":"2023-12-14T02:07:09","guid":{"rendered":"https:\/\/www.soanam.de\/?post_type=product&#038;p=82792"},"modified":"2023-12-14T21:12:48","modified_gmt":"2023-12-14T20:12:48","slug":"mans-world-stepp-parka-mit-kapuze-in-schwarz-gr-m","status":"publish","type":"product","link":"https:\/\/www.soanam.de\/nl\/produkt\/mans-world-stepp-parka-mit-kapuze-in-schwarz-gr-m\/","title":{"rendered":"Man's World Stepp-Parka mit Kapuze, in Schwarz,  Gr. M"},"content":{"rendered":"<p>Steppjacke in langer Form von Man's World<br \/>\nRobuste und standfeste Qualit\u00e4t aus Polyester<br \/>\nNormaal model<br \/>\nAfneembare bontrand op de capuchon<\/p>\n<p>Man's World hat mit dieser Stepp-Langjacke ein tolles Teil kreiert, das Eindruck macht!<br \/>\nDer abnehmbare Fellbesatz an der Kapuze ist der Eyecatcher an dieser Jacke, die mit den gro\u00dfen Patten-\/Eingrifftaschen besonders praktisch ist.<br \/>\nDie gro\u00dfen Kn\u00f6pfe \u00fcber dem Zipper und innen liegende \u00c4rmelb\u00fcndchen sorgen daf\u00fcr, dass K\u00e4lte und Wind drau\u00dfen bleiben.<br \/>\nDetails wie die die vielen zus\u00e4tzlichen Taschen auf Brust und \u00c4rmel runden das Design wunderbar ab.<br \/>\nMit ihrem w\u00e4rmenden Futter und dem robusten Material verspricht die Herrenjacke optimalen Tragekomfort.<\/p>\n<p>Material: Obermaterial: 100% Polyamid, Futter: 100% Polyester<br \/>\nOnderhoudsinstructies: Machinewas<\/p>\n<p>Kleur: zwart<br \/>\nPatroon: zonder<br \/>\nMaat: M<\/p>\n<p>Schouderbreedte: 51cm<br \/>\nBorstbreedte: 120cm<br \/>\nMouwlengte: 69cm<br \/>\nTotale lengte: 88cm<\/p>\n<p>&nbsp;<\/p>\n<p>Dit nieuwe artikel is een retourzending van een klant zonder label.<\/p>","protected":false},"excerpt":{"rendered":"<table class=\"dv_characteristicsTable\">\n<tbody>\n<tr>\n<td class=\"left\">Maat<\/td>\n<td>M<\/td>\n<\/tr>\n<tr>\n<td class=\"left\">Gr\u00f6\u00dfentyp<\/td>\n<td>Normalgr\u00f6\u00dfen<\/td>\n<\/tr>\n<tr>\n<td class=\"left\">Materiaalsamenstelling<\/td>\n<td>Obermaterial: 100% Polyamid. Futter: 100% Polyester. Wattierung: 100% Polyester<\/td>\n<\/tr>\n<tr>\n<td class=\"left\">Materialart<\/td>\n<td>Web<\/td>\n<\/tr>\n<tr>\n<td class=\"left\">Materialart Innenfutter<\/td>\n<td>Web<\/td>\n<\/tr>\n<tr>\n<td class=\"left\">Materialeigenschaften<\/td>\n<td>wasserabweisend, windabweisend<\/td>\n<\/tr>\n<tr>\n<td class=\"left\">Onderhoudsinstructies<\/td>\n<td>Machinewas<\/td>\n<\/tr>\n<tr>\n<td class=\"left\">Stil<\/td>\n<td>casual<\/td>\n<\/tr>\n<tr>\n<td class=\"left\">Kleur<\/td>\n<td>schwarz<\/td>\n<\/tr>\n<tr>\n<td class=\"left\">Kragen<\/td>\n<td>Opstaande kraag<\/td>\n<\/tr>\n<tr>\n<td class=\"left\">\u00c4rmel<\/td>\n<td>Lange mouw<\/td>\n<\/tr>\n<tr>\n<td class=\"left\">\u00c4rmelabschluss<\/td>\n<td>Rippstrickb\u00fcndchen<\/td>\n<\/tr>\n<tr>\n<td class=\"left\">\u00c4rmeldetails<\/td>\n<td>mit Taschen<\/td>\n<\/tr>\n<tr>\n<td class=\"left\">Pas<\/td>\n<td>normal<\/td>\n<\/tr>\n<tr>\n<td class=\"left\">Kapuze<\/td>\n<td>mit Kapuze<\/td>\n<\/tr>\n<tr>\n<td class=\"left\">Kapuzendetails<\/td>\n<td>abnehmbarer Fellbesatz<\/td>\n<\/tr>\n<tr>\n<td class=\"left\">Kapuzenf\u00fctterung<\/td>\n<td>in Jackenfarbe<\/td>\n<\/tr>\n<tr>\n<td class=\"left\">Applikationen<\/td>\n<td>Kn\u00f6pfe<\/td>\n<\/tr>\n<tr>\n<td class=\"left\">Tassen<\/td>\n<td>Pattentaschen, Eingrifftaschen, Brusttaschen, \u00c4rmeltaschen, Innentaschen<\/td>\n<\/tr>\n<tr>\n<td class=\"left\">Verschluss<\/td>\n<td>Rei\u00dfverschluss, Kn\u00f6pfe<\/td>\n<\/tr>\n<tr>\n<td class=\"left\">Besondere Merkmale<\/td>\n<td>\u00a0Kapuze mit abnehmbarem Fellbesatz<\/td>\n<\/tr>\n<\/tbody>\n<\/table>","protected":false},"featured_media":82905,"comment_status":"open","ping_status":"closed","template":"","meta":{"_seopress_robots_primary_cat":"","_seopress_titles_title":"","_seopress_titles_desc":"","_seopress_robots_index":""},"product_brand":[],"product_cat":[1345,1363,1378],"product_tag":[],"class_list":{"0":"post-82792","1":"product","2":"type-product","3":"status-publish","4":"has-post-thumbnail","6":"product_cat-herrenmode","7":"product_cat-jacken-maentel-herrenmode","8":"product_cat-daunen-steppjacken","9":"product_shipping_class-standard-versand","11":"first","12":"instock","13":"sale","14":"taxable","15":"shipping-taxable","16":"purchasable","17":"product-type-simple"},"_links":{"self":[{"href":"https:\/\/www.soanam.de\/nl\/wp-json\/wp\/v2\/product\/82792","targetHints":{"allow":["GET"]}}],"collection":[{"href":"https:\/\/www.soanam.de\/nl\/wp-json\/wp\/v2\/product"}],"about":[{"href":"https:\/\/www.soanam.de\/nl\/wp-json\/wp\/v2\/types\/product"}],"replies":[{"embeddable":true,"href":"https:\/\/www.soanam.de\/nl\/wp-json\/wp\/v2\/comments?post=82792"}],"wp:featuredmedia":[{"embeddable":true,"href":"https:\/\/www.soanam.de\/nl\/wp-json\/wp\/v2\/media\/82905"}],"wp:attachment":[{"href":"https:\/\/www.soanam.de\/nl\/wp-json\/wp\/v2\/media?parent=82792"}],"wp:term":[{"taxonomy":"product_brand","embeddable":true,"href":"https:\/\/www.soanam.de\/nl\/wp-json\/wp\/v2\/product_brand?post=82792"},{"taxonomy":"product_cat","embeddable":true,"href":"https:\/\/www.soanam.de\/nl\/wp-json\/wp\/v2\/product_cat?post=82792"},{"taxonomy":"product_tag","embeddable":true,"href":"https:\/\/www.soanam.de\/nl\/wp-json\/wp\/v2\/product_tag?post=82792"}],"curies":[{"name":"wp","href":"https:\/\/api.w.org\/{rel}","templated":true}]}}

<p>Steppjacke in langer Form von Man's World<br />
Robuste und standfeste Qualität aus Polyester<br />
Normaal model<br />
Afneembare bontrand op de capuchon</p>
<p>Man's World hat mit dieser Stepp-Langjacke ein tolles Teil kreiert, das Eindruck macht!<br />
Der abnehmbare Fellbesatz an der Kapuze ist der Eyecatcher an dieser Jacke, die mit den großen Patten-/Eingrifftaschen besonders praktisch ist.<br />
Die großen Knöpfe über dem Zipper und innen liegende Ärmelbündchen sorgen dafür, dass Kälte und Wind draußen bleiben.<br />
Details wie die die vielen zusätzlichen Taschen auf Brust und Ärmel runden das Design wunderbar ab.<br />
Mit ihrem wärmenden Futter und dem robusten Material verspricht die Herrenjacke optimalen Tragekomfort.</p>
<p>Material: Obermaterial: 100% Polyamid, Futter: 100% Polyester<br />
Onderhoudsinstructies: Machinewas</p>
<p>Kleur: zwart<br />
Patroon: zonder<br />
Maat: M</p>
<p>Schouderbreedte: 51cm<br />
Borstbreedte: 120cm<br />
Mouwlengte: 69cm<br />
Totale lengte: 88cm</p>
<p>&nbsp;</p>
<p>Dit nieuwe artikel is een retourzending van een klant zonder label.</p>

<table class="dv_characteristicsTable">
<tbody>
<tr>
<td class="left">Maat</td>
<td>M</td>
</tr>
<tr>
<td class="left">Größentyp</td>
<td>Normalgrößen</td>
</tr>
<tr>
<td class="left">Materiaalsamenstelling</td>
<td>Obermaterial: 100% Polyamid. Futter: 100% Polyester. Wattierung: 100% Polyester</td>
</tr>
<tr>
<td class="left">Materialart</td>
<td>Web</td>
</tr>
<tr>
<td class="left">Materialart Innenfutter</td>
<td>Web</td>
</tr>
<tr>
<td class="left">Materialeigenschaften</td>
<td>wasserabweisend, windabweisend</td>
</tr>
<tr>
<td class="left">Onderhoudsinstructies</td>
<td>Machinewas</td>
</tr>
<tr>
<td class="left">Stil</td>
<td>casual</td>
</tr>
<tr>
<td class="left">Kleur</td>
<td>schwarz</td>
</tr>
<tr>
<td class="left">Kragen</td>
<td>Opstaande kraag</td>
</tr>
<tr>
<td class="left">Ärmel</td>
<td>Lange mouw</td>
</tr>
<tr>
<td class="left">Ärmelabschluss</td>
<td>Rippstrickbündchen</td>
</tr>
<tr>
<td class="left">Ärmeldetails</td>
<td>mit Taschen</td>
</tr>
<tr>
<td class="left">Pas</td>
<td>normal</td>
</tr>
<tr>
<td class="left">Kapuze</td>
<td>mit Kapuze</td>
</tr>
<tr>
<td class="left">Kapuzendetails</td>
<td>abnehmbarer Fellbesatz</td>
</tr>
<tr>
<td class="left">Kapuzenfütterung</td>
<td>in Jackenfarbe</td>
</tr>
<tr>
<td class="left">Applikationen</td>
<td>Knöpfe</td>
</tr>
<tr>
<td class="left">Tassen</td>
<td>Pattentaschen, Eingrifftaschen, Brusttaschen, Ärmeltaschen, Innentaschen</td>
</tr>
<tr>
<td class="left">Verschluss</td>
<td>Reißverschluss, Knöpfe</td>
</tr>
<tr>
<td class="left">Besondere Merkmale</td>
<td> Kapuze mit abnehmbarem Fellbesatz</td>
</tr>
</tbody>
</table>
