{"id":82791,"date":"2023-12-14T03:07:09","date_gmt":"2023-12-14T02:07:09","guid":{"rendered":"https:\/\/www.soanam.de\/?post_type=product&#038;p=82791"},"modified":"2023-12-14T21:11:46","modified_gmt":"2023-12-14T20:11:46","slug":"one-boy-wollmix-blazer-mit-goldknoepfen-in-schwarz-gr-3xl","status":"publish","type":"product","link":"https:\/\/www.soanam.de\/nl\/produkt\/one-boy-wollmix-blazer-mit-goldknoepfen-in-schwarz-gr-3xl\/","title":{"rendered":"One Boy wolmix blazer met gouden knopen, in zwart, maat 3XL"},"content":{"rendered":"<p>Winterblazer von One Boy<br \/>\nAus hochwertigem Wollmix<br \/>\nEinreihig mit goldfarbigen Kn\u00f6pfen<br \/>\n3 Taschen au\u00dfen<br \/>\nGef\u00fcttert mit Innentasche<\/p>\n<p>Unkompliziert und bequem sind die Attribute f\u00fcr diesen sch\u00f6nen Herren Blazer von One Boy.<br \/>\nDer Materialmix aus Wolle und Polyester macht den Winterblazer auch in der kalten Jahreszeit tragbar.<br \/>\nDie auff\u00e4lligen goldfarbigen Kn\u00f6pfe mit L\u00f6wenkopf setzen den Tr\u00e4ger gekonnt in Szene.<\/p>\n<p>Material: Obermaterial: Wolle, Polyester, Futter: Polyester<br \/>\nOnderhoudsinstructies: Zacht wassen<\/p>\n<p>Kleur: zwart<br \/>\nPatroon: zonder<br \/>\nGr\u00f6\u00dfe: 3XL<\/p>\n<p>Schouderbreedte: 50cm<br \/>\nBorstbreedte: 126cm<br \/>\nMouwlengte: 64cm<br \/>\nTotale lengte: 84cm<\/p>","protected":false},"excerpt":{"rendered":"<table class=\"dv_characteristicsTable\">\n<tbody>\n<tr>\n<td class=\"left\">Maat<\/td>\n<td>3XL<\/td>\n<\/tr>\n<tr>\n<td class=\"left\">Gr\u00f6\u00dfentyp<\/td>\n<td>Normalgr\u00f6\u00dfen<\/td>\n<\/tr>\n<tr>\n<td class=\"left\">Materiaalsamenstelling<\/td>\n<td>Wolle, Polyester<\/td>\n<\/tr>\n<tr>\n<td class=\"left\">Materialart<\/td>\n<td>Wollmix<\/td>\n<\/tr>\n<tr>\n<td class=\"left\">Materialeigenschaften<\/td>\n<td>w\u00e4rmend<\/td>\n<\/tr>\n<tr>\n<td class=\"left\">Onderhoudsinstructies<\/td>\n<td>30\u00b0 Schonw\u00e4sche<\/td>\n<\/tr>\n<tr>\n<td class=\"left\">Optik<\/td>\n<td>unifarben<\/td>\n<\/tr>\n<tr>\n<td class=\"left\">Stil<\/td>\n<td>casual<\/td>\n<\/tr>\n<tr>\n<td class=\"left\">Kleur<\/td>\n<td>schwarz<\/td>\n<\/tr>\n<tr>\n<td class=\"left\">Merkmal<\/td>\n<td>L\u00f6wenkopfkn\u00f6pfe<\/td>\n<\/tr>\n<tr>\n<td class=\"left\">Kragen<\/td>\n<td>Kapel kraag<\/td>\n<\/tr>\n<tr>\n<td class=\"left\">Pas<\/td>\n<td>comfort fit<\/td>\n<\/tr>\n<\/tbody>\n<\/table>\n<p>&nbsp;<\/p>","protected":false},"featured_media":82900,"comment_status":"open","ping_status":"closed","template":"","meta":{"_seopress_robots_primary_cat":"","_seopress_titles_title":"","_seopress_titles_desc":"","_seopress_robots_index":""},"product_brand":[],"product_cat":[1345,1368,1369],"product_tag":[],"class_list":{"0":"post-82791","1":"product","2":"type-product","3":"status-publish","4":"has-post-thumbnail","6":"product_cat-herrenmode","7":"product_cat-anzuege-anzugsteile","8":"product_cat-sakkos","9":"product_shipping_class-standard-versand","11":"first","12":"instock","13":"taxable","14":"shipping-taxable","15":"purchasable","16":"product-type-simple"},"_links":{"self":[{"href":"https:\/\/www.soanam.de\/nl\/wp-json\/wp\/v2\/product\/82791","targetHints":{"allow":["GET"]}}],"collection":[{"href":"https:\/\/www.soanam.de\/nl\/wp-json\/wp\/v2\/product"}],"about":[{"href":"https:\/\/www.soanam.de\/nl\/wp-json\/wp\/v2\/types\/product"}],"replies":[{"embeddable":true,"href":"https:\/\/www.soanam.de\/nl\/wp-json\/wp\/v2\/comments?post=82791"}],"wp:featuredmedia":[{"embeddable":true,"href":"https:\/\/www.soanam.de\/nl\/wp-json\/wp\/v2\/media\/82900"}],"wp:attachment":[{"href":"https:\/\/www.soanam.de\/nl\/wp-json\/wp\/v2\/media?parent=82791"}],"wp:term":[{"taxonomy":"product_brand","embeddable":true,"href":"https:\/\/www.soanam.de\/nl\/wp-json\/wp\/v2\/product_brand?post=82791"},{"taxonomy":"product_cat","embeddable":true,"href":"https:\/\/www.soanam.de\/nl\/wp-json\/wp\/v2\/product_cat?post=82791"},{"taxonomy":"product_tag","embeddable":true,"href":"https:\/\/www.soanam.de\/nl\/wp-json\/wp\/v2\/product_tag?post=82791"}],"curies":[{"name":"wp","href":"https:\/\/api.w.org\/{rel}","templated":true}]}}

<p>Winterblazer von One Boy<br />
Aus hochwertigem Wollmix<br />
Einreihig mit goldfarbigen Knöpfen<br />
3 Taschen außen<br />
Gefüttert mit Innentasche</p>
<p>Unkompliziert und bequem sind die Attribute für diesen schönen Herren Blazer von One Boy.<br />
Der Materialmix aus Wolle und Polyester macht den Winterblazer auch in der kalten Jahreszeit tragbar.<br />
Die auffälligen goldfarbigen Knöpfe mit Löwenkopf setzen den Träger gekonnt in Szene.</p>
<p>Material: Obermaterial: Wolle, Polyester, Futter: Polyester<br />
Onderhoudsinstructies: Zacht wassen</p>
<p>Kleur: zwart<br />
Patroon: zonder<br />
Größe: 3XL</p>
<p>Schouderbreedte: 50cm<br />
Borstbreedte: 126cm<br />
Mouwlengte: 64cm<br />
Totale lengte: 84cm</p>

<table class="dv_characteristicsTable">
<tbody>
<tr>
<td class="left">Maat</td>
<td>3XL</td>
</tr>
<tr>
<td class="left">Größentyp</td>
<td>Normalgrößen</td>
</tr>
<tr>
<td class="left">Materiaalsamenstelling</td>
<td>Wolle, Polyester</td>
</tr>
<tr>
<td class="left">Materialart</td>
<td>Wollmix</td>
</tr>
<tr>
<td class="left">Materialeigenschaften</td>
<td>wärmend</td>
</tr>
<tr>
<td class="left">Onderhoudsinstructies</td>
<td>30° Schonwäsche</td>
</tr>
<tr>
<td class="left">Optik</td>
<td>unifarben</td>
</tr>
<tr>
<td class="left">Stil</td>
<td>casual</td>
</tr>
<tr>
<td class="left">Kleur</td>
<td>schwarz</td>
</tr>
<tr>
<td class="left">Merkmal</td>
<td>Löwenkopfknöpfe</td>
</tr>
<tr>
<td class="left">Kragen</td>
<td>Kapel kraag</td>
</tr>
<tr>
<td class="left">Pas</td>
<td>comfort fit</td>
</tr>
</tbody>
</table>
<p>&nbsp;</p>
