{"id":82490,"date":"2023-12-14T02:25:48","date_gmt":"2023-12-14T01:25:48","guid":{"rendered":"https:\/\/www.soanam.de\/?post_type=product&#038;p=82490"},"modified":"2023-12-14T02:26:40","modified_gmt":"2023-12-14T01:26:40","slug":"my-home-fertiggardine-villars-2-stk-mit-raffhalter-in-rot-weiss-groesse-140cmx245cm","status":"publish","type":"product","link":"https:\/\/www.soanam.de\/nl\/produkt\/my-home-fertiggardine-villars-2-stk-mit-raffhalter-in-rot-weiss-groesse-140cmx245cm\/","title":{"rendered":"my home Fertiggardine Villars, 2 Stk, mit Raffhalter, in Rot-Wei\u00df, Gr\u00f6\u00dfe 140cmx245cm"},"content":{"rendered":"<p>Transparante stof<br \/>\nEchte voile<br \/>\nLichtgewicht kwaliteit<br \/>\nInklusive 2 Raffb\u00e4ndern<br \/>\nMit \u00d6sen<\/p>\n<p>Die Gardine Villars im 2er-Set von my home ist eine ansprechende Bereicherung f\u00fcr Ihr Zuhause.<br \/>\nDer transparente Stoff in leichter Qualit\u00e4t setzt die Fenster ansprechend in Szene.<br \/>\nDer echte Voile ist oben und mittig mit kontrastierenden Voileb\u00e4ndern abgesetzt.<br \/>\nAuf die gew\u00fcnschte Breite drapiert wird der Schal mit einem h\u00fcbschen Schleifenband.<br \/>\nZur Befestigung wird der Store mit Metall\u00f6sen ganz simpel \u00fcber die Gardinenstange gezogen.<br \/>\nBei Bedarf lassen die Gardinenschals sich unkompliziert im Schongang der Waschmaschine bei bis zu 30\u00b0C reinigen.<\/p>\n<p>Materiaal: Bovenmateriaal: 100% polyester<br \/>\nOnderhoudsinstructies: Zacht wassen<\/p>\n<p>Farbe: rot-wei\u00df<br \/>\nPatroon: zonder<br \/>\nGr\u00f6\u00dfe: Breite 140cm x L\u00e4nge 245cm<br \/>\nOpmerking: De opgegeven afmetingen zijn de afmetingen van de stof. Bij volledige decoratie op het raam wordt de breedte met ongeveer de helft verminderd.<\/p>\n<p>Aufh\u00e4ngung erfolgt mittels \u00d6sen (Durchmesser ca. 35 mm) an der Gardinenstange.<\/p>","protected":false},"excerpt":{"rendered":"<table class=\"dv_characteristicsTable\">\n<tbody>\n<tr>\n<td class=\"left\">Gewicht<\/td>\n<td>50 g\/m\u00b2<\/td>\n<\/tr>\n<tr>\n<td class=\"left\">Breite<\/td>\n<td>140 cm<\/td>\n<\/tr>\n<tr>\n<td class=\"left\">H\u00f6he<\/td>\n<td>245 cm<\/td>\n<\/tr>\n<\/tbody>\n<\/table>\n<table class=\"dv_characteristicsTable\">\n<tbody>\n<tr>\n<td class=\"left\">Aufh\u00e4ngung<\/td>\n<td>\u00d6sen<\/td>\n<\/tr>\n<\/tbody>\n<\/table>\n<table class=\"dv_characteristicsTable\">\n<tbody>\n<tr>\n<td class=\"left\">Kleur<\/td>\n<td>rot<\/td>\n<\/tr>\n<tr>\n<td class=\"left\">Transparenz<\/td>\n<td>transparent<\/td>\n<\/tr>\n<tr>\n<td class=\"left\">Oberfl\u00e4chenstruktur<\/td>\n<td>glatt<\/td>\n<\/tr>\n<\/tbody>\n<\/table>\n<table class=\"dv_characteristicsTable\">\n<tbody>\n<tr>\n<td class=\"left\">Materialart<\/td>\n<td>Voile<\/td>\n<\/tr>\n<tr>\n<td class=\"left\">Materiaalsamenstelling<\/td>\n<td>Obermaterial: 100% Polyester<\/td>\n<\/tr>\n<tr>\n<td class=\"left\">Materiaal<\/td>\n<td>Polyester<\/td>\n<\/tr>\n<tr>\n<td class=\"left\">Material Aufh\u00e4ngung<\/td>\n<td>Metall<\/td>\n<\/tr>\n<\/tbody>\n<\/table>\n<table class=\"dv_characteristicsTable\">\n<tbody>\n<tr>\n<td class=\"left\">Anzahl Teile<\/td>\n<td>2 St.<\/td>\n<\/tr>\n<tr>\n<td class=\"left\">Omvang van de levering<\/td>\n<td>Raffhalter<\/td>\n<\/tr>\n<\/tbody>\n<\/table>\n<table class=\"dv_characteristicsTable\">\n<tbody>\n<tr>\n<td class=\"left\">Onderhoudsinstructies<\/td>\n<td>30\u00b0C Schonw\u00e4sche<\/td>\n<\/tr>\n<\/tbody>\n<\/table>","protected":false},"featured_media":82538,"comment_status":"open","ping_status":"closed","template":"","meta":{"_seopress_robots_primary_cat":"","_seopress_titles_title":"","_seopress_titles_desc":"","_seopress_robots_index":""},"product_brand":[],"product_cat":[1400,1420],"product_tag":[],"class_list":{"0":"post-82490","1":"product","2":"type-product","3":"status-publish","4":"has-post-thumbnail","6":"product_cat-wohnzubehoer","7":"product_cat-wohndekoration","8":"product_shipping_class-standard-versand","10":"first","11":"instock","12":"sale","13":"taxable","14":"shipping-taxable","15":"purchasable","16":"product-type-simple"},"_links":{"self":[{"href":"https:\/\/www.soanam.de\/nl\/wp-json\/wp\/v2\/product\/82490","targetHints":{"allow":["GET"]}}],"collection":[{"href":"https:\/\/www.soanam.de\/nl\/wp-json\/wp\/v2\/product"}],"about":[{"href":"https:\/\/www.soanam.de\/nl\/wp-json\/wp\/v2\/types\/product"}],"replies":[{"embeddable":true,"href":"https:\/\/www.soanam.de\/nl\/wp-json\/wp\/v2\/comments?post=82490"}],"wp:featuredmedia":[{"embeddable":true,"href":"https:\/\/www.soanam.de\/nl\/wp-json\/wp\/v2\/media\/82538"}],"wp:attachment":[{"href":"https:\/\/www.soanam.de\/nl\/wp-json\/wp\/v2\/media?parent=82490"}],"wp:term":[{"taxonomy":"product_brand","embeddable":true,"href":"https:\/\/www.soanam.de\/nl\/wp-json\/wp\/v2\/product_brand?post=82490"},{"taxonomy":"product_cat","embeddable":true,"href":"https:\/\/www.soanam.de\/nl\/wp-json\/wp\/v2\/product_cat?post=82490"},{"taxonomy":"product_tag","embeddable":true,"href":"https:\/\/www.soanam.de\/nl\/wp-json\/wp\/v2\/product_tag?post=82490"}],"curies":[{"name":"wp","href":"https:\/\/api.w.org\/{rel}","templated":true}]}}

my home Fertiggardine Villars, 2 Stk, mit Raffhalter, in Rot-Weiß, Größe 140cmx245cm

<p>Transparante stof<br />
Echte voile<br />
Lichtgewicht kwaliteit<br />
Inklusive 2 Raffbändern<br />
Mit Ösen</p>
<p>Die Gardine Villars im 2er-Set von my home ist eine ansprechende Bereicherung für Ihr Zuhause.<br />
Der transparente Stoff in leichter Qualität setzt die Fenster ansprechend in Szene.<br />
Der echte Voile ist oben und mittig mit kontrastierenden Voilebändern abgesetzt.<br />
Auf die gewünschte Breite drapiert wird der Schal mit einem hübschen Schleifenband.<br />
Zur Befestigung wird der Store mit Metallösen ganz simpel über die Gardinenstange gezogen.<br />
Bei Bedarf lassen die Gardinenschals sich unkompliziert im Schongang der Waschmaschine bei bis zu 30°C reinigen.</p>
<p>Materiaal: Bovenmateriaal: 100% polyester<br />
Onderhoudsinstructies: Zacht wassen</p>
<p>Farbe: rot-weiß<br />
Patroon: zonder<br />
Größe: Breite 140cm x Länge 245cm<br />
Opmerking: De opgegeven afmetingen zijn de afmetingen van de stof. Bij volledige decoratie op het raam wordt de breedte met ongeveer de helft verminderd.</p>
<p>Aufhängung erfolgt mittels Ösen (Durchmesser ca. 35 mm) an der Gardinenstange.</p>

<table class="dv_characteristicsTable">
<tbody>
<tr>
<td class="left">Gewicht</td>
<td>50 g/m²</td>
</tr>
<tr>
<td class="left">Breite</td>
<td>140 cm</td>
</tr>
<tr>
<td class="left">Höhe</td>
<td>245 cm</td>
</tr>
</tbody>
</table>
<table class="dv_characteristicsTable">
<tbody>
<tr>
<td class="left">Aufhängung</td>
<td>Ösen</td>
</tr>
</tbody>
</table>
<table class="dv_characteristicsTable">
<tbody>
<tr>
<td class="left">Kleur</td>
<td>rot</td>
</tr>
<tr>
<td class="left">Transparenz</td>
<td>transparent</td>
</tr>
<tr>
<td class="left">Oberflächenstruktur</td>
<td>glatt</td>
</tr>
</tbody>
</table>
<table class="dv_characteristicsTable">
<tbody>
<tr>
<td class="left">Materialart</td>
<td>Voile</td>
</tr>
<tr>
<td class="left">Materiaalsamenstelling</td>
<td>Obermaterial: 100% Polyester</td>
</tr>
<tr>
<td class="left">Materiaal</td>
<td>Polyester</td>
</tr>
<tr>
<td class="left">Material Aufhängung</td>
<td>Metall</td>
</tr>
</tbody>
</table>
<table class="dv_characteristicsTable">
<tbody>
<tr>
<td class="left">Anzahl Teile</td>
<td>2 St.</td>
</tr>
<tr>
<td class="left">Omvang van de levering</td>
<td>Raffhalter</td>
</tr>
</tbody>
</table>
<table class="dv_characteristicsTable">
<tbody>
<tr>
<td class="left">Onderhoudsinstructies</td>
<td>30°C Schonwäsche</td>
</tr>
</tbody>
</table>
