{"id":82334,"date":"2023-12-14T02:22:06","date_gmt":"2023-12-14T01:22:06","guid":{"rendered":"https:\/\/www.soanam.de\/?post_type=product&#038;p=82334"},"modified":"2023-12-14T02:24:39","modified_gmt":"2023-12-14T01:24:39","slug":"my-home-fertiggardine-eby-1-stk-mit-kraeuselband-in-weiss-groesse-300cmx225cm","status":"publish","type":"product","link":"https:\/\/www.soanam.de\/nl\/produkt\/my-home-fertiggardine-eby-1-stk-mit-kraeuselband-in-weiss-groesse-300cmx225cm\/","title":{"rendered":"my home Fertiggardine Eby, 1 Stk. mit Kr\u00e4uselband, in Wei\u00df, Gr\u00f6\u00dfe 300cmx225cm"},"content":{"rendered":"<p>Transparante stof<br \/>\nMit aufgen\u00e4htem Satinband in Wei\u00df<br \/>\nLichtgewicht kwaliteit<br \/>\nWasbaar op 30 graden op een zacht programma<br \/>\npflegeleicht<\/p>\n<p>Das dezente Design der my home Gardine Eby sorgt f\u00fcr tolle Kombinationsm\u00f6glichkeiten zu unterschiedlichen Einrichtungsstilen.<br \/>\nEin besonderes Detail an dieser Fensterdekoration ist das wei\u00dfe Satinband, das am unteren Rand eingelassen wurde.<br \/>\nGefertigt ist der Store in pflegeleichter Qualit\u00e4t, er ist bei Bedarf bei 30 \u00b0C im Schongang der Maschine waschbar.<br \/>\nIn seiner Leichtigkeit und transparenter Stoffbeschaffenheit l\u00e4sst dieser Gardinenschal R\u00e4ume besonders freundlich und hell erscheinen.<\/p>\n<p>Materiaal: Bovenmateriaal: 100% polyester<\/p>\n<p>Onderhoudsinstructies: Zacht wassen<\/p>\n<p>Kleur: wit<br \/>\nPatroon: zonder<br \/>\nGr\u00f6\u00dfe: Breite 300cm x L\u00e4nge 225cm<br \/>\nOpmerking: De opgegeven afmetingen zijn de afmetingen van de stof. Bij volledige decoratie op het raam wordt de breedte met ongeveer de helft verminderd.<\/p>","protected":false},"excerpt":{"rendered":"<table class=\"dv_characteristicsTable\">\n<tbody>\n<tr>\n<td class=\"left\">Gewicht<\/td>\n<td>52 g\/m\u00b2<\/td>\n<\/tr>\n<tr>\n<td class=\"left\">Breite<\/td>\n<td>300 cm<\/td>\n<\/tr>\n<tr>\n<td class=\"left\">H\u00f6he<\/td>\n<td>225 cm<\/td>\n<\/tr>\n<\/tbody>\n<\/table>\n<table class=\"dv_characteristicsTable\">\n<tbody>\n<tr>\n<td class=\"left\">Aufh\u00e4ngung<\/td>\n<td>Kr\u00e4uselband<\/td>\n<\/tr>\n<\/tbody>\n<\/table>\n<table class=\"dv_characteristicsTable\">\n<tbody>\n<tr>\n<td class=\"left\">Kleur<\/td>\n<td>wei\u00df<\/td>\n<\/tr>\n<tr>\n<td class=\"left\">Transparenz<\/td>\n<td>transparent<\/td>\n<\/tr>\n<tr>\n<td class=\"left\">Oberfl\u00e4chenstruktur<\/td>\n<td>glatt<\/td>\n<\/tr>\n<tr>\n<td class=\"left\">Design<\/td>\n<td>unifarben<\/td>\n<\/tr>\n<\/tbody>\n<\/table>\n<table class=\"dv_characteristicsTable\">\n<tbody>\n<tr>\n<td class=\"left\">Materialart<\/td>\n<td>Satin<\/td>\n<\/tr>\n<tr>\n<td class=\"left\">Materiaalsamenstelling<\/td>\n<td>Obermaterial: 100% Polyester<\/td>\n<\/tr>\n<tr>\n<td class=\"left\">Materiaal<\/td>\n<td>Polyester<\/td>\n<\/tr>\n<\/tbody>\n<\/table>\n<table class=\"dv_characteristicsTable\">\n<tbody>\n<tr>\n<td class=\"left\">Anzahl Teile<\/td>\n<td>1 St.<\/td>\n<\/tr>\n<\/tbody>\n<\/table>\n<table class=\"dv_characteristicsTable\">\n<tbody>\n<tr>\n<td class=\"left\">Onderhoudsinstructies<\/td>\n<td>30\u00b0C Schonw\u00e4sche<\/td>\n<\/tr>\n<\/tbody>\n<\/table>\n<table class=\"dv_characteristicsTable\">\n<tbody>\n<tr>\n<td class=\"left\">Hinweis Dekoration<\/td>\n<td>Die angegebenen Ma\u00dfe sind Stoffma\u00dfe.<br \/>\nAm Fenster fertig dekoriert, reduziert sich die Breite um ca. die H\u00e4lfte.<\/td>\n<\/tr>\n<tr>\n<td class=\"left\">Hinweis Aufh\u00e4ngung<\/td>\n<td>Ophanging met gordijnrollen (niet inbegrepen) in de gordijnrail.<\/td>\n<\/tr>\n<\/tbody>\n<\/table>","protected":false},"featured_media":82446,"comment_status":"open","ping_status":"closed","template":"","meta":{"_seopress_robots_primary_cat":"","_seopress_titles_title":"","_seopress_titles_desc":"","_seopress_robots_index":""},"product_brand":[],"product_cat":[1400,1420],"product_tag":[],"class_list":{"0":"post-82334","1":"product","2":"type-product","3":"status-publish","4":"has-post-thumbnail","6":"product_cat-wohnzubehoer","7":"product_cat-wohndekoration","8":"product_shipping_class-standard-versand","10":"first","11":"instock","12":"sale","13":"taxable","14":"shipping-taxable","15":"purchasable","16":"product-type-simple"},"_links":{"self":[{"href":"https:\/\/www.soanam.de\/nl\/wp-json\/wp\/v2\/product\/82334","targetHints":{"allow":["GET"]}}],"collection":[{"href":"https:\/\/www.soanam.de\/nl\/wp-json\/wp\/v2\/product"}],"about":[{"href":"https:\/\/www.soanam.de\/nl\/wp-json\/wp\/v2\/types\/product"}],"replies":[{"embeddable":true,"href":"https:\/\/www.soanam.de\/nl\/wp-json\/wp\/v2\/comments?post=82334"}],"wp:featuredmedia":[{"embeddable":true,"href":"https:\/\/www.soanam.de\/nl\/wp-json\/wp\/v2\/media\/82446"}],"wp:attachment":[{"href":"https:\/\/www.soanam.de\/nl\/wp-json\/wp\/v2\/media?parent=82334"}],"wp:term":[{"taxonomy":"product_brand","embeddable":true,"href":"https:\/\/www.soanam.de\/nl\/wp-json\/wp\/v2\/product_brand?post=82334"},{"taxonomy":"product_cat","embeddable":true,"href":"https:\/\/www.soanam.de\/nl\/wp-json\/wp\/v2\/product_cat?post=82334"},{"taxonomy":"product_tag","embeddable":true,"href":"https:\/\/www.soanam.de\/nl\/wp-json\/wp\/v2\/product_tag?post=82334"}],"curies":[{"name":"wp","href":"https:\/\/api.w.org\/{rel}","templated":true}]}}

my home Fertiggardine Eby, 1 Stk. mit Kräuselband, in Weiß, Größe 300cmx225cm

<p>Transparante stof<br />
Mit aufgenähtem Satinband in Weiß<br />
Lichtgewicht kwaliteit<br />
Wasbaar op 30 graden op een zacht programma<br />
pflegeleicht</p>
<p>Das dezente Design der my home Gardine Eby sorgt für tolle Kombinationsmöglichkeiten zu unterschiedlichen Einrichtungsstilen.<br />
Ein besonderes Detail an dieser Fensterdekoration ist das weiße Satinband, das am unteren Rand eingelassen wurde.<br />
Gefertigt ist der Store in pflegeleichter Qualität, er ist bei Bedarf bei 30 °C im Schongang der Maschine waschbar.<br />
In seiner Leichtigkeit und transparenter Stoffbeschaffenheit lässt dieser Gardinenschal Räume besonders freundlich und hell erscheinen.</p>
<p>Materiaal: Bovenmateriaal: 100% polyester</p>
<p>Onderhoudsinstructies: Zacht wassen</p>
<p>Kleur: wit<br />
Patroon: zonder<br />
Größe: Breite 300cm x Länge 225cm<br />
Opmerking: De opgegeven afmetingen zijn de afmetingen van de stof. Bij volledige decoratie op het raam wordt de breedte met ongeveer de helft verminderd.</p>

<table class="dv_characteristicsTable">
<tbody>
<tr>
<td class="left">Gewicht</td>
<td>52 g/m²</td>
</tr>
<tr>
<td class="left">Breite</td>
<td>300 cm</td>
</tr>
<tr>
<td class="left">Höhe</td>
<td>225 cm</td>
</tr>
</tbody>
</table>
<table class="dv_characteristicsTable">
<tbody>
<tr>
<td class="left">Aufhängung</td>
<td>Kräuselband</td>
</tr>
</tbody>
</table>
<table class="dv_characteristicsTable">
<tbody>
<tr>
<td class="left">Kleur</td>
<td>weiß</td>
</tr>
<tr>
<td class="left">Transparenz</td>
<td>transparent</td>
</tr>
<tr>
<td class="left">Oberflächenstruktur</td>
<td>glatt</td>
</tr>
<tr>
<td class="left">Design</td>
<td>unifarben</td>
</tr>
</tbody>
</table>
<table class="dv_characteristicsTable">
<tbody>
<tr>
<td class="left">Materialart</td>
<td>Satin</td>
</tr>
<tr>
<td class="left">Materiaalsamenstelling</td>
<td>Obermaterial: 100% Polyester</td>
</tr>
<tr>
<td class="left">Materiaal</td>
<td>Polyester</td>
</tr>
</tbody>
</table>
<table class="dv_characteristicsTable">
<tbody>
<tr>
<td class="left">Anzahl Teile</td>
<td>1 St.</td>
</tr>
</tbody>
</table>
<table class="dv_characteristicsTable">
<tbody>
<tr>
<td class="left">Onderhoudsinstructies</td>
<td>30°C Schonwäsche</td>
</tr>
</tbody>
</table>
<table class="dv_characteristicsTable">
<tbody>
<tr>
<td class="left">Hinweis Dekoration</td>
<td>Die angegebenen Maße sind Stoffmaße.<br />
Am Fenster fertig dekoriert, reduziert sich die Breite um ca. die Hälfte.</td>
</tr>
<tr>
<td class="left">Hinweis Aufhängung</td>
<td>Ophanging met gordijnrollen (niet inbegrepen) in de gordijnrail.</td>
</tr>
</tbody>
</table>
