{"id":82314,"date":"2023-12-14T02:21:37","date_gmt":"2023-12-14T01:21:37","guid":{"rendered":"https:\/\/www.soanam.de\/?post_type=product&#038;p=82314"},"modified":"2023-12-14T02:24:20","modified_gmt":"2023-12-14T01:24:20","slug":"superdry-everest-parka-in-schwarz-groesse-2xl","status":"publish","type":"product","link":"https:\/\/www.soanam.de\/nl\/produkt\/superdry-everest-parka-in-schwarz-groesse-2xl\/","title":{"rendered":"Superdry Everest Parka, in zwart, maat 2XL"},"content":{"rendered":"<p>Parka von Superdry<br \/>\nEffen kleuren<br \/>\nKapuze mit Kunstfellbesatz<br \/>\nKnoopsluiting<br \/>\nMit Windschutzblende<br \/>\nVerdeckter Rei\u00dfverschluss<\/p>\n<p>Der Parka von Superdry verf\u00fcgt \u00fcber einen Hauptverschluss mit Rei\u00dfverschluss und einer Knopfleiste, einer Kapuze mit Kunstfellbesatz und 4 Taschen.<br \/>\nEr ist warm gef\u00fcttert, in normaler L\u00e4nge und im regular fit geschnitten.<\/p>\n<p>Materiaal: Bovenmateriaal: 100% polyester<br \/>\nVoering: 100% nylon<br \/>\nRippb\u00fcndchen: 99% Polyester, 1% Elasthan<br \/>\nKapuzenfutter: 97% Polyester, 3% Polyacryl<br \/>\nVulling: 100% polyester<br \/>\nWebpelzbesatz: 45% Polyacryl, 39% Modacryl, 16% Polyester<br \/>\nOnderhoudsinstructies: Machinewas<\/p>\n<p>Kleur: zwart<br \/>\nPatroon: zonder<br \/>\nMaat: 2XL<\/p>\n<p>Schouderbreedte: 50cm<br \/>\nBorstbreedte: 128cm<br \/>\nMouwlengte: 74cm<br \/>\nTotale lengte: 90cm<\/p>","protected":false},"excerpt":{"rendered":"<table class=\"dv_characteristicsTable\" style=\"height: 601px;\" width=\"420\">\n<tbody>\n<tr>\n<td class=\"left\">Maat<\/td>\n<td>2XL<\/td>\n<\/tr>\n<tr>\n<td class=\"left\">Gr\u00f6\u00dfentyp<\/td>\n<td>Normalgr\u00f6\u00dfen<\/td>\n<\/tr>\n<tr>\n<td class=\"left\">Materiaalsamenstelling<\/td>\n<td>Obermaterial: 100% Polyester<\/td>\n<\/tr>\n<tr>\n<td class=\"left\">Onderhoudsinstructies<\/td>\n<td>Machinewas<\/td>\n<\/tr>\n<tr>\n<td class=\"left\">Optik<\/td>\n<td>unifarben<\/td>\n<\/tr>\n<tr>\n<td class=\"left\">Stil<\/td>\n<td>casual<\/td>\n<\/tr>\n<tr>\n<td class=\"left\">Kleur<\/td>\n<td>schwarz<\/td>\n<\/tr>\n<tr>\n<td class=\"left\">Kragen<\/td>\n<td>mit Kapuze<\/td>\n<\/tr>\n<tr>\n<td class=\"left\">Gef\u00fcttert<\/td>\n<td>ja<\/td>\n<\/tr>\n<tr>\n<td class=\"left\">\u00c4rmel<\/td>\n<td>Lange mouw<\/td>\n<\/tr>\n<tr>\n<td class=\"left\">Ton in Ton N\u00e4hte<\/td>\n<td>ja<\/td>\n<\/tr>\n<tr>\n<td class=\"left\">L\u00e4nge<\/td>\n<td>Oberschenkel<\/td>\n<\/tr>\n<tr>\n<td class=\"left\">Schnitt<\/td>\n<td>regular fit<\/td>\n<\/tr>\n<tr>\n<td class=\"left\">Verschluss<\/td>\n<td>Rei\u00dfverschluss, Kn\u00f6pfe<\/td>\n<\/tr>\n<tr>\n<td class=\"left\"><\/td>\n<td><\/td>\n<\/tr>\n<tr>\n<td class=\"left\"><\/td>\n<td><\/td>\n<\/tr>\n<tr>\n<td class=\"left\"><\/td>\n<td><\/td>\n<\/tr>\n<tr>\n<td class=\"left\"><\/td>\n<td><\/td>\n<\/tr>\n<tr>\n<td class=\"left\"><\/td>\n<td><\/td>\n<\/tr>\n<tr>\n<td class=\"left\"><\/td>\n<td><\/td>\n<\/tr>\n<\/tbody>\n<\/table>","protected":false},"featured_media":82431,"comment_status":"open","ping_status":"closed","template":"","meta":{"_seopress_robots_primary_cat":"","_seopress_titles_title":"","_seopress_titles_desc":"","_seopress_robots_index":""},"product_brand":[],"product_cat":[1345,1363,1377,1389],"product_tag":[],"class_list":{"0":"post-82314","1":"product","2":"type-product","3":"status-publish","4":"has-post-thumbnail","6":"product_cat-herrenmode","7":"product_cat-jacken-maentel-herrenmode","8":"product_cat-winterjacken-jacken-maentel-herrenmode","9":"product_cat-parkas","10":"product_shipping_class-standard-versand","12":"first","13":"instock","14":"taxable","15":"shipping-taxable","16":"purchasable","17":"product-type-simple"},"_links":{"self":[{"href":"https:\/\/www.soanam.de\/nl\/wp-json\/wp\/v2\/product\/82314","targetHints":{"allow":["GET"]}}],"collection":[{"href":"https:\/\/www.soanam.de\/nl\/wp-json\/wp\/v2\/product"}],"about":[{"href":"https:\/\/www.soanam.de\/nl\/wp-json\/wp\/v2\/types\/product"}],"replies":[{"embeddable":true,"href":"https:\/\/www.soanam.de\/nl\/wp-json\/wp\/v2\/comments?post=82314"}],"wp:featuredmedia":[{"embeddable":true,"href":"https:\/\/www.soanam.de\/nl\/wp-json\/wp\/v2\/media\/82431"}],"wp:attachment":[{"href":"https:\/\/www.soanam.de\/nl\/wp-json\/wp\/v2\/media?parent=82314"}],"wp:term":[{"taxonomy":"product_brand","embeddable":true,"href":"https:\/\/www.soanam.de\/nl\/wp-json\/wp\/v2\/product_brand?post=82314"},{"taxonomy":"product_cat","embeddable":true,"href":"https:\/\/www.soanam.de\/nl\/wp-json\/wp\/v2\/product_cat?post=82314"},{"taxonomy":"product_tag","embeddable":true,"href":"https:\/\/www.soanam.de\/nl\/wp-json\/wp\/v2\/product_tag?post=82314"}],"curies":[{"name":"wp","href":"https:\/\/api.w.org\/{rel}","templated":true}]}}

<p>Parka von Superdry<br />
Effen kleuren<br />
Kapuze mit Kunstfellbesatz<br />
Knoopsluiting<br />
Mit Windschutzblende<br />
Verdeckter Reißverschluss</p>
<p>Der Parka von Superdry verfügt über einen Hauptverschluss mit Reißverschluss und einer Knopfleiste, einer Kapuze mit Kunstfellbesatz und 4 Taschen.<br />
Er ist warm gefüttert, in normaler Länge und im regular fit geschnitten.</p>
<p>Materiaal: Bovenmateriaal: 100% polyester<br />
Voering: 100% nylon<br />
Rippbündchen: 99% Polyester, 1% Elasthan<br />
Kapuzenfutter: 97% Polyester, 3% Polyacryl<br />
Vulling: 100% polyester<br />
Webpelzbesatz: 45% Polyacryl, 39% Modacryl, 16% Polyester<br />
Onderhoudsinstructies: Machinewas</p>
<p>Kleur: zwart<br />
Patroon: zonder<br />
Maat: 2XL</p>
<p>Schouderbreedte: 50cm<br />
Borstbreedte: 128cm<br />
Mouwlengte: 74cm<br />
Totale lengte: 90cm</p>

<table class="dv_characteristicsTable" style="height: 601px;" width="420">
<tbody>
<tr>
<td class="left">Maat</td>
<td>2XL</td>
</tr>
<tr>
<td class="left">Größentyp</td>
<td>Normalgrößen</td>
</tr>
<tr>
<td class="left">Materiaalsamenstelling</td>
<td>Obermaterial: 100% Polyester</td>
</tr>
<tr>
<td class="left">Onderhoudsinstructies</td>
<td>Machinewas</td>
</tr>
<tr>
<td class="left">Optik</td>
<td>unifarben</td>
</tr>
<tr>
<td class="left">Stil</td>
<td>casual</td>
</tr>
<tr>
<td class="left">Kleur</td>
<td>schwarz</td>
</tr>
<tr>
<td class="left">Kragen</td>
<td>mit Kapuze</td>
</tr>
<tr>
<td class="left">Gefüttert</td>
<td>ja</td>
</tr>
<tr>
<td class="left">Ärmel</td>
<td>Lange mouw</td>
</tr>
<tr>
<td class="left">Ton in Ton Nähte</td>
<td>ja</td>
</tr>
<tr>
<td class="left">Länge</td>
<td>Oberschenkel</td>
</tr>
<tr>
<td class="left">Schnitt</td>
<td>regular fit</td>
</tr>
<tr>
<td class="left">Verschluss</td>
<td>Reißverschluss, Knöpfe</td>
</tr>
<tr>
<td class="left"></td>
<td></td>
</tr>
<tr>
<td class="left"></td>
<td></td>
</tr>
<tr>
<td class="left"></td>
<td></td>
</tr>
<tr>
<td class="left"></td>
<td></td>
</tr>
<tr>
<td class="left"></td>
<td></td>
</tr>
<tr>
<td class="left"></td>
<td></td>
</tr>
</tbody>
</table>
