{"id":82107,"date":"2023-12-14T02:12:19","date_gmt":"2023-12-14T01:12:19","guid":{"rendered":"https:\/\/www.soanam.de\/?post_type=product&#038;p=82107"},"modified":"2023-12-14T02:15:14","modified_gmt":"2023-12-14T01:15:14","slug":"polarino-funktionsparka-in-marine-groesse-36","status":"publish","type":"product","link":"https:\/\/www.soanam.de\/nl\/produkt\/polarino-funktionsparka-in-marine-groesse-36\/","title":{"rendered":"Polarino Funktionsparka, in Marine, Gr\u00f6\u00dfe 36"},"content":{"rendered":"<p>Outdoorparka mit leichter Wattierung von Polarino<br \/>\nMit Kapuze<br \/>\nWasserdicht, winddicht und atmungsaktiv<br \/>\n3000mm Wassers\u00e4ule und verschwei\u00dfte N\u00e4hte<br \/>\n2-Wege Rei\u00dfverschluss mit darunter liegender Windschutzleiste<br \/>\n4 Au\u00dfentaschen, davon 2 mit Rei\u00dfverschluss und eine Innentasche<\/p>\n<p>Das leicht wattierte Modell von Polarino ist in einer winddichten, atmungsaktiven Qualit\u00e4t gefertigt und bietet dir mit seinen verschwei\u00dften N\u00e4hten eine Wassers\u00e4ule von 3000 mm.<br \/>\nDie gro\u00dfe Kapuze und der 2-Wege-Rei\u00dfverschluss mit Windschutzleiste sch\u00fctzen dich zus\u00e4tzlich.<br \/>\nKomfort und Wohlgef\u00fchl spendet der bequeme Schnitt des Outdoormantels mit Kordelzug in der Taille.<br \/>\nIn den zwei Druckknopf- und den zwei Rei\u00dfverschlusstaschen sowie der Innentasche findest du obendrein jede Menge Verstauraum.<\/p>\n<p>Materiaal: 100% polyester<br \/>\nOnderhoudsinstructies: Machinewas<\/p>\n<p>Kleur: marine<br \/>\nPatroon: zonder<br \/>\nMaat: 36<\/p>\n<p>Schouderbreedte: 42cm<br \/>\nBorstbreedte: 104cm<br \/>\nMouwlengte: 62cm<br \/>\nTotale lengte: 91cm<\/p>\n<p>&nbsp;<\/p>\n<p>Dit nieuwe artikel is een retourzending van een klant zonder label.<\/p>","protected":false},"excerpt":{"rendered":"<table class=\"dv_characteristicsTable\">\n<tbody>\n<tr>\n<td class=\"left\">Maat<\/td>\n<td>36<\/td>\n<\/tr>\n<tr>\n<td class=\"left\">Gr\u00f6\u00dfentyp<\/td>\n<td>Normalgr\u00f6\u00dfen<\/td>\n<\/tr>\n<tr>\n<td class=\"left\">Materiaalsamenstelling<\/td>\n<td>Obermaterial: 100% Polyester. Futter: 100% Polyester. Wattierung: 100% Polyester<\/td>\n<\/tr>\n<tr>\n<td class=\"left\">Materialart<\/td>\n<td>Web<\/td>\n<\/tr>\n<tr>\n<td class=\"left\">Materialeigenschaften<\/td>\n<td>wasserdicht, winddicht, atmungsaktiv<\/td>\n<\/tr>\n<tr>\n<td class=\"left\">Wassers\u00e4ule<\/td>\n<td>3000 mm<\/td>\n<\/tr>\n<tr>\n<td class=\"left\">Onderhoudsinstructies<\/td>\n<td>Machinewas<\/td>\n<\/tr>\n<tr>\n<td class=\"left\">Optik<\/td>\n<td>unifarben, kontrastfarbene Details<\/td>\n<\/tr>\n<tr>\n<td class=\"left\">Stil<\/td>\n<td>casual<\/td>\n<\/tr>\n<tr>\n<td class=\"left\">Kleur<\/td>\n<td>marine<\/td>\n<\/tr>\n<tr>\n<td class=\"left\">Kragen<\/td>\n<td>hochschlie\u00dfender Kragen<\/td>\n<\/tr>\n<tr>\n<td class=\"left\">\u00c4rmel<\/td>\n<td>Lange mouw<\/td>\n<\/tr>\n<tr>\n<td class=\"left\">\u00c4rmeldetails<\/td>\n<td>verstellbar, mit Riegel<\/td>\n<\/tr>\n<tr>\n<td class=\"left\">\u00c4rmelabschluss<\/td>\n<td>Rippstrickb\u00fcndchen<\/td>\n<\/tr>\n<tr>\n<td class=\"left\">\u00c4rmelabschlussdetails<\/td>\n<td>mit verstellbarem Klettverschluss<\/td>\n<\/tr>\n<tr>\n<td class=\"left\">Kapuze<\/td>\n<td>mit Kapuze<\/td>\n<\/tr>\n<tr>\n<td class=\"left\">Kapuzendetails<\/td>\n<td>mit regulierbarem Elastikband, Weite regulierbar<\/td>\n<\/tr>\n<tr>\n<td class=\"left\">Kapuzenf\u00fctterung<\/td>\n<td>gef\u00fcttert, kontrastfarben<\/td>\n<\/tr>\n<tr>\n<td class=\"left\">Applikationen<\/td>\n<td>Metalllabel<\/td>\n<\/tr>\n<tr>\n<td class=\"left\">Tassen<\/td>\n<td>Pattentaschen, Rei\u00dfverschlusstaschen, Innentasche<\/td>\n<\/tr>\n<tr>\n<td class=\"left\">Verschluss<\/td>\n<td>2-Wege-Rei\u00dfverschluss<\/td>\n<\/tr>\n<tr>\n<td class=\"left\">Verschlussdetails<\/td>\n<td>mit Kinnschutz<\/td>\n<\/tr>\n<tr>\n<td class=\"left\">Besondere Merkmale<\/td>\n<td>mit weitenverstellbarer Taille<\/td>\n<\/tr>\n<\/tbody>\n<\/table>","protected":false},"featured_media":82242,"comment_status":"open","ping_status":"closed","template":"","meta":{"_seopress_robots_primary_cat":"","_seopress_titles_title":"","_seopress_titles_desc":"","_seopress_robots_index":""},"product_brand":[],"product_cat":[1348,1354,1375,1440],"product_tag":[],"class_list":{"0":"post-82107","1":"product","2":"type-product","3":"status-publish","4":"has-post-thumbnail","6":"product_cat-damen-mode","7":"product_cat-jacken-maentel","8":"product_cat-winterjacken","9":"product_cat-parkas-winterjacken","10":"product_shipping_class-standard-versand","12":"first","13":"instock","14":"sale","15":"taxable","16":"shipping-taxable","17":"purchasable","18":"product-type-simple"},"_links":{"self":[{"href":"https:\/\/www.soanam.de\/nl\/wp-json\/wp\/v2\/product\/82107","targetHints":{"allow":["GET"]}}],"collection":[{"href":"https:\/\/www.soanam.de\/nl\/wp-json\/wp\/v2\/product"}],"about":[{"href":"https:\/\/www.soanam.de\/nl\/wp-json\/wp\/v2\/types\/product"}],"replies":[{"embeddable":true,"href":"https:\/\/www.soanam.de\/nl\/wp-json\/wp\/v2\/comments?post=82107"}],"wp:featuredmedia":[{"embeddable":true,"href":"https:\/\/www.soanam.de\/nl\/wp-json\/wp\/v2\/media\/82242"}],"wp:attachment":[{"href":"https:\/\/www.soanam.de\/nl\/wp-json\/wp\/v2\/media?parent=82107"}],"wp:term":[{"taxonomy":"product_brand","embeddable":true,"href":"https:\/\/www.soanam.de\/nl\/wp-json\/wp\/v2\/product_brand?post=82107"},{"taxonomy":"product_cat","embeddable":true,"href":"https:\/\/www.soanam.de\/nl\/wp-json\/wp\/v2\/product_cat?post=82107"},{"taxonomy":"product_tag","embeddable":true,"href":"https:\/\/www.soanam.de\/nl\/wp-json\/wp\/v2\/product_tag?post=82107"}],"curies":[{"name":"wp","href":"https:\/\/api.w.org\/{rel}","templated":true}]}}

Polarino Funktionsparka, in Marine, Größe 36

<p>Outdoorparka mit leichter Wattierung von Polarino<br />
Mit Kapuze<br />
Wasserdicht, winddicht und atmungsaktiv<br />
3000mm Wassersäule und verschweißte Nähte<br />
2-Wege Reißverschluss mit darunter liegender Windschutzleiste<br />
4 Außentaschen, davon 2 mit Reißverschluss und eine Innentasche</p>
<p>Das leicht wattierte Modell von Polarino ist in einer winddichten, atmungsaktiven Qualität gefertigt und bietet dir mit seinen verschweißten Nähten eine Wassersäule von 3000 mm.<br />
Die große Kapuze und der 2-Wege-Reißverschluss mit Windschutzleiste schützen dich zusätzlich.<br />
Komfort und Wohlgefühl spendet der bequeme Schnitt des Outdoormantels mit Kordelzug in der Taille.<br />
In den zwei Druckknopf- und den zwei Reißverschlusstaschen sowie der Innentasche findest du obendrein jede Menge Verstauraum.</p>
<p>Materiaal: 100% polyester<br />
Onderhoudsinstructies: Machinewas</p>
<p>Kleur: marine<br />
Patroon: zonder<br />
Maat: 36</p>
<p>Schouderbreedte: 42cm<br />
Borstbreedte: 104cm<br />
Mouwlengte: 62cm<br />
Totale lengte: 91cm</p>
<p>&nbsp;</p>
<p>Dit nieuwe artikel is een retourzending van een klant zonder label.</p>

<table class="dv_characteristicsTable">
<tbody>
<tr>
<td class="left">Maat</td>
<td>36</td>
</tr>
<tr>
<td class="left">Größentyp</td>
<td>Normalgrößen</td>
</tr>
<tr>
<td class="left">Materiaalsamenstelling</td>
<td>Obermaterial: 100% Polyester. Futter: 100% Polyester. Wattierung: 100% Polyester</td>
</tr>
<tr>
<td class="left">Materialart</td>
<td>Web</td>
</tr>
<tr>
<td class="left">Materialeigenschaften</td>
<td>wasserdicht, winddicht, atmungsaktiv</td>
</tr>
<tr>
<td class="left">Wassersäule</td>
<td>3000 mm</td>
</tr>
<tr>
<td class="left">Onderhoudsinstructies</td>
<td>Machinewas</td>
</tr>
<tr>
<td class="left">Optik</td>
<td>unifarben, kontrastfarbene Details</td>
</tr>
<tr>
<td class="left">Stil</td>
<td>casual</td>
</tr>
<tr>
<td class="left">Kleur</td>
<td>marine</td>
</tr>
<tr>
<td class="left">Kragen</td>
<td>hochschließender Kragen</td>
</tr>
<tr>
<td class="left">Ärmel</td>
<td>Lange mouw</td>
</tr>
<tr>
<td class="left">Ärmeldetails</td>
<td>verstellbar, mit Riegel</td>
</tr>
<tr>
<td class="left">Ärmelabschluss</td>
<td>Rippstrickbündchen</td>
</tr>
<tr>
<td class="left">Ärmelabschlussdetails</td>
<td>mit verstellbarem Klettverschluss</td>
</tr>
<tr>
<td class="left">Kapuze</td>
<td>mit Kapuze</td>
</tr>
<tr>
<td class="left">Kapuzendetails</td>
<td>mit regulierbarem Elastikband, Weite regulierbar</td>
</tr>
<tr>
<td class="left">Kapuzenfütterung</td>
<td>gefüttert, kontrastfarben</td>
</tr>
<tr>
<td class="left">Applikationen</td>
<td>Metalllabel</td>
</tr>
<tr>
<td class="left">Tassen</td>
<td>Pattentaschen, Reißverschlusstaschen, Innentasche</td>
</tr>
<tr>
<td class="left">Verschluss</td>
<td>2-Wege-Reißverschluss</td>
</tr>
<tr>
<td class="left">Verschlussdetails</td>
<td>mit Kinnschutz</td>
</tr>
<tr>
<td class="left">Besondere Merkmale</td>
<td>mit weitenverstellbarer Taille</td>
</tr>
</tbody>
</table>
