{"id":82016,"date":"2023-12-14T02:10:33","date_gmt":"2023-12-14T01:10:33","guid":{"rendered":"https:\/\/www.soanam.de\/?post_type=product&#038;p=82016"},"modified":"2023-12-14T02:12:29","modified_gmt":"2023-12-14T01:12:29","slug":"quiksilver-kinder-funktionsjacke-in-the-hood-in-schwarz-groesse-l-14-jahre","status":"publish","type":"product","link":"https:\/\/www.soanam.de\/nl\/produkt\/quiksilver-kinder-funktionsjacke-in-the-hood-in-schwarz-groesse-l-14-jahre\/","title":{"rendered":"QUIKSILVER functioneel kinderjack IN THE HOOD, in zwart, maat L \/ 14 jaar"},"content":{"rendered":"<p>Impr\u00e4gnierung: 10K Quiksilver-DryFlight\u00ae-Technologie f\u00fcr bessere Impr\u00e4gnierung [10.000 mm \/ 5.000 g]<br \/>\nStoff: Polyester-Leinwandgewebe<br \/>\nPassform: Regular fit - maximaler Komfort<br \/>\nIsolierung: WarmFlight\u00ae Isolierung [F\u00fcllgewicht: 80 g K\u00f6rper, 80 g \u00c4rmel, 60 g Kapuze]<br \/>\nWarmFlight\u00ae-Bewertung: 2\/3 f\u00fcr geringe Masse und hohe W\u00e4rmeisolierung<\/p>\n<p>Schneejacke, Skijacke\u00a0 f\u00fcr Jungen von Quicksilver.<br \/>\nDie Eigenschaften dieses Produkts sind: 10K Quiksilver-DryFlight\u00ae-Technologie f\u00fcr bessere Impr\u00e4gnierung [10.000 mm \/ 5.000 g], Polyester-Leinwandgewebe, Regular fit - maximaler Komfort und entspannter Stil, dieser Baggier-Schnitt bietet uneingeschr\u00e4nkte Bewegungsfreiheit am Berg, WarmFlight\u00ae Isolierung [F\u00fcllgewicht: 80 g K\u00f6rper, 80 g \u00c4rmel, 60 g Kapuze], WarmFlight\u00ae-Bewertung: 2\/3 f\u00fcr geringe Masse und hohe W\u00e4rmeisolierung, Taft-Futter und geb\u00fcrstetes Trikot-Futter am Kragen, Nahtverklebung an kritischen Stellen, Verstellbare Kapuze, Feste Kapuze, Fester Powder-Schneefang, Verstaubares Powder-Schneefang-System mit Druckknopfverschluss, Handw\u00e4rmetasche, Skikartentasche, Mesh-Tasche innen und Verstellbare B\u00fcndchen.<\/p>\n<p>Material: 100 % Polyester<br \/>\nPflegehinweise: Maschinenw\u00e4sche<\/p>\n<p>Farbe: schwarz<br \/>\nMuster: Logoprint vorn, hinten und auf dem \u00c4rmel<br \/>\nGr\u00f6\u00dfe: L<\/p>\n<p>Schulterbreite: 42cm<br \/>\nBrustweite: 105cm<br \/>\n\u00c4rmell\u00e4nge: 62cm<br \/>\nGesamtl\u00e4nge: 70cm<\/p>\n<p>Es handelt sich bei diesem neuen Artikel um einen Kundenr\u00fcckl\u00e4ufer ohne Etikett.<\/p>\n","protected":false},"excerpt":{"rendered":"<table class=\"dv_characteristicsTable\">\n<tbody>\n<tr>\n<td class=\"left\">Maat<\/td>\n<td>L<\/td>\n<\/tr>\n<tr>\n<td class=\"left\">Gr\u00f6\u00dfentyp<\/td>\n<td>Normalgr\u00f6\u00dfen<\/td>\n<\/tr>\n<tr>\n<td class=\"left\">Materiaalsamenstelling<\/td>\n<td>100% Polyester<\/td>\n<\/tr>\n<tr>\n<td class=\"left\">Materialart Innenfutter<\/td>\n<td>Polyester<\/td>\n<\/tr>\n<tr>\n<td class=\"left\">Materialeigenschaften<\/td>\n<td>nicht elastisch<\/td>\n<\/tr>\n<tr>\n<td class=\"left\">Onderhoudsinstructies<\/td>\n<td>Machinewas<\/td>\n<\/tr>\n<tr>\n<td class=\"left\">Optik<\/td>\n<td>unifarben<\/td>\n<\/tr>\n<tr>\n<td class=\"left\">Stil<\/td>\n<td>modisch<\/td>\n<\/tr>\n<tr>\n<td class=\"left\">Kleur<\/td>\n<td>black<\/td>\n<\/tr>\n<tr>\n<td class=\"left\">\u00c4rmel<\/td>\n<td>Lange mouw<\/td>\n<\/tr>\n<tr>\n<td class=\"left\">\u00c4rmelabschluss<\/td>\n<td>mit Klettverschluss<\/td>\n<\/tr>\n<tr>\n<td class=\"left\">Pas<\/td>\n<td>locker<\/td>\n<\/tr>\n<tr>\n<td class=\"left\">Herstellerpassform<\/td>\n<td>regular fit<\/td>\n<\/tr>\n<tr>\n<td class=\"left\">Tassen<\/td>\n<td>Rei\u00dfverschlusstaschen<\/td>\n<\/tr>\n<tr>\n<td class=\"left\">Verschluss<\/td>\n<td>Ritssluiting<\/td>\n<\/tr>\n<tr>\n<td class=\"left\"><\/td>\n<td><\/td>\n<\/tr>\n<tr>\n<td class=\"left\"><\/td>\n<td><\/td>\n<\/tr>\n<\/tbody>\n<\/table>","protected":false},"featured_media":82111,"comment_status":"open","ping_status":"closed","template":"","meta":{"_seopress_robots_primary_cat":"","_seopress_titles_title":"","_seopress_titles_desc":"","_seopress_robots_index":""},"product_brand":[],"product_cat":[1351,1390,1391],"product_tag":[],"class_list":{"0":"post-82016","1":"product","2":"type-product","3":"status-publish","4":"has-post-thumbnail","6":"product_cat-kindermode","7":"product_cat-jacken-maentel-kindermode","8":"product_cat-winterjacken-jacken-maentel-kindermode","9":"product_shipping_class-standard-versand","11":"first","12":"instock","13":"sale","14":"taxable","15":"shipping-taxable","16":"purchasable","17":"product-type-simple"},"_links":{"self":[{"href":"https:\/\/www.soanam.de\/nl\/wp-json\/wp\/v2\/product\/82016","targetHints":{"allow":["GET"]}}],"collection":[{"href":"https:\/\/www.soanam.de\/nl\/wp-json\/wp\/v2\/product"}],"about":[{"href":"https:\/\/www.soanam.de\/nl\/wp-json\/wp\/v2\/types\/product"}],"replies":[{"embeddable":true,"href":"https:\/\/www.soanam.de\/nl\/wp-json\/wp\/v2\/comments?post=82016"}],"wp:featuredmedia":[{"embeddable":true,"href":"https:\/\/www.soanam.de\/nl\/wp-json\/wp\/v2\/media\/82111"}],"wp:attachment":[{"href":"https:\/\/www.soanam.de\/nl\/wp-json\/wp\/v2\/media?parent=82016"}],"wp:term":[{"taxonomy":"product_brand","embeddable":true,"href":"https:\/\/www.soanam.de\/nl\/wp-json\/wp\/v2\/product_brand?post=82016"},{"taxonomy":"product_cat","embeddable":true,"href":"https:\/\/www.soanam.de\/nl\/wp-json\/wp\/v2\/product_cat?post=82016"},{"taxonomy":"product_tag","embeddable":true,"href":"https:\/\/www.soanam.de\/nl\/wp-json\/wp\/v2\/product_tag?post=82016"}],"curies":[{"name":"wp","href":"https:\/\/api.w.org\/{rel}","templated":true}]}}

<p>Imprägnierung: 10K Quiksilver-DryFlight®-Technologie für bessere Imprägnierung [10.000 mm / 5.000 g]<br />
Stoff: Polyester-Leinwandgewebe<br />
Passform: Regular fit - maximaler Komfort<br />
Isolierung: WarmFlight® Isolierung [Füllgewicht: 80 g Körper, 80 g Ärmel, 60 g Kapuze]<br />
WarmFlight®-Bewertung: 2/3 für geringe Masse und hohe Wärmeisolierung</p>
<p>Schneejacke, Skijacke  für Jungen von Quicksilver.<br />
Die Eigenschaften dieses Produkts sind: 10K Quiksilver-DryFlight®-Technologie für bessere Imprägnierung [10.000 mm / 5.000 g], Polyester-Leinwandgewebe, Regular fit - maximaler Komfort und entspannter Stil, dieser Baggier-Schnitt bietet uneingeschränkte Bewegungsfreiheit am Berg, WarmFlight® Isolierung [Füllgewicht: 80 g Körper, 80 g Ärmel, 60 g Kapuze], WarmFlight®-Bewertung: 2/3 für geringe Masse und hohe Wärmeisolierung, Taft-Futter und gebürstetes Trikot-Futter am Kragen, Nahtverklebung an kritischen Stellen, Verstellbare Kapuze, Feste Kapuze, Fester Powder-Schneefang, Verstaubares Powder-Schneefang-System mit Druckknopfverschluss, Handwärmetasche, Skikartentasche, Mesh-Tasche innen und Verstellbare Bündchen.</p>
<p>Material: 100 % Polyester<br />
Pflegehinweise: Maschinenwäsche</p>
<p>Farbe: schwarz<br />
Muster: Logoprint vorn, hinten und auf dem Ärmel<br />
Größe: L</p>
<p>Schulterbreite: 42cm<br />
Brustweite: 105cm<br />
Ärmellänge: 62cm<br />
Gesamtlänge: 70cm</p>
<p>Es handelt sich bei diesem neuen Artikel um einen Kundenrückläufer ohne Etikett.</p>

<table class="dv_characteristicsTable">
<tbody>
<tr>
<td class="left">Maat</td>
<td>L</td>
</tr>
<tr>
<td class="left">Größentyp</td>
<td>Normalgrößen</td>
</tr>
<tr>
<td class="left">Materiaalsamenstelling</td>
<td>100% Polyester</td>
</tr>
<tr>
<td class="left">Materialart Innenfutter</td>
<td>Polyester</td>
</tr>
<tr>
<td class="left">Materialeigenschaften</td>
<td>nicht elastisch</td>
</tr>
<tr>
<td class="left">Onderhoudsinstructies</td>
<td>Machinewas</td>
</tr>
<tr>
<td class="left">Optik</td>
<td>unifarben</td>
</tr>
<tr>
<td class="left">Stil</td>
<td>modisch</td>
</tr>
<tr>
<td class="left">Kleur</td>
<td>black</td>
</tr>
<tr>
<td class="left">Ärmel</td>
<td>Lange mouw</td>
</tr>
<tr>
<td class="left">Ärmelabschluss</td>
<td>mit Klettverschluss</td>
</tr>
<tr>
<td class="left">Pas</td>
<td>locker</td>
</tr>
<tr>
<td class="left">Herstellerpassform</td>
<td>regular fit</td>
</tr>
<tr>
<td class="left">Tassen</td>
<td>Reißverschlusstaschen</td>
</tr>
<tr>
<td class="left">Verschluss</td>
<td>Ritssluiting</td>
</tr>
<tr>
<td class="left"></td>
<td></td>
</tr>
<tr>
<td class="left"></td>
<td></td>
</tr>
</tbody>
</table>
