{"id":77396,"date":"2023-12-13T20:50:23","date_gmt":"2023-12-13T19:50:23","guid":{"rendered":"https:\/\/www.soanam.de\/?post_type=product&#038;p=77396"},"modified":"2023-12-13T20:56:05","modified_gmt":"2023-12-13T19:56:05","slug":"set-damen-mantel-im-wende-design-teddyfell-oder-glatt-kapuze-schwarz","status":"publish","type":"product","link":"https:\/\/www.soanam.de\/nl\/produkt\/set-damen-mantel-im-wende-design-teddyfell-oder-glatt-kapuze-schwarz\/","title":{"rendered":"SET - Damesjas in omkeerbaar dessin, teddybont of glad, capuchon, zwart"},"content":{"rendered":"<h3>Beschrijving van de<\/h3>\n<p>Rechte snede<br \/>\nWende-Design<br \/>\nEine Seite in glatter Qualit\u00e4t<br \/>\nEine Seite aus Teddyfell<br \/>\nKapuze fest<br \/>\nSluit met een tweewegrits<br \/>\nGlatte Seite mit Pattentaschen<br \/>\nTeddyfell-Seite mit Rei\u00dfverschlusstaschen<\/p>\n<p><strong>Materiaal &amp; verzorging<\/strong><br \/>\nMateriaal: 100% polyester<\/p>\n<p><strong>Pflegehinweise:<\/strong><br \/>\nnicht waschen<\/p>\n<p><strong>Pasvorm &amp; afmetingen<\/strong><br \/>\nMa\u00dfe bei Gr\u00f6\u00dfe 36:<\/p>\n<p><strong>R\u00fcckenl\u00e4nge ab Schulter: 101 cm<\/strong><br \/>\n\u00c4rmell\u00e4nge: 61 cm<br \/>\nBrustweite: 110 cm<br \/>\nTailleomvang: 110 cm<\/p>","protected":false},"excerpt":{"rendered":"<h3>Artikelmerkmale<\/h3>\n<p>Staat van het item: Nieuw met label: Nieuw, ongebruikt en ongedragen item in de originele verpakking<br \/>\nAbteilung: Damen<br \/>\nAkzente: Fellbesatz<br \/>\nAnlass: Business, Freizeit<br \/>\nAu\u00dfenmaterial: Polyester<br \/>\nBesonderheiten: Wendemantel<br \/>\nKleur: Zwart<br \/>\nFuttermaterial: Polyester<br \/>\nGewebeart: Fleece<br \/>\nGr\u00f6\u00dfe: 34, 36<br \/>\nGr\u00f6\u00dfenkategorie: Normalgr\u00f6\u00dfe<br \/>\nIsoliermaterial: Polyester<br \/>\nJacken-\/Mantell\u00e4nge: Halblang<br \/>\nJahreszeit: Herbst, Winter<br \/>\nMarke: SET<br \/>\nModell: ohne Angabe<br \/>\nMuster: Ohne Muster<br \/>\nProduktart: Mantel<br \/>\nStil: Mantel<br \/>\nThema: Designer<br \/>\nSluiting: ritssluiting<br \/>\nVintage: Nein<\/p>","protected":false},"featured_media":77555,"comment_status":"open","ping_status":"closed","template":"","meta":{"_seopress_robots_primary_cat":"","_seopress_titles_title":"","_seopress_titles_desc":"","_seopress_robots_index":""},"product_brand":[],"product_cat":[1348,1354,1355,1356],"product_tag":[],"class_list":{"0":"post-77396","1":"product","2":"type-product","3":"status-publish","4":"has-post-thumbnail","6":"product_cat-damen-mode","7":"product_cat-jacken-maentel","8":"product_cat-maentel","9":"product_cat-wintermaentel","10":"product_shipping_class-standard-versand","12":"first","13":"instock","14":"sale","15":"taxable","16":"shipping-taxable","17":"purchasable","18":"product-type-variable"},"_links":{"self":[{"href":"https:\/\/www.soanam.de\/nl\/wp-json\/wp\/v2\/product\/77396","targetHints":{"allow":["GET"]}}],"collection":[{"href":"https:\/\/www.soanam.de\/nl\/wp-json\/wp\/v2\/product"}],"about":[{"href":"https:\/\/www.soanam.de\/nl\/wp-json\/wp\/v2\/types\/product"}],"replies":[{"embeddable":true,"href":"https:\/\/www.soanam.de\/nl\/wp-json\/wp\/v2\/comments?post=77396"}],"wp:featuredmedia":[{"embeddable":true,"href":"https:\/\/www.soanam.de\/nl\/wp-json\/wp\/v2\/media\/77555"}],"wp:attachment":[{"href":"https:\/\/www.soanam.de\/nl\/wp-json\/wp\/v2\/media?parent=77396"}],"wp:term":[{"taxonomy":"product_brand","embeddable":true,"href":"https:\/\/www.soanam.de\/nl\/wp-json\/wp\/v2\/product_brand?post=77396"},{"taxonomy":"product_cat","embeddable":true,"href":"https:\/\/www.soanam.de\/nl\/wp-json\/wp\/v2\/product_cat?post=77396"},{"taxonomy":"product_tag","embeddable":true,"href":"https:\/\/www.soanam.de\/nl\/wp-json\/wp\/v2\/product_tag?post=77396"}],"curies":[{"name":"wp","href":"https:\/\/api.w.org\/{rel}","templated":true}]}}

<h3>Beschrijving van de</h3>
<p>Rechte snede<br />
Wende-Design<br />
Eine Seite in glatter Qualität<br />
Eine Seite aus Teddyfell<br />
Kapuze fest<br />
Sluit met een tweewegrits<br />
Glatte Seite mit Pattentaschen<br />
Teddyfell-Seite mit Reißverschlusstaschen</p>
<p><strong>Materiaal &amp; verzorging</strong><br />
Materiaal: 100% polyester</p>
<p><strong>Pflegehinweise:</strong><br />
nicht waschen</p>
<p><strong>Pasvorm &amp; afmetingen</strong><br />
Maße bei Größe 36:</p>
<p><strong>Rückenlänge ab Schulter: 101 cm</strong><br />
Ärmellänge: 61 cm<br />
Brustweite: 110 cm<br />
Tailleomvang: 110 cm</p>

<h3>Artikelmerkmale</h3>
<p>Staat van het item: Nieuw met label: Nieuw, ongebruikt en ongedragen item in de originele verpakking<br />
Abteilung: Damen<br />
Akzente: Fellbesatz<br />
Anlass: Business, Freizeit<br />
Außenmaterial: Polyester<br />
Besonderheiten: Wendemantel<br />
Kleur: Zwart<br />
Futtermaterial: Polyester<br />
Gewebeart: Fleece<br />
Größe: 34, 36<br />
Größenkategorie: Normalgröße<br />
Isoliermaterial: Polyester<br />
Jacken-/Mantellänge: Halblang<br />
Jahreszeit: Herbst, Winter<br />
Marke: SET<br />
Modell: ohne Angabe<br />
Muster: Ohne Muster<br />
Produktart: Mantel<br />
Stil: Mantel<br />
Thema: Designer<br />
Sluiting: ritssluiting<br />
Vintage: Nein</p>
