{"id":77353,"date":"2023-12-13T20:49:26","date_gmt":"2023-12-13T19:49:26","guid":{"rendered":"https:\/\/www.soanam.de\/?post_type=product&#038;p=77353"},"modified":"2023-12-13T20:53:52","modified_gmt":"2023-12-13T19:53:52","slug":"haerkila-vindeln-fleecejacke-dark-olive-gr-s-fuer-freizeit-jagd-u-outdoor","status":"publish","type":"product","link":"https:\/\/www.soanam.de\/nl\/produkt\/haerkila-vindeln-fleecejacke-dark-olive-gr-s-fuer-freizeit-jagd-u-outdoor\/","title":{"rendered":"H\u00c4RKILA Vindeln fleecejack donker olijfkleurig maat S - voor vrije tijd, jacht en buitengebruik"},"content":{"rendered":"<h3>Beschrijving van de<\/h3>\n<p>Het merk voor jagers en bosbouwers uit Scandinavi\u00eb ... ideaal voor vrije tijd, jacht en outdoor<\/p>\n<p>Strapazierf\u00e4hige, atmungsaktive und wasserabweisende Jacke aus winddichtem Polartec\u00ae Wind Pro\u00ae-Fleece. Mit 2-Wege-Rei\u00dfverschluss, Stecktaschen mit Rei\u00dfverschluss und Kordelzug am Bund.<\/p>\n<p><strong>Materiaal:<\/strong> Die Fleecejacke besteht aus 100% Polyester. Der Stoff hat nat\u00fcrlich schnell trocknende und feuchtigkeitstransportierende Eigenschaften.<br \/>\nPolartec - Fleece: Das weiche Material des Marktf\u00fchrers f\u00fcr technisches Fleece zeichnet sich durch enorme Atmungsaktivit\u00e4t und ideale W\u00e4rmespeicherung aus.<br \/>\n<strong>Kragenstil:<\/strong> Geb\u00e4nderter Kragen<br \/>\n<strong>Windschutz:<\/strong> Dank des Stehkragens und der Sturmklappe \u00fcber dem zentralen Rei\u00dfverschluss wird kalter Wind abgesto\u00dfen und der K\u00f6rper bleibt immer warm.<br \/>\n<strong>Anwendung:<\/strong> Aufgrund ihrer isolierenden und atmungsaktiven Eigenschaften eignet sich die Jagdjacke ideal als \u00dcbergangsjacke bei k\u00e4lteren Temperaturen f\u00fcr die Jagd, aber auch f\u00fcr die k\u00f6rperlich anstrengende Jagd im Herbst.<br \/>\n<strong>Eigenschappen:<\/strong> Die Fleecejacke hat zwei Brust und zwei Seitentaschen mit jeweils einem Rei\u00dfverschluss.<\/p>","protected":false},"excerpt":{"rendered":"<h3>Artikelmerkmale<\/h3>\n<p>Staat van het item: Nieuw met label: Nieuw, ongebruikt en ongedragen item in de originele verpakking<\/p>\n<p>Abteilung: Herren<br \/>\nEAN: 5707335127932<br \/>\nFarbe: dark olive<br \/>\nMaat: S<br \/>\nHerstellernummer: 13010587103<br \/>\nMarke: H\u00e4rkila<br \/>\nMateriaal: 100% polyester<br \/>\nProduktart: Jacke &amp; Weste<br \/>\nTechnologie: Polartec\u00ae<\/p>","protected":false},"featured_media":77502,"comment_status":"open","ping_status":"closed","template":"","meta":{"_seopress_robots_primary_cat":"","_seopress_titles_title":"","_seopress_titles_desc":"","_seopress_robots_index":""},"product_brand":[],"product_cat":[1345,1363,1413],"product_tag":[],"class_list":{"0":"post-77353","1":"product","2":"type-product","3":"status-publish","4":"has-post-thumbnail","6":"product_cat-herrenmode","7":"product_cat-jacken-maentel-herrenmode","8":"product_cat-fleecejacken","9":"product_shipping_class-standard-versand","11":"first","12":"instock","13":"sale","14":"taxable","15":"shipping-taxable","16":"purchasable","17":"product-type-simple"},"_links":{"self":[{"href":"https:\/\/www.soanam.de\/nl\/wp-json\/wp\/v2\/product\/77353","targetHints":{"allow":["GET"]}}],"collection":[{"href":"https:\/\/www.soanam.de\/nl\/wp-json\/wp\/v2\/product"}],"about":[{"href":"https:\/\/www.soanam.de\/nl\/wp-json\/wp\/v2\/types\/product"}],"replies":[{"embeddable":true,"href":"https:\/\/www.soanam.de\/nl\/wp-json\/wp\/v2\/comments?post=77353"}],"wp:featuredmedia":[{"embeddable":true,"href":"https:\/\/www.soanam.de\/nl\/wp-json\/wp\/v2\/media\/77502"}],"wp:attachment":[{"href":"https:\/\/www.soanam.de\/nl\/wp-json\/wp\/v2\/media?parent=77353"}],"wp:term":[{"taxonomy":"product_brand","embeddable":true,"href":"https:\/\/www.soanam.de\/nl\/wp-json\/wp\/v2\/product_brand?post=77353"},{"taxonomy":"product_cat","embeddable":true,"href":"https:\/\/www.soanam.de\/nl\/wp-json\/wp\/v2\/product_cat?post=77353"},{"taxonomy":"product_tag","embeddable":true,"href":"https:\/\/www.soanam.de\/nl\/wp-json\/wp\/v2\/product_tag?post=77353"}],"curies":[{"name":"wp","href":"https:\/\/api.w.org\/{rel}","templated":true}]}}

HÄRKILA Vindeln fleecejack donker olijfkleurig maat S - voor vrije tijd, jacht en buitengebruik

<h3>Beschrijving van de</h3>
<p>Het merk voor jagers en bosbouwers uit Scandinavië ... ideaal voor vrije tijd, jacht en outdoor</p>
<p>Strapazierfähige, atmungsaktive und wasserabweisende Jacke aus winddichtem Polartec® Wind Pro®-Fleece. Mit 2-Wege-Reißverschluss, Stecktaschen mit Reißverschluss und Kordelzug am Bund.</p>
<p><strong>Materiaal:</strong> Die Fleecejacke besteht aus 100% Polyester. Der Stoff hat natürlich schnell trocknende und feuchtigkeitstransportierende Eigenschaften.<br />
Polartec - Fleece: Das weiche Material des Marktführers für technisches Fleece zeichnet sich durch enorme Atmungsaktivität und ideale Wärmespeicherung aus.<br />
<strong>Kragenstil:</strong> Gebänderter Kragen<br />
<strong>Windschutz:</strong> Dank des Stehkragens und der Sturmklappe über dem zentralen Reißverschluss wird kalter Wind abgestoßen und der Körper bleibt immer warm.<br />
<strong>Anwendung:</strong> Aufgrund ihrer isolierenden und atmungsaktiven Eigenschaften eignet sich die Jagdjacke ideal als Übergangsjacke bei kälteren Temperaturen für die Jagd, aber auch für die körperlich anstrengende Jagd im Herbst.<br />
<strong>Eigenschappen:</strong> Die Fleecejacke hat zwei Brust und zwei Seitentaschen mit jeweils einem Reißverschluss.</p>

<h3>Artikelmerkmale</h3>
<p>Staat van het item: Nieuw met label: Nieuw, ongebruikt en ongedragen item in de originele verpakking</p>
<p>Abteilung: Herren<br />
EAN: 5707335127932<br />
Farbe: dark olive<br />
Maat: S<br />
Herstellernummer: 13010587103<br />
Marke: Härkila<br />
Materiaal: 100% polyester<br />
Produktart: Jacke &amp; Weste<br />
Technologie: Polartec®</p>
