{"id":77293,"date":"2023-12-13T20:47:21","date_gmt":"2023-12-13T19:47:21","guid":{"rendered":"https:\/\/www.soanam.de\/?post_type=product&#038;p=77293"},"modified":"2023-12-13T20:52:08","modified_gmt":"2023-12-13T19:52:08","slug":"massimo-dutti-jas-van-echt-leer-voor-dames-in-biker-stijl-zwart-maat-m","status":"publish","type":"product","link":"https:\/\/www.soanam.de\/nl\/produkt\/massimo-dutti-echtlederjacke-fuer-frauen-im-bikerstil-schwarz-groesse-m\/","title":{"rendered":"Massimo Dutti - Echtlederjacke f\u00fcr Frauen im Bikerstil, Schwarz, Gr\u00f6\u00dfe M"},"content":{"rendered":"<h3>Beschrijving van de<\/h3>\n<p>Taschen: Pattentaschen<br \/>\nPatroon: Effen kleuren<br \/>\nAkzente: Rei\u00dfverschl\u00fcsse<\/p>\n<h3>Materiaal &amp; verzorgingsinstructies<\/h3>\n<p>Material Oberstoff: 100% Leder<br \/>\nVoering: 100% polyester<br \/>\nNiet-textiele delen van dierlijke oorsprong: Ja<br \/>\nPflegehinweise: Nicht Trockner geeignet, nicht waschen, nicht b\u00fcgeln<\/p>\n<h3>Pas<\/h3>\n<p>Gesamtl\u00e4nge: 54.8 cm bei Gr\u00f6\u00dfe M<\/p>","protected":false},"excerpt":{"rendered":"<h3>Artikelmerkmale<\/h3>\n<p>Staat van het item: Nieuw met label: Nieuw, ongebruikt en ongedragen item in de originele verpakking<\/p>\n<p>Abteilung: Damen<br \/>\nAkzente: Rei\u00dfverschluss<br \/>\nAnlass: Business, Freizeit, Reise<br \/>\nAu\u00dfenmaterial: Leder<br \/>\nBesonderheiten: Durchgehender Rei\u00dfverschluss<br \/>\nCharakter: ohne<br \/>\nKleur: Zwart<br \/>\nFuttermaterial: Polyester<br \/>\nGewebeart: Leder<br \/>\nMaat: S<br \/>\nGr\u00f6\u00dfenkategorie: Normalgr\u00f6\u00dfe<br \/>\nIsoliermaterial: ohne<br \/>\nJacken-\/Mantell\u00e4nge: Kurz<br \/>\nJahreszeit: Fr\u00fchling, Herbst<br \/>\nMarke: Massimo Dutti<br \/>\nModell: Biker<br \/>\nMuster: Ohne Muster<br \/>\nSoort product: Jas<br \/>\nStil: Biker<br \/>\nThema: Biker<br \/>\nSluiting: ritssluiting<br \/>\nVintage: Nein<\/p>","protected":false},"featured_media":77432,"comment_status":"open","ping_status":"closed","template":"","meta":{"_seopress_robots_primary_cat":"","_seopress_titles_title":"","_seopress_titles_desc":"","_seopress_robots_index":""},"product_brand":[],"product_cat":[1348,1354,1405],"product_tag":[],"class_list":{"0":"post-77293","1":"product","2":"type-product","3":"status-publish","4":"has-post-thumbnail","6":"product_cat-damen-mode","7":"product_cat-jacken-maentel","8":"product_cat-lederjacken-jacken-maentel","9":"product_shipping_class-standard-versand","11":"first","12":"instock","13":"sale","14":"taxable","15":"shipping-taxable","16":"purchasable","17":"product-type-simple"},"_links":{"self":[{"href":"https:\/\/www.soanam.de\/nl\/wp-json\/wp\/v2\/product\/77293","targetHints":{"allow":["GET"]}}],"collection":[{"href":"https:\/\/www.soanam.de\/nl\/wp-json\/wp\/v2\/product"}],"about":[{"href":"https:\/\/www.soanam.de\/nl\/wp-json\/wp\/v2\/types\/product"}],"replies":[{"embeddable":true,"href":"https:\/\/www.soanam.de\/nl\/wp-json\/wp\/v2\/comments?post=77293"}],"wp:featuredmedia":[{"embeddable":true,"href":"https:\/\/www.soanam.de\/nl\/wp-json\/wp\/v2\/media\/77432"}],"wp:attachment":[{"href":"https:\/\/www.soanam.de\/nl\/wp-json\/wp\/v2\/media?parent=77293"}],"wp:term":[{"taxonomy":"product_brand","embeddable":true,"href":"https:\/\/www.soanam.de\/nl\/wp-json\/wp\/v2\/product_brand?post=77293"},{"taxonomy":"product_cat","embeddable":true,"href":"https:\/\/www.soanam.de\/nl\/wp-json\/wp\/v2\/product_cat?post=77293"},{"taxonomy":"product_tag","embeddable":true,"href":"https:\/\/www.soanam.de\/nl\/wp-json\/wp\/v2\/product_tag?post=77293"}],"curies":[{"name":"wp","href":"https:\/\/api.w.org\/{rel}","templated":true}]}}

Massimo Dutti - Echtlederjacke für Frauen im Bikerstil, Schwarz, Größe M

<h3>Beschrijving van de</h3>
<p>Taschen: Pattentaschen<br />
Patroon: Effen kleuren<br />
Akzente: Reißverschlüsse</p>
<h3>Materiaal &amp; verzorgingsinstructies</h3>
<p>Material Oberstoff: 100% Leder<br />
Voering: 100% polyester<br />
Niet-textiele delen van dierlijke oorsprong: Ja<br />
Pflegehinweise: Nicht Trockner geeignet, nicht waschen, nicht bügeln</p>
<h3>Pas</h3>
<p>Gesamtlänge: 54.8 cm bei Größe M</p>

<h3>Artikelmerkmale</h3>
<p>Staat van het item: Nieuw met label: Nieuw, ongebruikt en ongedragen item in de originele verpakking</p>
<p>Abteilung: Damen<br />
Akzente: Reißverschluss<br />
Anlass: Business, Freizeit, Reise<br />
Außenmaterial: Leder<br />
Besonderheiten: Durchgehender Reißverschluss<br />
Charakter: ohne<br />
Kleur: Zwart<br />
Futtermaterial: Polyester<br />
Gewebeart: Leder<br />
Maat: S<br />
Größenkategorie: Normalgröße<br />
Isoliermaterial: ohne<br />
Jacken-/Mantellänge: Kurz<br />
Jahreszeit: Frühling, Herbst<br />
Marke: Massimo Dutti<br />
Modell: Biker<br />
Muster: Ohne Muster<br />
Soort product: Jas<br />
Stil: Biker<br />
Thema: Biker<br />
Sluiting: ritssluiting<br />
Vintage: Nein</p>
