{"id":83758,"date":"2023-12-17T02:45:40","date_gmt":"2023-12-17T01:45:40","guid":{"rendered":"https:\/\/www.soanam.de\/?post_type=product&#038;p=83758"},"modified":"2023-12-17T02:46:17","modified_gmt":"2023-12-17T01:46:17","slug":"hay-beistelltisch-hay-bella-coffee-table-brunswick-green-45-x-49-cm","status":"publish","type":"product","link":"https:\/\/www.soanam.de\/it\/produkt\/hay-beistelltisch-hay-bella-coffee-table-brunswick-green-45-x-49-cm\/","title":{"rendered":"Tavolino Hay Tavolino Hay Bella Verde Brunswick 45 x 49 cm"},"content":{"rendered":"<p>moderner Massivholz-Beistelltisch f\u00fcr Sofa oder Sessel<br \/>\nnach einem Entwurf f\u00fcr das Bella Sky Comwell Hotel<br \/>\naus gebeizter Eiche<\/p>\n<p>&nbsp;<\/p>\n<div class=\"rd-attribute-table__item\">\n<p>Urspr\u00fcnglich wurde der hay Bella Coffee Table Beistelltisch f\u00fcr das Bella Sky Comwell Hotel in Kopenhagen entworfen. Hay hat der Tisch so begeistert, dass er mit ein paar kleineren \u00c4nderungen den Weg ins eigene Sortiment gefunden hat. Denn sein Design ist zeitlos und passt zu fast jedem modernen Einrichtungsstil.<\/p>\n<p>Der Bella Beistelltisch von Hay wird aus Eiche Massivholz gefertigt und \u00fcberzeugt mit seiner handwerklich hochwertigen Verarbeitung. Die Tischplatte und die drei Beine f\u00fcgen sich perfekt aneinander und lassen sich schnell mit den beiliegenden Edelstahlschrauben zusammenbauen. Jedes der drei Beine hat einen Sechseckschliff und wurde aufw\u00e4ndig in Form gebogen. Die Tischplatte ist rund und harmoniert dank eines leichten Rundumschliffs wunderbar mit den Beinen. Der Bella Beistelltisch von Hay wird gebeizt, damit die nat\u00fcrliche Oberfl\u00e4che ihre gleichm\u00e4\u00dfige Maserung nicht verliert.<\/p>\n<p>&nbsp;<\/p>\n<\/div>","protected":false},"excerpt":{"rendered":"<table class=\"dv_characteristicsTable\">\n<caption>FARBE<\/caption>\n<tbody>\n<tr>\n<td class=\"left\">Colore<\/td>\n<td>Brunswick Green<\/td>\n<\/tr>\n<\/tbody>\n<\/table>\n<table class=\"dv_characteristicsTable\">\n<caption>MASSANGABE<\/caption>\n<tbody>\n<tr>\n<td class=\"left\">Hinweis Ma\u00dfangaben<\/td>\n<td>\u00d8 x H:45 x 49 cm<\/td>\n<\/tr>\n<\/tbody>\n<\/table>\n<table class=\"dv_characteristicsTable\">\n<caption>OPTIK\/STIL<\/caption>\n<tbody>\n<tr>\n<td class=\"left\">Design<\/td>\n<td>skandinavisch<\/td>\n<\/tr>\n<\/tbody>\n<\/table>\n<p>&nbsp;<\/p>\n<p>&nbsp;<\/p>","protected":false},"featured_media":83767,"comment_status":"open","ping_status":"closed","template":"","meta":{"_seopress_robots_primary_cat":"","_seopress_titles_title":"","_seopress_titles_desc":"","_seopress_robots_index":""},"product_brand":[],"product_cat":[1400,1420],"product_tag":[],"class_list":{"0":"post-83758","1":"product","2":"type-product","3":"status-publish","4":"has-post-thumbnail","6":"product_cat-wohnzubehoer","7":"product_cat-wohndekoration","8":"product_shipping_class-standard-versand","10":"first","11":"instock","12":"sale","13":"taxable","14":"shipping-taxable","15":"purchasable","16":"product-type-simple"},"_links":{"self":[{"href":"https:\/\/www.soanam.de\/it\/wp-json\/wp\/v2\/product\/83758","targetHints":{"allow":["GET"]}}],"collection":[{"href":"https:\/\/www.soanam.de\/it\/wp-json\/wp\/v2\/product"}],"about":[{"href":"https:\/\/www.soanam.de\/it\/wp-json\/wp\/v2\/types\/product"}],"replies":[{"embeddable":true,"href":"https:\/\/www.soanam.de\/it\/wp-json\/wp\/v2\/comments?post=83758"}],"wp:featuredmedia":[{"embeddable":true,"href":"https:\/\/www.soanam.de\/it\/wp-json\/wp\/v2\/media\/83767"}],"wp:attachment":[{"href":"https:\/\/www.soanam.de\/it\/wp-json\/wp\/v2\/media?parent=83758"}],"wp:term":[{"taxonomy":"product_brand","embeddable":true,"href":"https:\/\/www.soanam.de\/it\/wp-json\/wp\/v2\/product_brand?post=83758"},{"taxonomy":"product_cat","embeddable":true,"href":"https:\/\/www.soanam.de\/it\/wp-json\/wp\/v2\/product_cat?post=83758"},{"taxonomy":"product_tag","embeddable":true,"href":"https:\/\/www.soanam.de\/it\/wp-json\/wp\/v2\/product_tag?post=83758"}],"curies":[{"name":"wp","href":"https:\/\/api.w.org\/{rel}","templated":true}]}}

<p>moderner Massivholz-Beistelltisch für Sofa oder Sessel<br />
nach einem Entwurf für das Bella Sky Comwell Hotel<br />
aus gebeizter Eiche</p>
<p>&nbsp;</p>
<div class="rd-attribute-table__item">
<p>Ursprünglich wurde der hay Bella Coffee Table Beistelltisch für das Bella Sky Comwell Hotel in Kopenhagen entworfen. Hay hat der Tisch so begeistert, dass er mit ein paar kleineren Änderungen den Weg ins eigene Sortiment gefunden hat. Denn sein Design ist zeitlos und passt zu fast jedem modernen Einrichtungsstil.</p>
<p>Der Bella Beistelltisch von Hay wird aus Eiche Massivholz gefertigt und überzeugt mit seiner handwerklich hochwertigen Verarbeitung. Die Tischplatte und die drei Beine fügen sich perfekt aneinander und lassen sich schnell mit den beiliegenden Edelstahlschrauben zusammenbauen. Jedes der drei Beine hat einen Sechseckschliff und wurde aufwändig in Form gebogen. Die Tischplatte ist rund und harmoniert dank eines leichten Rundumschliffs wunderbar mit den Beinen. Der Bella Beistelltisch von Hay wird gebeizt, damit die natürliche Oberfläche ihre gleichmäßige Maserung nicht verliert.</p>
<p>&nbsp;</p>
</div>

<table class="dv_characteristicsTable">
<caption>FARBE</caption>
<tbody>
<tr>
<td class="left">Colore</td>
<td>Brunswick Green</td>
</tr>
</tbody>
</table>
<table class="dv_characteristicsTable">
<caption>MASSANGABE</caption>
<tbody>
<tr>
<td class="left">Hinweis Maßangaben</td>
<td>Ø x H:45 x 49 cm</td>
</tr>
</tbody>
</table>
<table class="dv_characteristicsTable">
<caption>OPTIK/STIL</caption>
<tbody>
<tr>
<td class="left">Design</td>
<td>skandinavisch</td>
</tr>
</tbody>
</table>
<p>&nbsp;</p>
<p>&nbsp;</p>
