{"id":83577,"date":"2023-12-17T01:57:10","date_gmt":"2023-12-17T00:57:10","guid":{"rendered":"https:\/\/www.soanam.de\/?post_type=product&#038;p=83577"},"modified":"2023-12-17T02:04:32","modified_gmt":"2023-12-17T01:04:32","slug":"sheego-cardigan-in-kurzform-mit-taschen-in-schwarz-gr-40-42","status":"publish","type":"product","link":"https:\/\/www.soanam.de\/it\/produkt\/sheego-cardigan-in-kurzform-mit-taschen-in-schwarz-gr-40-42\/","title":{"rendered":"Cardigan corto Sheego, con tasche, in nero, taglia 40\/42"},"content":{"rendered":"<p>Cardigan von Sheego<br \/>\nRundhals-Ausschnitt mit durchgehender Knopfleiste<br \/>\nRippbund an Ausschnitt, \u00c4rmelabschluss und Saum<br \/>\nPerlenstrick<\/p>\n<p>Die kurze Strickjacke von Sheego ist im Perlenstrick gearbeitet und zeigt sich mit gro\u00dfen aufgesetzten Taschen.<br \/>\nDer klassische, figurumspielende Schnitt besitzt markante Rippb\u00fcndchen am Rundhals-Ausschnitt sowie an der Knopfleiste, am \u00c4rmelabschluss und Saum.<br \/>\nDer Cadigan ,l\u00e4sst sich mit gro\u00dfen Kn\u00f6pfen verschlie\u00dfen.<\/p>\n<p>Materiale: 50% cotone, 50% poliacrilico<br \/>\nIstruzioni per la cura: Lavare in lavatrice<\/p>\n<p>Colore: nero<br \/>\nMuster: Perlstrick<br \/>\nDimensione: 40\/42<\/p>\n<p>Larghezza della spalla: 43 cm<br \/>\nLarghezza del torace: 112 cm<br \/>\nLunghezza delle maniche: 62 cm<br \/>\nLunghezza totale: 64 cm<\/p>","protected":false},"excerpt":{"rendered":"<table class=\"dv_characteristicsTable\">\n<tbody>\n<tr>\n<td class=\"left\"><\/td>\n<td><\/td>\n<\/tr>\n<tr>\n<td class=\"left\"><\/td>\n<td><\/td>\n<\/tr>\n<tr>\n<td class=\"left\"><\/td>\n<td><\/td>\n<\/tr>\n<tr>\n<td class=\"left\"><\/td>\n<td><\/td>\n<\/tr>\n<tr>\n<td class=\"left\"><\/td>\n<td><\/td>\n<\/tr>\n<tr>\n<td class=\"left\"><\/td>\n<td><\/td>\n<\/tr>\n<tr>\n<td class=\"left\"><\/td>\n<td><\/td>\n<\/tr>\n<tr>\n<td class=\"left\">\n<table class=\"dv_characteristicsTable\">\n<tbody>\n<tr>\n<td class=\"left\">Dimensione<\/td>\n<td>40\/42<\/td>\n<\/tr>\n<tr>\n<td class=\"left\">Composizione del materiale<\/td>\n<td>50% Baumwolle, 50% Polyacryl<\/td>\n<\/tr>\n<tr>\n<td class=\"left\">Istruzioni per la cura<\/td>\n<td>Schonw\u00e4sche<\/td>\n<\/tr>\n<tr>\n<td class=\"left\">Optik<\/td>\n<td>unifarben<\/td>\n<\/tr>\n<tr>\n<td class=\"left\">Stil<\/td>\n<td>klassisch<\/td>\n<\/tr>\n<tr>\n<td class=\"left\">Colore<\/td>\n<td>schwarz<\/td>\n<\/tr>\n<tr>\n<td class=\"left\">Kragen<\/td>\n<td>ohne Kragen<\/td>\n<\/tr>\n<tr>\n<td class=\"left\">\u00c4rmel<\/td>\n<td>Manica lunga<\/td>\n<\/tr>\n<tr>\n<td class=\"left\">In forma<\/td>\n<td>figurumspielend<\/td>\n<\/tr>\n<tr>\n<td class=\"left\">Schnittform L\u00e4nge<\/td>\n<td>kurz<\/td>\n<\/tr>\n<tr>\n<td class=\"left\">Cappuccio<\/td>\n<td>ohne Kapuze<\/td>\n<\/tr>\n<tr>\n<td class=\"left\">Applikationen<\/td>\n<td>Kn\u00f6pfe<\/td>\n<\/tr>\n<tr>\n<td class=\"left\">Verschluss<\/td>\n<td>Abbottonatura<\/td>\n<\/tr>\n<tr>\n<td class=\"left\">Besondere Merkmale<\/td>\n<td>in Kurzform mit gro\u00dfen Taschen\u03a9<\/td>\n<\/tr>\n<\/tbody>\n<\/table>\n<\/td>\n<td><\/td>\n<\/tr>\n<\/tbody>\n<\/table>","protected":false},"featured_media":83644,"comment_status":"open","ping_status":"closed","template":"","meta":{"_seopress_robots_primary_cat":"","_seopress_titles_title":"","_seopress_titles_desc":"","_seopress_robots_index":""},"product_brand":[],"product_cat":[1348,1354,1603],"product_tag":[],"class_list":{"0":"post-83577","1":"product","2":"type-product","3":"status-publish","4":"has-post-thumbnail","6":"product_cat-damen-mode","7":"product_cat-jacken-maentel","8":"product_cat-cardigan","9":"product_shipping_class-standard-versand","11":"first","12":"instock","13":"sale","14":"taxable","15":"shipping-taxable","16":"purchasable","17":"product-type-simple"},"_links":{"self":[{"href":"https:\/\/www.soanam.de\/it\/wp-json\/wp\/v2\/product\/83577","targetHints":{"allow":["GET"]}}],"collection":[{"href":"https:\/\/www.soanam.de\/it\/wp-json\/wp\/v2\/product"}],"about":[{"href":"https:\/\/www.soanam.de\/it\/wp-json\/wp\/v2\/types\/product"}],"replies":[{"embeddable":true,"href":"https:\/\/www.soanam.de\/it\/wp-json\/wp\/v2\/comments?post=83577"}],"wp:featuredmedia":[{"embeddable":true,"href":"https:\/\/www.soanam.de\/it\/wp-json\/wp\/v2\/media\/83644"}],"wp:attachment":[{"href":"https:\/\/www.soanam.de\/it\/wp-json\/wp\/v2\/media?parent=83577"}],"wp:term":[{"taxonomy":"product_brand","embeddable":true,"href":"https:\/\/www.soanam.de\/it\/wp-json\/wp\/v2\/product_brand?post=83577"},{"taxonomy":"product_cat","embeddable":true,"href":"https:\/\/www.soanam.de\/it\/wp-json\/wp\/v2\/product_cat?post=83577"},{"taxonomy":"product_tag","embeddable":true,"href":"https:\/\/www.soanam.de\/it\/wp-json\/wp\/v2\/product_tag?post=83577"}],"curies":[{"name":"wp","href":"https:\/\/api.w.org\/{rel}","templated":true}]}}

<p>Cardigan von Sheego<br />
Rundhals-Ausschnitt mit durchgehender Knopfleiste<br />
Rippbund an Ausschnitt, Ärmelabschluss und Saum<br />
Perlenstrick</p>
<p>Die kurze Strickjacke von Sheego ist im Perlenstrick gearbeitet und zeigt sich mit großen aufgesetzten Taschen.<br />
Der klassische, figurumspielende Schnitt besitzt markante Rippbündchen am Rundhals-Ausschnitt sowie an der Knopfleiste, am Ärmelabschluss und Saum.<br />
Der Cadigan ,lässt sich mit großen Knöpfen verschließen.</p>
<p>Materiale: 50% cotone, 50% poliacrilico<br />
Istruzioni per la cura: Lavare in lavatrice</p>
<p>Colore: nero<br />
Muster: Perlstrick<br />
Dimensione: 40/42</p>
<p>Larghezza della spalla: 43 cm<br />
Larghezza del torace: 112 cm<br />
Lunghezza delle maniche: 62 cm<br />
Lunghezza totale: 64 cm</p>

<table class="dv_characteristicsTable">
<tbody>
<tr>
<td class="left"></td>
<td></td>
</tr>
<tr>
<td class="left"></td>
<td></td>
</tr>
<tr>
<td class="left"></td>
<td></td>
</tr>
<tr>
<td class="left"></td>
<td></td>
</tr>
<tr>
<td class="left"></td>
<td></td>
</tr>
<tr>
<td class="left"></td>
<td></td>
</tr>
<tr>
<td class="left"></td>
<td></td>
</tr>
<tr>
<td class="left">
<table class="dv_characteristicsTable">
<tbody>
<tr>
<td class="left">Dimensione</td>
<td>40/42</td>
</tr>
<tr>
<td class="left">Composizione del materiale</td>
<td>50% Baumwolle, 50% Polyacryl</td>
</tr>
<tr>
<td class="left">Istruzioni per la cura</td>
<td>Schonwäsche</td>
</tr>
<tr>
<td class="left">Optik</td>
<td>unifarben</td>
</tr>
<tr>
<td class="left">Stil</td>
<td>klassisch</td>
</tr>
<tr>
<td class="left">Colore</td>
<td>schwarz</td>
</tr>
<tr>
<td class="left">Kragen</td>
<td>ohne Kragen</td>
</tr>
<tr>
<td class="left">Ärmel</td>
<td>Manica lunga</td>
</tr>
<tr>
<td class="left">In forma</td>
<td>figurumspielend</td>
</tr>
<tr>
<td class="left">Schnittform Länge</td>
<td>kurz</td>
</tr>
<tr>
<td class="left">Cappuccio</td>
<td>ohne Kapuze</td>
</tr>
<tr>
<td class="left">Applikationen</td>
<td>Knöpfe</td>
</tr>
<tr>
<td class="left">Verschluss</td>
<td>Abbottonatura</td>
</tr>
<tr>
<td class="left">Besondere Merkmale</td>
<td>in Kurzform mit großen TaschenΩ</td>
</tr>
</tbody>
</table>
</td>
<td></td>
</tr>
</tbody>
</table>
