{"id":83571,"date":"2023-12-17T01:56:31","date_gmt":"2023-12-17T00:56:31","guid":{"rendered":"https:\/\/www.soanam.de\/?post_type=product&#038;p=83571"},"modified":"2023-12-17T02:03:59","modified_gmt":"2023-12-17T01:03:59","slug":"blazer-aniston-casual-in-jersey-con-fettuccia-laterale-a-quadri-multicolore-gr-38","status":"publish","type":"product","link":"https:\/\/www.soanam.de\/it\/produkt\/aniston-casual-jersey-blazer-mit-seitentape-mehrfarbig-kariert-gr-38\/","title":{"rendered":"Aniston CASUAL blazer in jersey con nastro laterale, a quadri multicolore, taglia 38"},"content":{"rendered":"<p>Blazer da donna in tessuto jacquard elasticizzato<br \/>\nCon colletto a bavero<br \/>\nNastro sulle cuciture laterali<br \/>\nBlazer a quadri con chiusura a 2 bottoni<br \/>\nBlazer in jersey aderente alla figura<\/p>\n<p>Comodo blazer di Aniston CASUAL.<br \/>\nIn un design a quadri, con colletto a revers, nastro sulle cuciture laterali, chiusura con bottoni, aderente alla figura, realizzato in jacquard - \u00e8 tutto ci\u00f2 che un blazer deve offrire: eleganza, sportivit\u00e0 e comfort.<\/p>\n<p>Materiale: 67% poliestere, 30% viscosa, 3% elastan<br \/>\nIstruzioni per la cura: Lavare in lavatrice<\/p>\n<p>Colore: bianco sporco, nero, terracotta<br \/>\nModello: a scacchi<br \/>\nTaglia: 38<\/p>\n<p>Larghezza della spalla: 40 cm<br \/>\nLarghezza del petto: 98 cm<br \/>\nLunghezza delle maniche: 62 cm<br \/>\nLunghezza totale: 65 cm<\/p>\n<p>&nbsp;<\/p>\n<p>Si tratta di un reso del cliente senza etichetta.<\/p>","protected":false},"excerpt":{"rendered":"<table class=\"dv_characteristicsTable\">\n<tbody>\n<tr>\n<td class=\"left\">Dimensione<\/td>\n<td>38<\/td>\n<\/tr>\n<tr>\n<td class=\"left\">Composizione del materiale<\/td>\n<td>67% Polyester, 30% Viskose, 3% Elasthan<\/td>\n<\/tr>\n<tr>\n<td class=\"left\">Materialart<\/td>\n<td>Jersey<\/td>\n<\/tr>\n<tr>\n<td class=\"left\">Istruzioni per la cura<\/td>\n<td>Lavaggio in lavatrice<\/td>\n<\/tr>\n<tr>\n<td class=\"left\">Optik<\/td>\n<td>kariert<\/td>\n<\/tr>\n<tr>\n<td class=\"left\">Stil<\/td>\n<td>modisch<\/td>\n<\/tr>\n<tr>\n<td class=\"left\">Colore<\/td>\n<td>wollwei\u00df-schwarz-terracotta<\/td>\n<\/tr>\n<tr>\n<td class=\"left\">Kragen<\/td>\n<td>Colletto con risvolto<\/td>\n<\/tr>\n<tr>\n<td class=\"left\">\u00c4rmel<\/td>\n<td>Manica lunga<\/td>\n<\/tr>\n<tr>\n<td class=\"left\">Rumpfabschluss<\/td>\n<td>abgerundeter Saum<\/td>\n<\/tr>\n<tr>\n<td class=\"left\">In forma<\/td>\n<td>figurbetont<\/td>\n<\/tr>\n<tr>\n<td class=\"left\">Schnittform L\u00e4nge<\/td>\n<td>h\u00fcftlang<\/td>\n<\/tr>\n<tr>\n<td class=\"left\">Verschluss<\/td>\n<td>Kn\u00f6pfe<\/td>\n<\/tr>\n<tr>\n<td class=\"left\">Besondere Merkmale<\/td>\n<td>im Karo-Dessin<\/td>\n<\/tr>\n<\/tbody>\n<\/table>","protected":false},"featured_media":83638,"comment_status":"open","ping_status":"closed","template":"","meta":{"_seopress_robots_primary_cat":"","_seopress_titles_title":"","_seopress_titles_desc":"","_seopress_robots_index":""},"product_brand":[],"product_cat":[1348,1354,1492],"product_tag":[],"class_list":{"0":"post-83571","1":"product","2":"type-product","3":"status-publish","4":"has-post-thumbnail","6":"product_cat-damen-mode","7":"product_cat-jacken-maentel","8":"product_cat-blazer","9":"product_shipping_class-standard-versand","11":"first","12":"instock","13":"sale","14":"taxable","15":"shipping-taxable","16":"purchasable","17":"product-type-simple"},"_links":{"self":[{"href":"https:\/\/www.soanam.de\/it\/wp-json\/wp\/v2\/product\/83571","targetHints":{"allow":["GET"]}}],"collection":[{"href":"https:\/\/www.soanam.de\/it\/wp-json\/wp\/v2\/product"}],"about":[{"href":"https:\/\/www.soanam.de\/it\/wp-json\/wp\/v2\/types\/product"}],"replies":[{"embeddable":true,"href":"https:\/\/www.soanam.de\/it\/wp-json\/wp\/v2\/comments?post=83571"}],"wp:featuredmedia":[{"embeddable":true,"href":"https:\/\/www.soanam.de\/it\/wp-json\/wp\/v2\/media\/83638"}],"wp:attachment":[{"href":"https:\/\/www.soanam.de\/it\/wp-json\/wp\/v2\/media?parent=83571"}],"wp:term":[{"taxonomy":"product_brand","embeddable":true,"href":"https:\/\/www.soanam.de\/it\/wp-json\/wp\/v2\/product_brand?post=83571"},{"taxonomy":"product_cat","embeddable":true,"href":"https:\/\/www.soanam.de\/it\/wp-json\/wp\/v2\/product_cat?post=83571"},{"taxonomy":"product_tag","embeddable":true,"href":"https:\/\/www.soanam.de\/it\/wp-json\/wp\/v2\/product_tag?post=83571"}],"curies":[{"name":"wp","href":"https:\/\/api.w.org\/{rel}","templated":true}]}}

<p>Blazer da donna in tessuto jacquard elasticizzato<br />
Con colletto a bavero<br />
Nastro sulle cuciture laterali<br />
Blazer a quadri con chiusura a 2 bottoni<br />
Blazer in jersey aderente alla figura</p>
<p>Comodo blazer di Aniston CASUAL.<br />
In un design a quadri, con colletto a revers, nastro sulle cuciture laterali, chiusura con bottoni, aderente alla figura, realizzato in jacquard - è tutto ciò che un blazer deve offrire: eleganza, sportività e comfort.</p>
<p>Materiale: 67% poliestere, 30% viscosa, 3% elastan<br />
Istruzioni per la cura: Lavare in lavatrice</p>
<p>Colore: bianco sporco, nero, terracotta<br />
Modello: a scacchi<br />
Taglia: 38</p>
<p>Larghezza della spalla: 40 cm<br />
Larghezza del petto: 98 cm<br />
Lunghezza delle maniche: 62 cm<br />
Lunghezza totale: 65 cm</p>
<p>&nbsp;</p>
<p>Si tratta di un reso del cliente senza etichetta.</p>

<table class="dv_characteristicsTable">
<tbody>
<tr>
<td class="left">Dimensione</td>
<td>38</td>
</tr>
<tr>
<td class="left">Composizione del materiale</td>
<td>67% Polyester, 30% Viskose, 3% Elasthan</td>
</tr>
<tr>
<td class="left">Materialart</td>
<td>Jersey</td>
</tr>
<tr>
<td class="left">Istruzioni per la cura</td>
<td>Lavaggio in lavatrice</td>
</tr>
<tr>
<td class="left">Optik</td>
<td>kariert</td>
</tr>
<tr>
<td class="left">Stil</td>
<td>modisch</td>
</tr>
<tr>
<td class="left">Colore</td>
<td>wollweiß-schwarz-terracotta</td>
</tr>
<tr>
<td class="left">Kragen</td>
<td>Colletto con risvolto</td>
</tr>
<tr>
<td class="left">Ärmel</td>
<td>Manica lunga</td>
</tr>
<tr>
<td class="left">Rumpfabschluss</td>
<td>abgerundeter Saum</td>
</tr>
<tr>
<td class="left">In forma</td>
<td>figurbetont</td>
</tr>
<tr>
<td class="left">Schnittform Länge</td>
<td>hüftlang</td>
</tr>
<tr>
<td class="left">Verschluss</td>
<td>Knöpfe</td>
</tr>
<tr>
<td class="left">Besondere Merkmale</td>
<td>im Karo-Dessin</td>
</tr>
</tbody>
</table>
