{"id":82488,"date":"2023-12-14T02:25:47","date_gmt":"2023-12-14T01:25:47","guid":{"rendered":"https:\/\/www.soanam.de\/?post_type=product&#038;p=82488"},"modified":"2023-12-14T02:26:32","modified_gmt":"2023-12-14T01:26:32","slug":"my-home-verdunklungsvorhang-kreise-1-stk-mit-kraeuselband-in-schwarz-gold-groesse-135cmx145cm","status":"publish","type":"product","link":"https:\/\/www.soanam.de\/it\/produkt\/my-home-verdunklungsvorhang-kreise-1-stk-mit-kraeuselband-in-schwarz-gold-groesse-135cmx145cm\/","title":{"rendered":"my home Verdunklungsvorhang Kreise, 1 Stk, mit Kr\u00e4uselband, in Schwarz-Gold, Gr\u00f6\u00dfe 135cmx145cm"},"content":{"rendered":"<p>Tessuto oscurante<br \/>\nMit gl\u00e4nzendem einseitigen Foliendruck<br \/>\nTessuto termorepellente e resistente al freddo<br \/>\nMit Kr\u00e4uselband<\/p>\n<p>Ein attraktiver Blickfang ist der elegante Verdunkelungsvorhang Kreise von my home mit gl\u00e4nzendem Foliendruck.<br \/>\nDie Platzierung der Kreismusterung variiert pro Einzelschal.<br \/>\nHergestellt wird der Dekoschal aus einem blickdichten Stoff, der w\u00e4rme- und k\u00e4lteabweisend ist. Es bleibt im Winter angenehm warm und im Sommer angenehm k\u00fchl im Raum.<br \/>\nEin weiterer Vorteil sind seine Formbest\u00e4ndigkeit und Strapazierf\u00e4higkeit, er kann in der Waschmaschine gereinigt werden.<\/p>\n<p>Materiale: materiale della tomaia: poliestere 100%<br \/>\nIstruzioni per la cura: Lavaggio delicato<\/p>\n<p>Farbe: schwarz-gold<br \/>\nMuster: Kreise<br \/>\nGr\u00f6\u00dfe: Breite 135cm x L\u00e4nge 145cm<br \/>\nNota: le dimensioni indicate sono quelle del tessuto. Quando la finestra \u00e8 completamente decorata, la larghezza si riduce di circa la met\u00e0.<\/p>\n<p>Aufh\u00e4ngung mittels Gardinenr\u00f6llchen (nicht im Lieferumfang enthalten) in der Gardinenschiene.<\/p>","protected":false},"excerpt":{"rendered":"<table class=\"dv_characteristicsTable\">\n<tbody>\n<tr>\n<td class=\"left\">Gewicht<\/td>\n<td>210 g\/m\u00b2<\/td>\n<\/tr>\n<tr>\n<td class=\"left\">Breite<\/td>\n<td>135 cm<\/td>\n<\/tr>\n<tr>\n<td class=\"left\">H\u00f6he<\/td>\n<td>145 cm<\/td>\n<\/tr>\n<\/tbody>\n<\/table>\n<table class=\"dv_characteristicsTable\">\n<tbody>\n<tr>\n<td class=\"left\">Aufh\u00e4ngung<\/td>\n<td>Kr\u00e4uselband<\/td>\n<\/tr>\n<\/tbody>\n<\/table>\n<table class=\"dv_characteristicsTable\">\n<tbody>\n<tr>\n<td class=\"left\">Funzioni<\/td>\n<td>energiesparend<\/td>\n<\/tr>\n<\/tbody>\n<\/table>\n<table class=\"dv_characteristicsTable\">\n<tbody>\n<tr>\n<td class=\"left\">Colore<\/td>\n<td>schwarz<br \/>\ngoldfarben<\/td>\n<\/tr>\n<tr>\n<td class=\"left\">Transparenz<\/td>\n<td>verdunkelnd<\/td>\n<\/tr>\n<tr>\n<td class=\"left\">Oberfl\u00e4chenstruktur<\/td>\n<td>glatt<\/td>\n<\/tr>\n<tr>\n<td class=\"left\">Design<\/td>\n<td>bedruckt<\/td>\n<\/tr>\n<tr>\n<td class=\"left\">Motiv<\/td>\n<td>Kreise<\/td>\n<\/tr>\n<tr>\n<td class=\"left\">Designerstellungsart<\/td>\n<td>bedruckt<\/td>\n<\/tr>\n<\/tbody>\n<\/table>\n<table class=\"dv_characteristicsTable\">\n<tbody>\n<tr>\n<td class=\"left\">Composizione del materiale<\/td>\n<td>Obermaterial: 100% Polyester<\/td>\n<\/tr>\n<tr>\n<td class=\"left\">Materiale<\/td>\n<td>Poliestere<\/td>\n<\/tr>\n<\/tbody>\n<\/table>\n<table class=\"dv_characteristicsTable\">\n<tbody>\n<tr>\n<td class=\"left\">Anzahl Teile<\/td>\n<td>1 St.<\/td>\n<\/tr>\n<\/tbody>\n<\/table>\n<table class=\"dv_characteristicsTable\">\n<tbody>\n<tr>\n<td class=\"left\">Istruzioni per la cura<\/td>\n<td>30\u00b0C Schonw\u00e4sche<\/td>\n<\/tr>\n<\/tbody>\n<\/table>","protected":false},"featured_media":82532,"comment_status":"open","ping_status":"closed","template":"","meta":{"_seopress_robots_primary_cat":"","_seopress_titles_title":"","_seopress_titles_desc":"","_seopress_robots_index":""},"product_brand":[],"product_cat":[1400,1420],"product_tag":[],"class_list":{"0":"post-82488","1":"product","2":"type-product","3":"status-publish","4":"has-post-thumbnail","6":"product_cat-wohnzubehoer","7":"product_cat-wohndekoration","8":"product_shipping_class-standard-versand","10":"first","11":"instock","12":"sale","13":"taxable","14":"shipping-taxable","15":"purchasable","16":"product-type-simple"},"_links":{"self":[{"href":"https:\/\/www.soanam.de\/it\/wp-json\/wp\/v2\/product\/82488","targetHints":{"allow":["GET"]}}],"collection":[{"href":"https:\/\/www.soanam.de\/it\/wp-json\/wp\/v2\/product"}],"about":[{"href":"https:\/\/www.soanam.de\/it\/wp-json\/wp\/v2\/types\/product"}],"replies":[{"embeddable":true,"href":"https:\/\/www.soanam.de\/it\/wp-json\/wp\/v2\/comments?post=82488"}],"wp:featuredmedia":[{"embeddable":true,"href":"https:\/\/www.soanam.de\/it\/wp-json\/wp\/v2\/media\/82532"}],"wp:attachment":[{"href":"https:\/\/www.soanam.de\/it\/wp-json\/wp\/v2\/media?parent=82488"}],"wp:term":[{"taxonomy":"product_brand","embeddable":true,"href":"https:\/\/www.soanam.de\/it\/wp-json\/wp\/v2\/product_brand?post=82488"},{"taxonomy":"product_cat","embeddable":true,"href":"https:\/\/www.soanam.de\/it\/wp-json\/wp\/v2\/product_cat?post=82488"},{"taxonomy":"product_tag","embeddable":true,"href":"https:\/\/www.soanam.de\/it\/wp-json\/wp\/v2\/product_tag?post=82488"}],"curies":[{"name":"wp","href":"https:\/\/api.w.org\/{rel}","templated":true}]}}

my home Verdunklungsvorhang Kreise, 1 Stk, mit Kräuselband, in Schwarz-Gold, Größe 135cmx145cm

<p>Tessuto oscurante<br />
Mit glänzendem einseitigen Foliendruck<br />
Tessuto termorepellente e resistente al freddo<br />
Mit Kräuselband</p>
<p>Ein attraktiver Blickfang ist der elegante Verdunkelungsvorhang Kreise von my home mit glänzendem Foliendruck.<br />
Die Platzierung der Kreismusterung variiert pro Einzelschal.<br />
Hergestellt wird der Dekoschal aus einem blickdichten Stoff, der wärme- und kälteabweisend ist. Es bleibt im Winter angenehm warm und im Sommer angenehm kühl im Raum.<br />
Ein weiterer Vorteil sind seine Formbeständigkeit und Strapazierfähigkeit, er kann in der Waschmaschine gereinigt werden.</p>
<p>Materiale: materiale della tomaia: poliestere 100%<br />
Istruzioni per la cura: Lavaggio delicato</p>
<p>Farbe: schwarz-gold<br />
Muster: Kreise<br />
Größe: Breite 135cm x Länge 145cm<br />
Nota: le dimensioni indicate sono quelle del tessuto. Quando la finestra è completamente decorata, la larghezza si riduce di circa la metà.</p>
<p>Aufhängung mittels Gardinenröllchen (nicht im Lieferumfang enthalten) in der Gardinenschiene.</p>

<table class="dv_characteristicsTable">
<tbody>
<tr>
<td class="left">Gewicht</td>
<td>210 g/m²</td>
</tr>
<tr>
<td class="left">Breite</td>
<td>135 cm</td>
</tr>
<tr>
<td class="left">Höhe</td>
<td>145 cm</td>
</tr>
</tbody>
</table>
<table class="dv_characteristicsTable">
<tbody>
<tr>
<td class="left">Aufhängung</td>
<td>Kräuselband</td>
</tr>
</tbody>
</table>
<table class="dv_characteristicsTable">
<tbody>
<tr>
<td class="left">Funzioni</td>
<td>energiesparend</td>
</tr>
</tbody>
</table>
<table class="dv_characteristicsTable">
<tbody>
<tr>
<td class="left">Colore</td>
<td>schwarz<br />
goldfarben</td>
</tr>
<tr>
<td class="left">Transparenz</td>
<td>verdunkelnd</td>
</tr>
<tr>
<td class="left">Oberflächenstruktur</td>
<td>glatt</td>
</tr>
<tr>
<td class="left">Design</td>
<td>bedruckt</td>
</tr>
<tr>
<td class="left">Motiv</td>
<td>Kreise</td>
</tr>
<tr>
<td class="left">Designerstellungsart</td>
<td>bedruckt</td>
</tr>
</tbody>
</table>
<table class="dv_characteristicsTable">
<tbody>
<tr>
<td class="left">Composizione del materiale</td>
<td>Obermaterial: 100% Polyester</td>
</tr>
<tr>
<td class="left">Materiale</td>
<td>Poliestere</td>
</tr>
</tbody>
</table>
<table class="dv_characteristicsTable">
<tbody>
<tr>
<td class="left">Anzahl Teile</td>
<td>1 St.</td>
</tr>
</tbody>
</table>
<table class="dv_characteristicsTable">
<tbody>
<tr>
<td class="left">Istruzioni per la cura</td>
<td>30°C Schonwäsche</td>
</tr>
</tbody>
</table>
