{"id":82487,"date":"2023-12-14T02:25:46","date_gmt":"2023-12-14T01:25:46","guid":{"rendered":"https:\/\/www.soanam.de\/?post_type=product&#038;p=82487"},"modified":"2023-12-14T02:26:28","modified_gmt":"2023-12-14T01:26:28","slug":"my-home-vorhang-wichtel-1-stk-mit-kraeuselband-in-rot-weiss-groesse-135cmx225cm","status":"publish","type":"product","link":"https:\/\/www.soanam.de\/it\/produkt\/my-home-vorhang-wichtel-1-stk-mit-kraeuselband-in-rot-weiss-groesse-135cmx225cm\/","title":{"rendered":"my home Vorhang Wichtel, 1 Stk, mit Kr\u00e4uselband, in Rot-Wei\u00df, Gr\u00f6\u00dfe 135cmx225cm"},"content":{"rendered":"<p>Tessuto opaco<br \/>\nEinseitig bedruckt mit Wichteln<br \/>\nAus Mikrofaser<br \/>\nMit Kr\u00e4uselband<\/p>\n<p>Das Design des blickdichten Vorhang WICHTEL von my home ist durch ein sch\u00f6nes Wichtelmotiv sowie karierte Details bestimmt.<br \/>\nGefertigt ist er in pflegeleichter und strapazierf\u00e4higer Qualit\u00e4t.<br \/>\nMit ihrem blickdichten Stoff bietet die Fensterdeko einen angenehmen Licht- und Sichtschutz.<br \/>\nF\u00fcr ein leichtes und schnelles Aufh\u00e4ngen ist sie mit einem praktischen Kr\u00e4uselband versehen.<\/p>\n<p>Materiale: materiale della tomaia: poliestere 100%<br \/>\nIstruzioni per la cura: Lavaggio delicato<\/p>\n<p>Farbe: rot-wei\u00df<br \/>\nMuster: Wichtel<br \/>\nGr\u00f6\u00dfe: Breite 135cm x L\u00e4nge 225cm<br \/>\nNota: le dimensioni indicate sono quelle del tessuto.<\/p>\n<p>Aufh\u00e4ngung mittels Gardinenr\u00f6llchen (nicht im Lieferumfang enthalten) in der Gardinenschiene.<\/p>","protected":false},"excerpt":{"rendered":"<table class=\"dv_characteristicsTable\">\n<tbody>\n<tr>\n<td class=\"left\">Gewicht<\/td>\n<td>85 g\/m\u00b2<\/td>\n<\/tr>\n<tr>\n<td class=\"left\">Breite<\/td>\n<td>135 cm<\/td>\n<\/tr>\n<tr>\n<td class=\"left\">H\u00f6he<\/td>\n<td>225 cm<\/td>\n<\/tr>\n<\/tbody>\n<\/table>\n<table class=\"dv_characteristicsTable\">\n<tbody>\n<tr>\n<td class=\"left\">Aufh\u00e4ngung<\/td>\n<td>Kr\u00e4uselband<\/td>\n<\/tr>\n<tr>\n<td class=\"left\">Abschluss<\/td>\n<td>gerader Abschluss<\/td>\n<\/tr>\n<\/tbody>\n<\/table>\n<table class=\"dv_characteristicsTable\">\n<tbody>\n<tr>\n<td class=\"left\">Colore<\/td>\n<td>rot<\/td>\n<\/tr>\n<tr>\n<td class=\"left\">Transparenz<\/td>\n<td>blickdicht<\/td>\n<\/tr>\n<tr>\n<td class=\"left\">Oberfl\u00e4chenstruktur<\/td>\n<td>glatt<\/td>\n<\/tr>\n<tr>\n<td class=\"left\">Design<\/td>\n<td>gemustert<\/td>\n<\/tr>\n<tr>\n<td class=\"left\">Motiv<\/td>\n<td>Wichtel<\/td>\n<\/tr>\n<tr>\n<td class=\"left\">Designerstellungsart<\/td>\n<td>bedruckt<\/td>\n<\/tr>\n<\/tbody>\n<\/table>\n<table class=\"dv_characteristicsTable\">\n<tbody>\n<tr>\n<td class=\"left\">Materialart<\/td>\n<td>Microfaser<\/td>\n<\/tr>\n<tr>\n<td class=\"left\">Composizione del materiale<\/td>\n<td>Obermaterial: 100% Polyester<\/td>\n<\/tr>\n<tr>\n<td class=\"left\">Materiale<\/td>\n<td>Poliestere<\/td>\n<\/tr>\n<\/tbody>\n<\/table>\n<table class=\"dv_characteristicsTable\">\n<tbody>\n<tr>\n<td class=\"left\">Anzahl Teile<\/td>\n<td>1 St.<\/td>\n<\/tr>\n<\/tbody>\n<\/table>\n<table class=\"dv_characteristicsTable\">\n<tbody>\n<tr>\n<td class=\"left\">Istruzioni per la cura<\/td>\n<td>30\u00b0C Schonw\u00e4sche<\/td>\n<\/tr>\n<\/tbody>\n<\/table>","protected":false},"featured_media":82529,"comment_status":"open","ping_status":"closed","template":"","meta":{"_seopress_robots_primary_cat":"","_seopress_titles_title":"","_seopress_titles_desc":"","_seopress_robots_index":""},"product_brand":[],"product_cat":[1400,1420],"product_tag":[],"class_list":{"0":"post-82487","1":"product","2":"type-product","3":"status-publish","4":"has-post-thumbnail","6":"product_cat-wohnzubehoer","7":"product_cat-wohndekoration","8":"product_shipping_class-standard-versand","10":"first","11":"instock","12":"sale","13":"taxable","14":"shipping-taxable","15":"purchasable","16":"product-type-simple"},"_links":{"self":[{"href":"https:\/\/www.soanam.de\/it\/wp-json\/wp\/v2\/product\/82487","targetHints":{"allow":["GET"]}}],"collection":[{"href":"https:\/\/www.soanam.de\/it\/wp-json\/wp\/v2\/product"}],"about":[{"href":"https:\/\/www.soanam.de\/it\/wp-json\/wp\/v2\/types\/product"}],"replies":[{"embeddable":true,"href":"https:\/\/www.soanam.de\/it\/wp-json\/wp\/v2\/comments?post=82487"}],"wp:featuredmedia":[{"embeddable":true,"href":"https:\/\/www.soanam.de\/it\/wp-json\/wp\/v2\/media\/82529"}],"wp:attachment":[{"href":"https:\/\/www.soanam.de\/it\/wp-json\/wp\/v2\/media?parent=82487"}],"wp:term":[{"taxonomy":"product_brand","embeddable":true,"href":"https:\/\/www.soanam.de\/it\/wp-json\/wp\/v2\/product_brand?post=82487"},{"taxonomy":"product_cat","embeddable":true,"href":"https:\/\/www.soanam.de\/it\/wp-json\/wp\/v2\/product_cat?post=82487"},{"taxonomy":"product_tag","embeddable":true,"href":"https:\/\/www.soanam.de\/it\/wp-json\/wp\/v2\/product_tag?post=82487"}],"curies":[{"name":"wp","href":"https:\/\/api.w.org\/{rel}","templated":true}]}}

my home Vorhang Wichtel, 1 Stk, mit Kräuselband, in Rot-Weiß, Größe 135cmx225cm

<p>Tessuto opaco<br />
Einseitig bedruckt mit Wichteln<br />
Aus Mikrofaser<br />
Mit Kräuselband</p>
<p>Das Design des blickdichten Vorhang WICHTEL von my home ist durch ein schönes Wichtelmotiv sowie karierte Details bestimmt.<br />
Gefertigt ist er in pflegeleichter und strapazierfähiger Qualität.<br />
Mit ihrem blickdichten Stoff bietet die Fensterdeko einen angenehmen Licht- und Sichtschutz.<br />
Für ein leichtes und schnelles Aufhängen ist sie mit einem praktischen Kräuselband versehen.</p>
<p>Materiale: materiale della tomaia: poliestere 100%<br />
Istruzioni per la cura: Lavaggio delicato</p>
<p>Farbe: rot-weiß<br />
Muster: Wichtel<br />
Größe: Breite 135cm x Länge 225cm<br />
Nota: le dimensioni indicate sono quelle del tessuto.</p>
<p>Aufhängung mittels Gardinenröllchen (nicht im Lieferumfang enthalten) in der Gardinenschiene.</p>

<table class="dv_characteristicsTable">
<tbody>
<tr>
<td class="left">Gewicht</td>
<td>85 g/m²</td>
</tr>
<tr>
<td class="left">Breite</td>
<td>135 cm</td>
</tr>
<tr>
<td class="left">Höhe</td>
<td>225 cm</td>
</tr>
</tbody>
</table>
<table class="dv_characteristicsTable">
<tbody>
<tr>
<td class="left">Aufhängung</td>
<td>Kräuselband</td>
</tr>
<tr>
<td class="left">Abschluss</td>
<td>gerader Abschluss</td>
</tr>
</tbody>
</table>
<table class="dv_characteristicsTable">
<tbody>
<tr>
<td class="left">Colore</td>
<td>rot</td>
</tr>
<tr>
<td class="left">Transparenz</td>
<td>blickdicht</td>
</tr>
<tr>
<td class="left">Oberflächenstruktur</td>
<td>glatt</td>
</tr>
<tr>
<td class="left">Design</td>
<td>gemustert</td>
</tr>
<tr>
<td class="left">Motiv</td>
<td>Wichtel</td>
</tr>
<tr>
<td class="left">Designerstellungsart</td>
<td>bedruckt</td>
</tr>
</tbody>
</table>
<table class="dv_characteristicsTable">
<tbody>
<tr>
<td class="left">Materialart</td>
<td>Microfaser</td>
</tr>
<tr>
<td class="left">Composizione del materiale</td>
<td>Obermaterial: 100% Polyester</td>
</tr>
<tr>
<td class="left">Materiale</td>
<td>Poliestere</td>
</tr>
</tbody>
</table>
<table class="dv_characteristicsTable">
<tbody>
<tr>
<td class="left">Anzahl Teile</td>
<td>1 St.</td>
</tr>
</tbody>
</table>
<table class="dv_characteristicsTable">
<tbody>
<tr>
<td class="left">Istruzioni per la cura</td>
<td>30°C Schonwäsche</td>
</tr>
</tbody>
</table>
