{"id":82373,"date":"2023-12-14T02:22:59","date_gmt":"2023-12-14T01:22:59","guid":{"rendered":"https:\/\/www.soanam.de\/?post_type=product&#038;p=82373"},"modified":"2023-12-14T02:24:53","modified_gmt":"2023-12-14T01:24:53","slug":"my-home-fertiggardine-missy-1-stk-mit-kraeuselband-weiss-groesse-450cmx175cm","status":"publish","type":"product","link":"https:\/\/www.soanam.de\/it\/produkt\/my-home-fertiggardine-missy-1-stk-mit-kraeuselband-weiss-groesse-450cmx175cm\/","title":{"rendered":"my home Fertiggardine Missy, 1 Stk, mit Kr\u00e4uselband, Wei\u00df, Gr\u00f6\u00dfe 450cmx175cm"},"content":{"rendered":"<p>Tessuto trasparente<br \/>\nVero voile<br \/>\nEchte Spitzenkante<br \/>\nQualit\u00e0 leggera<br \/>\nLavabile a 30 gradi con ciclo delicato<\/p>\n<p>Mit der modernen Gardine Missy von my home aus echter Voile setzt du in jedem Raum einen stilvollen Akzent.<br \/>\nDas Highlight des stilvollen Gardinenschals ist die echte Spitzenkante, die dem Vorhang ihre edle Note verleiht.<br \/>\nDas transparente Material ist flie\u00dfend und bietet einen zuverl\u00e4ssigen Schutz gegen neugierige Blicke.<br \/>\n\u00dcber das eingearbeitete Kr\u00e4uselband kann du den Store auf die gew\u00fcnschte Breite bringen.<br \/>\nDie Aufh\u00e4ngung erfolgt mittels des Kr\u00e4uselbandes.<\/p>\n<p>Materiale: materiale della tomaia: poliestere 100%<br \/>\nIstruzioni per la cura: Lavaggio delicato<\/p>\n<p>Colore: bianco<br \/>\nMuster: Spitzenkante<br \/>\nGr\u00f6\u00dfe: Breite 450cm x L\u00e4nge 175cm<br \/>\nNota: le dimensioni indicate sono quelle del tessuto. Quando la finestra \u00e8 completamente decorata, la larghezza si riduce di circa la met\u00e0.<\/p>\n<p>Aufh\u00e4ngung mittels Gardinenr\u00f6llchen (nicht im Lieferumfang enthalten) in der Gardinenschiene.<\/p>","protected":false},"excerpt":{"rendered":"<table class=\"dv_characteristicsTable\">\n<tbody>\n<tr>\n<td class=\"left\">Gewicht<\/td>\n<td>52 g\/m\u00b2<\/td>\n<\/tr>\n<tr>\n<td class=\"left\">Breite<\/td>\n<td>450 cm<\/td>\n<\/tr>\n<tr>\n<td class=\"left\">H\u00f6he<\/td>\n<td>175 cm<\/td>\n<\/tr>\n<\/tbody>\n<\/table>\n<table class=\"dv_characteristicsTable\">\n<tbody>\n<tr>\n<td class=\"left\">Aufh\u00e4ngung<\/td>\n<td>Kr\u00e4uselband<\/td>\n<\/tr>\n<tr>\n<td class=\"left\">Abschluss<\/td>\n<td>gerader Abschluss<\/td>\n<\/tr>\n<\/tbody>\n<\/table>\n<table class=\"dv_characteristicsTable\">\n<tbody>\n<tr>\n<td class=\"left\">Colore<\/td>\n<td>wei\u00df<\/td>\n<\/tr>\n<tr>\n<td class=\"left\">Transparenz<\/td>\n<td>transparent<\/td>\n<\/tr>\n<tr>\n<td class=\"left\">Oberfl\u00e4chenstruktur<\/td>\n<td>glatt<\/td>\n<\/tr>\n<tr>\n<td class=\"left\">Design<\/td>\n<td>gemustert<\/td>\n<\/tr>\n<tr>\n<td class=\"left\">Designerstellungsart<\/td>\n<td>gewebt<\/td>\n<\/tr>\n<\/tbody>\n<\/table>\n<table class=\"dv_characteristicsTable\">\n<tbody>\n<tr>\n<td class=\"left\">Materialart<\/td>\n<td>Poliestere<\/td>\n<\/tr>\n<tr>\n<td class=\"left\">Composizione del materiale<\/td>\n<td>Obermaterial: 100% Polyester<\/td>\n<\/tr>\n<tr>\n<td class=\"left\">Materiale<\/td>\n<td>Poliestere<\/td>\n<\/tr>\n<\/tbody>\n<\/table>\n<table class=\"dv_characteristicsTable\">\n<tbody>\n<tr>\n<td class=\"left\">Anzahl Teile<\/td>\n<td>1 St.<\/td>\n<\/tr>\n<\/tbody>\n<\/table>\n<table class=\"dv_characteristicsTable\">\n<tbody>\n<tr>\n<td class=\"left\">Istruzioni per la cura<\/td>\n<td>30\u00b0C Schonw\u00e4sche<\/td>\n<\/tr>\n<\/tbody>\n<\/table>","protected":false},"featured_media":82455,"comment_status":"open","ping_status":"closed","template":"","meta":{"_seopress_robots_primary_cat":"","_seopress_titles_title":"","_seopress_titles_desc":"","_seopress_robots_index":""},"product_brand":[],"product_cat":[1400,1420],"product_tag":[],"class_list":{"0":"post-82373","1":"product","2":"type-product","3":"status-publish","4":"has-post-thumbnail","6":"product_cat-wohnzubehoer","7":"product_cat-wohndekoration","8":"product_shipping_class-standard-versand","10":"first","11":"instock","12":"sale","13":"taxable","14":"shipping-taxable","15":"purchasable","16":"product-type-simple"},"_links":{"self":[{"href":"https:\/\/www.soanam.de\/it\/wp-json\/wp\/v2\/product\/82373","targetHints":{"allow":["GET"]}}],"collection":[{"href":"https:\/\/www.soanam.de\/it\/wp-json\/wp\/v2\/product"}],"about":[{"href":"https:\/\/www.soanam.de\/it\/wp-json\/wp\/v2\/types\/product"}],"replies":[{"embeddable":true,"href":"https:\/\/www.soanam.de\/it\/wp-json\/wp\/v2\/comments?post=82373"}],"wp:featuredmedia":[{"embeddable":true,"href":"https:\/\/www.soanam.de\/it\/wp-json\/wp\/v2\/media\/82455"}],"wp:attachment":[{"href":"https:\/\/www.soanam.de\/it\/wp-json\/wp\/v2\/media?parent=82373"}],"wp:term":[{"taxonomy":"product_brand","embeddable":true,"href":"https:\/\/www.soanam.de\/it\/wp-json\/wp\/v2\/product_brand?post=82373"},{"taxonomy":"product_cat","embeddable":true,"href":"https:\/\/www.soanam.de\/it\/wp-json\/wp\/v2\/product_cat?post=82373"},{"taxonomy":"product_tag","embeddable":true,"href":"https:\/\/www.soanam.de\/it\/wp-json\/wp\/v2\/product_tag?post=82373"}],"curies":[{"name":"wp","href":"https:\/\/api.w.org\/{rel}","templated":true}]}}

my home Fertiggardine Missy, 1 Stk, mit Kräuselband, Weiß, Größe 450cmx175cm

<p>Tessuto trasparente<br />
Vero voile<br />
Echte Spitzenkante<br />
Qualità leggera<br />
Lavabile a 30 gradi con ciclo delicato</p>
<p>Mit der modernen Gardine Missy von my home aus echter Voile setzt du in jedem Raum einen stilvollen Akzent.<br />
Das Highlight des stilvollen Gardinenschals ist die echte Spitzenkante, die dem Vorhang ihre edle Note verleiht.<br />
Das transparente Material ist fließend und bietet einen zuverlässigen Schutz gegen neugierige Blicke.<br />
Über das eingearbeitete Kräuselband kann du den Store auf die gewünschte Breite bringen.<br />
Die Aufhängung erfolgt mittels des Kräuselbandes.</p>
<p>Materiale: materiale della tomaia: poliestere 100%<br />
Istruzioni per la cura: Lavaggio delicato</p>
<p>Colore: bianco<br />
Muster: Spitzenkante<br />
Größe: Breite 450cm x Länge 175cm<br />
Nota: le dimensioni indicate sono quelle del tessuto. Quando la finestra è completamente decorata, la larghezza si riduce di circa la metà.</p>
<p>Aufhängung mittels Gardinenröllchen (nicht im Lieferumfang enthalten) in der Gardinenschiene.</p>

<table class="dv_characteristicsTable">
<tbody>
<tr>
<td class="left">Gewicht</td>
<td>52 g/m²</td>
</tr>
<tr>
<td class="left">Breite</td>
<td>450 cm</td>
</tr>
<tr>
<td class="left">Höhe</td>
<td>175 cm</td>
</tr>
</tbody>
</table>
<table class="dv_characteristicsTable">
<tbody>
<tr>
<td class="left">Aufhängung</td>
<td>Kräuselband</td>
</tr>
<tr>
<td class="left">Abschluss</td>
<td>gerader Abschluss</td>
</tr>
</tbody>
</table>
<table class="dv_characteristicsTable">
<tbody>
<tr>
<td class="left">Colore</td>
<td>weiß</td>
</tr>
<tr>
<td class="left">Transparenz</td>
<td>transparent</td>
</tr>
<tr>
<td class="left">Oberflächenstruktur</td>
<td>glatt</td>
</tr>
<tr>
<td class="left">Design</td>
<td>gemustert</td>
</tr>
<tr>
<td class="left">Designerstellungsart</td>
<td>gewebt</td>
</tr>
</tbody>
</table>
<table class="dv_characteristicsTable">
<tbody>
<tr>
<td class="left">Materialart</td>
<td>Poliestere</td>
</tr>
<tr>
<td class="left">Composizione del materiale</td>
<td>Obermaterial: 100% Polyester</td>
</tr>
<tr>
<td class="left">Materiale</td>
<td>Poliestere</td>
</tr>
</tbody>
</table>
<table class="dv_characteristicsTable">
<tbody>
<tr>
<td class="left">Anzahl Teile</td>
<td>1 St.</td>
</tr>
</tbody>
</table>
<table class="dv_characteristicsTable">
<tbody>
<tr>
<td class="left">Istruzioni per la cura</td>
<td>30°C Schonwäsche</td>
</tr>
</tbody>
</table>
