{"id":82086,"date":"2023-12-14T02:11:54","date_gmt":"2023-12-14T01:11:54","guid":{"rendered":"https:\/\/www.soanam.de\/?post_type=product&#038;p=82086"},"modified":"2023-12-14T02:14:45","modified_gmt":"2023-12-14T01:14:45","slug":"levis-new-heritage-cord-trucker-jacket-in-sand-groesse-s","status":"publish","type":"product","link":"https:\/\/www.soanam.de\/it\/produkt\/levis-new-heritage-cord-trucker-jacket-in-sand-groesse-s\/","title":{"rendered":"Levi's New Heritage Cord Trucker Jacket, in Sand, Gr\u00f6\u00dfe S"},"content":{"rendered":"<p>Gef\u00fctterte Cord Jacke von Levi's<br \/>\n2 Brust Taschen.<br \/>\nGef\u00fcttert mit Teddy Fell<br \/>\nZum Kn\u00f6pfen<br \/>\nIn kurzer Form mit \u00fcberschnittenen Schultern<\/p>\n<p>Levi's\u00ae New Heritage Cord Trucker \u2013 eine stylische Cordjacke f\u00fcr Damen mit Kunstpelz, die Sie den ganzen Herbst \u00fcber warm h\u00e4lt.<\/p>\n<p>Material: Obermaterial: 100% Baumwolle, Futter: 100% Polyester<br \/>\nIstruzioni per la cura: Lavare in lavatrice<\/p>\n<p>Colore: sabbia<br \/>\nModello: senza<br \/>\nGr\u00f6\u00dfe: 3S<\/p>\n<p>Larghezza della spalla: 54 cm<br \/>\nLarghezza del torace: 118 cm<br \/>\nLunghezza delle maniche: 54 cm<br \/>\nLunghezza totale: 54 cm<\/p>","protected":false},"excerpt":{"rendered":"<table class=\"dv_characteristicsTable\">\n<tbody>\n<tr>\n<td class=\"left\">Dimensione<\/td>\n<td>S<\/td>\n<\/tr>\n<tr>\n<td class=\"left\">Gr\u00f6\u00dfentyp<\/td>\n<td>Normalgr\u00f6\u00dfen<\/td>\n<\/tr>\n<tr>\n<td class=\"left\">Composizione del materiale<\/td>\n<td>100% Baumwolle, Futter: 100% Polyester<\/td>\n<\/tr>\n<tr>\n<td class=\"left\">Materialeigenschaften<\/td>\n<td>w\u00e4rmend, robust<\/td>\n<\/tr>\n<tr>\n<td class=\"left\">Istruzioni per la cura<\/td>\n<td>Lavaggio in lavatrice<\/td>\n<\/tr>\n<tr>\n<td class=\"left\">Stil<\/td>\n<td>sportlich<\/td>\n<\/tr>\n<tr>\n<td class=\"left\">Colore<\/td>\n<td>sabbia<\/td>\n<\/tr>\n<tr>\n<td class=\"left\">Kragen<\/td>\n<td>Hemdkragen<\/td>\n<\/tr>\n<tr>\n<td class=\"left\">\u00c4rmel<\/td>\n<td>Manica lunga<\/td>\n<\/tr>\n<tr>\n<td class=\"left\">In forma<\/td>\n<td>figurumspielend<\/td>\n<\/tr>\n<tr>\n<td class=\"left\">Schnittform L\u00e4nge<\/td>\n<td>kurz<\/td>\n<\/tr>\n<tr>\n<td class=\"left\">Cappuccio<\/td>\n<td>ohne Kapuze<\/td>\n<\/tr>\n<tr>\n<td class=\"left\">dettagli<\/td>\n<td>Fellimitat, Weite regulierbar<\/td>\n<\/tr>\n<tr>\n<td class=\"left\">Applikationen<\/td>\n<td>Logo del marchio<\/td>\n<\/tr>\n<tr>\n<td class=\"left\">Borse<\/td>\n<td>Brusttaschen<\/td>\n<\/tr>\n<tr>\n<td class=\"left\">Verschluss<\/td>\n<td>Druckkn\u00f6pfe<\/td>\n<\/tr>\n<tr>\n<td class=\"left\"><\/td>\n<td><\/td>\n<\/tr>\n<\/tbody>\n<\/table>","protected":false},"featured_media":82219,"comment_status":"open","ping_status":"closed","template":"","meta":{"_seopress_robots_primary_cat":"","_seopress_titles_title":"","_seopress_titles_desc":"","_seopress_robots_index":""},"product_brand":[],"product_cat":[1348,1354,1375],"product_tag":[],"class_list":{"0":"post-82086","1":"product","2":"type-product","3":"status-publish","4":"has-post-thumbnail","6":"product_cat-damen-mode","7":"product_cat-jacken-maentel","8":"product_cat-winterjacken","9":"product_shipping_class-standard-versand","11":"first","12":"instock","13":"taxable","14":"shipping-taxable","15":"purchasable","16":"product-type-simple"},"_links":{"self":[{"href":"https:\/\/www.soanam.de\/it\/wp-json\/wp\/v2\/product\/82086","targetHints":{"allow":["GET"]}}],"collection":[{"href":"https:\/\/www.soanam.de\/it\/wp-json\/wp\/v2\/product"}],"about":[{"href":"https:\/\/www.soanam.de\/it\/wp-json\/wp\/v2\/types\/product"}],"replies":[{"embeddable":true,"href":"https:\/\/www.soanam.de\/it\/wp-json\/wp\/v2\/comments?post=82086"}],"wp:featuredmedia":[{"embeddable":true,"href":"https:\/\/www.soanam.de\/it\/wp-json\/wp\/v2\/media\/82219"}],"wp:attachment":[{"href":"https:\/\/www.soanam.de\/it\/wp-json\/wp\/v2\/media?parent=82086"}],"wp:term":[{"taxonomy":"product_brand","embeddable":true,"href":"https:\/\/www.soanam.de\/it\/wp-json\/wp\/v2\/product_brand?post=82086"},{"taxonomy":"product_cat","embeddable":true,"href":"https:\/\/www.soanam.de\/it\/wp-json\/wp\/v2\/product_cat?post=82086"},{"taxonomy":"product_tag","embeddable":true,"href":"https:\/\/www.soanam.de\/it\/wp-json\/wp\/v2\/product_tag?post=82086"}],"curies":[{"name":"wp","href":"https:\/\/api.w.org\/{rel}","templated":true}]}}

Levi's New Heritage Cord Trucker Jacket, in Sand, Größe S

<p>Gefütterte Cord Jacke von Levi's<br />
2 Brust Taschen.<br />
Gefüttert mit Teddy Fell<br />
Zum Knöpfen<br />
In kurzer Form mit überschnittenen Schultern</p>
<p>Levi's® New Heritage Cord Trucker – eine stylische Cordjacke für Damen mit Kunstpelz, die Sie den ganzen Herbst über warm hält.</p>
<p>Material: Obermaterial: 100% Baumwolle, Futter: 100% Polyester<br />
Istruzioni per la cura: Lavare in lavatrice</p>
<p>Colore: sabbia<br />
Modello: senza<br />
Größe: 3S</p>
<p>Larghezza della spalla: 54 cm<br />
Larghezza del torace: 118 cm<br />
Lunghezza delle maniche: 54 cm<br />
Lunghezza totale: 54 cm</p>

<table class="dv_characteristicsTable">
<tbody>
<tr>
<td class="left">Dimensione</td>
<td>S</td>
</tr>
<tr>
<td class="left">Größentyp</td>
<td>Normalgrößen</td>
</tr>
<tr>
<td class="left">Composizione del materiale</td>
<td>100% Baumwolle, Futter: 100% Polyester</td>
</tr>
<tr>
<td class="left">Materialeigenschaften</td>
<td>wärmend, robust</td>
</tr>
<tr>
<td class="left">Istruzioni per la cura</td>
<td>Lavaggio in lavatrice</td>
</tr>
<tr>
<td class="left">Stil</td>
<td>sportlich</td>
</tr>
<tr>
<td class="left">Colore</td>
<td>sabbia</td>
</tr>
<tr>
<td class="left">Kragen</td>
<td>Hemdkragen</td>
</tr>
<tr>
<td class="left">Ärmel</td>
<td>Manica lunga</td>
</tr>
<tr>
<td class="left">In forma</td>
<td>figurumspielend</td>
</tr>
<tr>
<td class="left">Schnittform Länge</td>
<td>kurz</td>
</tr>
<tr>
<td class="left">Cappuccio</td>
<td>ohne Kapuze</td>
</tr>
<tr>
<td class="left">dettagli</td>
<td>Fellimitat, Weite regulierbar</td>
</tr>
<tr>
<td class="left">Applikationen</td>
<td>Logo del marchio</td>
</tr>
<tr>
<td class="left">Borse</td>
<td>Brusttaschen</td>
</tr>
<tr>
<td class="left">Verschluss</td>
<td>Druckknöpfe</td>
</tr>
<tr>
<td class="left"></td>
<td></td>
</tr>
</tbody>
</table>
