{"id":82082,"date":"2023-12-14T02:11:53","date_gmt":"2023-12-14T01:11:53","guid":{"rendered":"https:\/\/www.soanam.de\/?post_type=product&#038;p=82082"},"modified":"2023-12-14T02:14:15","modified_gmt":"2023-12-14T01:14:15","slug":"icepeak-softshelljacke-barnes-in-schwarz-grau-groesse-58","status":"publish","type":"product","link":"https:\/\/www.soanam.de\/it\/produkt\/icepeak-softshelljacke-barnes-in-schwarz-grau-groesse-58\/","title":{"rendered":"Giacca softshell ICEPEAK BARNES, in nero, grigio, taglia 58"},"content":{"rendered":"<p>Giacca softshell di Icepeak<br \/>\nIdrorepellente, antivento, traspirante<br \/>\nRei\u00dfverschlusstasche<br \/>\nVerstellbare B\u00fcndchen und Saum.<br \/>\nBequemer Innenkragen<br \/>\nKapuze abnehmbar<br \/>\nCon dettagli in colore a contrasto<\/p>\n<p>Einer der Vorteile einer Softshelljacke ist das atmungsaktive und bequeme Material, dank dem Sie keine Abstriche bei wind- und wasserabweisenden Eigenschaften machen m\u00fcssen.Der Komfort wird durch das anatomische Design, das eine freie Bewegungsfreiheit gew\u00e4hrleistet, und einen weichen Innenkragen mit Kinnschutz erh\u00f6ht gegen unangenehmes Reiben des Rei\u00dfverschlusses auf der Haut. Dank der abnehmbaren Kapuze ist die Jacke an unterschiedliche Wetterbedingungen auf und abseits der Piste anpassbar.<\/p>\n<p>Dieses A.W.S. EXTREME-Produkt erf\u00fcllt die Anforderungen aktiver Outdoor-Leute auch unter extremen Bedingungen. Wassers\u00e4ule und Atmungsaktivit\u00e4t des Materials: 10 000 mm 5 000 mvp.<br \/>\nIl softshell \u00e8 un materiale funzionale per un'ampia gamma di attivit\u00e0 all'aperto.<br \/>\nIl prodotto offre protezione dagli agenti atmosferici ma \u00e8 anche piacevolmente elastico.<br \/>\nLa superficie del tessuto \u00e8 impregnata di idrorepellente.<br \/>\nIl materiale elasticizzato a 2 vie aumenta la libert\u00e0 di movimento.<\/p>\n<p>Materiale: 100 poliestere %<br \/>\nIstruzioni per la cura: Lavare in lavatrice<\/p>\n<p>Farbe: schwarz, grau<br \/>\nMuster: kontrastfarbene Details<br \/>\nGr\u00f6\u00dfe: 58<\/p>\n<p>Larghezza della spalla: 60 cm<br \/>\nLarghezza del torace: 124 cm<br \/>\n\u00c4rmell\u00e4nge: 84cm<br \/>\nGesamtl\u00e4nge: 81cm<\/p>","protected":false},"excerpt":{"rendered":"<table class=\"dv_characteristicsTable\">\n<tbody>\n<tr>\n<td class=\"left\">Dimensione<\/td>\n<td>58<\/td>\n<\/tr>\n<tr>\n<td class=\"left\">Composizione del materiale<\/td>\n<td>100 Poliestere %<\/td>\n<\/tr>\n<tr>\n<td class=\"left\">Istruzioni per la cura<\/td>\n<td>Lavaggio in lavatrice<\/td>\n<\/tr>\n<tr>\n<td class=\"left\">Colore<\/td>\n<td>Schwarz, Grau<\/td>\n<\/tr>\n<tr>\n<td class=\"left\">Ausschnitt<\/td>\n<td>Cappuccio<\/td>\n<\/tr>\n<tr>\n<td class=\"left\">\u00c4rmel<\/td>\n<td>Manica lunga<\/td>\n<\/tr>\n<tr>\n<td class=\"left\">In forma<\/td>\n<td>regular fit<\/td>\n<\/tr>\n<tr>\n<td class=\"left\">Besondere Merkmale<\/td>\n<td>Idrorepellente, antivento, traspirante<\/td>\n<\/tr>\n<\/tbody>\n<\/table>","protected":false},"featured_media":82199,"comment_status":"open","ping_status":"closed","template":"","meta":{"_seopress_robots_primary_cat":"","_seopress_titles_title":"","_seopress_titles_desc":"","_seopress_robots_index":""},"product_brand":[],"product_cat":[1345,1363,1648],"product_tag":[],"class_list":{"0":"post-82082","1":"product","2":"type-product","3":"status-publish","4":"has-post-thumbnail","6":"product_cat-herrenmode","7":"product_cat-jacken-maentel-herrenmode","8":"product_cat-softshelljacken-jacken-maentel-herrenmode","9":"product_shipping_class-standard-versand","11":"first","12":"instock","13":"taxable","14":"shipping-taxable","15":"purchasable","16":"product-type-simple"},"_links":{"self":[{"href":"https:\/\/www.soanam.de\/it\/wp-json\/wp\/v2\/product\/82082","targetHints":{"allow":["GET"]}}],"collection":[{"href":"https:\/\/www.soanam.de\/it\/wp-json\/wp\/v2\/product"}],"about":[{"href":"https:\/\/www.soanam.de\/it\/wp-json\/wp\/v2\/types\/product"}],"replies":[{"embeddable":true,"href":"https:\/\/www.soanam.de\/it\/wp-json\/wp\/v2\/comments?post=82082"}],"wp:featuredmedia":[{"embeddable":true,"href":"https:\/\/www.soanam.de\/it\/wp-json\/wp\/v2\/media\/82199"}],"wp:attachment":[{"href":"https:\/\/www.soanam.de\/it\/wp-json\/wp\/v2\/media?parent=82082"}],"wp:term":[{"taxonomy":"product_brand","embeddable":true,"href":"https:\/\/www.soanam.de\/it\/wp-json\/wp\/v2\/product_brand?post=82082"},{"taxonomy":"product_cat","embeddable":true,"href":"https:\/\/www.soanam.de\/it\/wp-json\/wp\/v2\/product_cat?post=82082"},{"taxonomy":"product_tag","embeddable":true,"href":"https:\/\/www.soanam.de\/it\/wp-json\/wp\/v2\/product_tag?post=82082"}],"curies":[{"name":"wp","href":"https:\/\/api.w.org\/{rel}","templated":true}]}}

<p>Giacca softshell di Icepeak<br />
Idrorepellente, antivento, traspirante<br />
Reißverschlusstasche<br />
Verstellbare Bündchen und Saum.<br />
Bequemer Innenkragen<br />
Kapuze abnehmbar<br />
Con dettagli in colore a contrasto</p>
<p>Einer der Vorteile einer Softshelljacke ist das atmungsaktive und bequeme Material, dank dem Sie keine Abstriche bei wind- und wasserabweisenden Eigenschaften machen müssen.Der Komfort wird durch das anatomische Design, das eine freie Bewegungsfreiheit gewährleistet, und einen weichen Innenkragen mit Kinnschutz erhöht gegen unangenehmes Reiben des Reißverschlusses auf der Haut. Dank der abnehmbaren Kapuze ist die Jacke an unterschiedliche Wetterbedingungen auf und abseits der Piste anpassbar.</p>
<p>Dieses A.W.S. EXTREME-Produkt erfüllt die Anforderungen aktiver Outdoor-Leute auch unter extremen Bedingungen. Wassersäule und Atmungsaktivität des Materials: 10 000 mm 5 000 mvp.<br />
Il softshell è un materiale funzionale per un'ampia gamma di attività all'aperto.<br />
Il prodotto offre protezione dagli agenti atmosferici ma è anche piacevolmente elastico.<br />
La superficie del tessuto è impregnata di idrorepellente.<br />
Il materiale elasticizzato a 2 vie aumenta la libertà di movimento.</p>
<p>Materiale: 100 poliestere %<br />
Istruzioni per la cura: Lavare in lavatrice</p>
<p>Farbe: schwarz, grau<br />
Muster: kontrastfarbene Details<br />
Größe: 58</p>
<p>Larghezza della spalla: 60 cm<br />
Larghezza del torace: 124 cm<br />
Ärmellänge: 84cm<br />
Gesamtlänge: 81cm</p>

<table class="dv_characteristicsTable">
<tbody>
<tr>
<td class="left">Dimensione</td>
<td>58</td>
</tr>
<tr>
<td class="left">Composizione del materiale</td>
<td>100 Poliestere %</td>
</tr>
<tr>
<td class="left">Istruzioni per la cura</td>
<td>Lavaggio in lavatrice</td>
</tr>
<tr>
<td class="left">Colore</td>
<td>Schwarz, Grau</td>
</tr>
<tr>
<td class="left">Ausschnitt</td>
<td>Cappuccio</td>
</tr>
<tr>
<td class="left">Ärmel</td>
<td>Manica lunga</td>
</tr>
<tr>
<td class="left">In forma</td>
<td>regular fit</td>
</tr>
<tr>
<td class="left">Besondere Merkmale</td>
<td>Idrorepellente, antivento, traspirante</td>
</tr>
</tbody>
</table>
