{"id":81717,"date":"2023-12-14T02:04:32","date_gmt":"2023-12-14T01:04:32","guid":{"rendered":"https:\/\/www.soanam.de\/?post_type=product&#038;p=81717"},"modified":"2023-12-14T02:07:02","modified_gmt":"2023-12-14T01:07:02","slug":"copriletto-my-home-amanda-in-grigio-rosa-140cm-x-210cm","status":"publish","type":"product","link":"https:\/\/www.soanam.de\/it\/produkt\/my-home-tagesdecke-amanda-in-grau-rosa-140cm-x-210cm\/","title":{"rendered":"Copriletto My Home Amanda, grigio-rosa, 140cm x 210cm"},"content":{"rendered":"<p>Coperta reversibile da My Home<\/p>\n<p>Copriletto con motivo floreale finemente trapuntato<br \/>\nRealizzato in microfibra 100%<br \/>\nFacile da curare e da proteggere per la pelle<br \/>\nLavabile in lavatrice fino a 30\u00b0C<\/p>\n<p>Il copriletto Amanda in tinta unita del marchio my home offre un cambiamento di successo grazie al suo look reversibile.<br \/>\nGli splendidi colori coordinati sono perfettamente integrati dal motivo floreale finemente trapuntato.<br \/>\nIl morbido tessuto \u00e8 realizzato in poliestere 100% e pu\u00f2 essere lavato in lavatrice a 30\u00b0.<\/p>\n<p>Materiale: poliestere 100%<br \/>\nIstruzioni per la cura: Lavare in lavatrice<\/p>\n<p>Colore: grigio-rosa<br \/>\nMotivo: Fiori<br \/>\nLarghezza: 140 cm<br \/>\nLunghezza: 210 cm<\/p>","protected":false},"excerpt":{"rendered":"<table class=\"dv_characteristicsTable\">\n<tbody>\n<tr>\n<td class=\"left\">Colore<\/td>\n<td>grau<br \/>\nrosa<\/td>\n<\/tr>\n<tr>\n<td class=\"left\">Optik<\/td>\n<td>unifarben<\/td>\n<\/tr>\n<\/tbody>\n<\/table>\n<table class=\"dv_characteristicsTable\">\n<caption>\u00a0<\/caption>\n<tbody>\n<tr>\n<td class=\"left\">Composizione del materiale<\/td>\n<td>Obermaterial: 100% Polyester. Futter: 100% Polyester<\/td>\n<\/tr>\n<tr>\n<td class=\"left\">Materiale<\/td>\n<td>Kunstfaser<\/td>\n<\/tr>\n<tr>\n<td class=\"left\">Fl\u00e4chengewicht<\/td>\n<td>70 g\/m\u00b2<\/td>\n<\/tr>\n<tr>\n<td class=\"left\">F\u00fcllung<\/td>\n<td>Mit F\u00fcllung<\/td>\n<\/tr>\n<\/tbody>\n<\/table>\n<table class=\"dv_characteristicsTable\">\n<caption>\u00a0<\/caption>\n<tbody>\n<tr>\n<td class=\"left\">Seitlicher \u00dcberhang<\/td>\n<td>2-seitig<\/td>\n<\/tr>\n<\/tbody>\n<\/table>\n<table class=\"dv_characteristicsTable\">\n<tbody>\n<tr>\n<td class=\"left\">Breite<\/td>\n<td>140 cm<\/td>\n<\/tr>\n<tr>\n<td class=\"left\">L\u00e4nge<\/td>\n<td>210 cm<\/td>\n<\/tr>\n<\/tbody>\n<\/table>\n<table class=\"dv_characteristicsTable\">\n<tbody>\n<tr>\n<td class=\"left\">Geeignet f\u00fcr Bettgr\u00f6\u00dfe<\/td>\n<td>90-100x200 cm<\/td>\n<\/tr>\n<\/tbody>\n<\/table>\n<table class=\"dv_characteristicsTable\">\n<tbody>\n<tr>\n<td class=\"left\">Istruzioni per la cura<\/td>\n<td>30\u00b0C Maschinenw\u00e4sche<br \/>\nnicht trocknergeeignet<\/td>\n<\/tr>\n<\/tbody>\n<\/table>","protected":false},"featured_media":81836,"comment_status":"open","ping_status":"closed","template":"","meta":{"_seopress_robots_primary_cat":"","_seopress_titles_title":"","_seopress_titles_desc":"","_seopress_robots_index":""},"product_brand":[],"product_cat":[1400,1420],"product_tag":[],"class_list":{"0":"post-81717","1":"product","2":"type-product","3":"status-publish","4":"has-post-thumbnail","6":"product_cat-wohnzubehoer","7":"product_cat-wohndekoration","9":"first","10":"instock","11":"sale","12":"taxable","13":"shipping-taxable","14":"purchasable","15":"product-type-simple"},"_links":{"self":[{"href":"https:\/\/www.soanam.de\/it\/wp-json\/wp\/v2\/product\/81717","targetHints":{"allow":["GET"]}}],"collection":[{"href":"https:\/\/www.soanam.de\/it\/wp-json\/wp\/v2\/product"}],"about":[{"href":"https:\/\/www.soanam.de\/it\/wp-json\/wp\/v2\/types\/product"}],"replies":[{"embeddable":true,"href":"https:\/\/www.soanam.de\/it\/wp-json\/wp\/v2\/comments?post=81717"}],"wp:featuredmedia":[{"embeddable":true,"href":"https:\/\/www.soanam.de\/it\/wp-json\/wp\/v2\/media\/81836"}],"wp:attachment":[{"href":"https:\/\/www.soanam.de\/it\/wp-json\/wp\/v2\/media?parent=81717"}],"wp:term":[{"taxonomy":"product_brand","embeddable":true,"href":"https:\/\/www.soanam.de\/it\/wp-json\/wp\/v2\/product_brand?post=81717"},{"taxonomy":"product_cat","embeddable":true,"href":"https:\/\/www.soanam.de\/it\/wp-json\/wp\/v2\/product_cat?post=81717"},{"taxonomy":"product_tag","embeddable":true,"href":"https:\/\/www.soanam.de\/it\/wp-json\/wp\/v2\/product_tag?post=81717"}],"curies":[{"name":"wp","href":"https:\/\/api.w.org\/{rel}","templated":true}]}}

<p>Coperta reversibile da My Home</p>
<p>Copriletto con motivo floreale finemente trapuntato<br />
Realizzato in microfibra 100%<br />
Facile da curare e da proteggere per la pelle<br />
Lavabile in lavatrice fino a 30°C</p>
<p>Il copriletto Amanda in tinta unita del marchio my home offre un cambiamento di successo grazie al suo look reversibile.<br />
Gli splendidi colori coordinati sono perfettamente integrati dal motivo floreale finemente trapuntato.<br />
Il morbido tessuto è realizzato in poliestere 100% e può essere lavato in lavatrice a 30°.</p>
<p>Materiale: poliestere 100%<br />
Istruzioni per la cura: Lavare in lavatrice</p>
<p>Colore: grigio-rosa<br />
Motivo: Fiori<br />
Larghezza: 140 cm<br />
Lunghezza: 210 cm</p>

<table class="dv_characteristicsTable">
<tbody>
<tr>
<td class="left">Colore</td>
<td>grau<br />
rosa</td>
</tr>
<tr>
<td class="left">Optik</td>
<td>unifarben</td>
</tr>
</tbody>
</table>
<table class="dv_characteristicsTable">
<caption> </caption>
<tbody>
<tr>
<td class="left">Composizione del materiale</td>
<td>Obermaterial: 100% Polyester. Futter: 100% Polyester</td>
</tr>
<tr>
<td class="left">Materiale</td>
<td>Kunstfaser</td>
</tr>
<tr>
<td class="left">Flächengewicht</td>
<td>70 g/m²</td>
</tr>
<tr>
<td class="left">Füllung</td>
<td>Mit Füllung</td>
</tr>
</tbody>
</table>
<table class="dv_characteristicsTable">
<caption> </caption>
<tbody>
<tr>
<td class="left">Seitlicher Überhang</td>
<td>2-seitig</td>
</tr>
</tbody>
</table>
<table class="dv_characteristicsTable">
<tbody>
<tr>
<td class="left">Breite</td>
<td>140 cm</td>
</tr>
<tr>
<td class="left">Länge</td>
<td>210 cm</td>
</tr>
</tbody>
</table>
<table class="dv_characteristicsTable">
<tbody>
<tr>
<td class="left">Geeignet für Bettgröße</td>
<td>90-100x200 cm</td>
</tr>
</tbody>
</table>
<table class="dv_characteristicsTable">
<tbody>
<tr>
<td class="left">Istruzioni per la cura</td>
<td>30°C Maschinenwäsche<br />
nicht trocknergeeignet</td>
</tr>
</tbody>
</table>
