{"id":81715,"date":"2023-12-14T02:04:31","date_gmt":"2023-12-14T01:04:31","guid":{"rendered":"https:\/\/www.soanam.de\/?post_type=product&#038;p=81715"},"modified":"2023-12-14T02:06:51","modified_gmt":"2023-12-14T01:06:51","slug":"copriletto-home-affaire-melli-in-rosa-scuro-screziato-280-cm-x-210-cm","status":"publish","type":"product","link":"https:\/\/www.soanam.de\/it\/produkt\/home-affaire-tagesdecke-melli-in-altrosa-meliert-280cm-x-210cm\/","title":{"rendered":"Copriletto Home Affaire Melli, in rosa scuro screziato, 280 cm x 210 cm."},"content":{"rendered":"<p>Bett\u00fcberwurf in klassisch, schlichter Leinen-Optik<br \/>\nAuch als Tischdecke und Sofa\u00fcberwurf einsetzbar<br \/>\nEinseitig bedruckte Ware mit Melange-Effekt, ohne F\u00fcllung oder Futter<br \/>\nFlie\u00dfender Fall dank feinem, leichtem Material<br \/>\nRealizzato in puro cotone<\/p>\n<p>Die klassisch schlichte Tagesdecke Melli der Marke Home Affaire besticht durch die sch\u00f6ne Melange Optik.<br \/>\nOb als \u00dcberwurf, Tischdecke oder als Schoner f\u00fcr ihre Bettw\u00e4sche die vielf\u00e4ltigen Einsatzm\u00f6glichkeiten machen die Tagesdecke zu einem gelungenem Begleiter.<br \/>\nGefertigt ist der Stoff aus einem atmungsaktiven, hautfreundlichen Material aus reiner Baumwolle.<\/p>\n<p>Materiale: cotone 100%<br \/>\nIstruzioni per la cura: Lavare in lavatrice<\/p>\n<p>Farbe: altrosa<br \/>\nModello: screziato<br \/>\nBreite: 280cm<br \/>\nLunghezza: 210 cm<\/p>","protected":false},"excerpt":{"rendered":"<table class=\"dv_characteristicsTable\">\n<caption>\u00a0<\/caption>\n<tbody>\n<tr>\n<td class=\"left\">Colore<\/td>\n<td>altrosa<\/td>\n<\/tr>\n<tr>\n<td class=\"left\">Optik<\/td>\n<td>meliert<\/td>\n<\/tr>\n<\/tbody>\n<\/table>\n<table class=\"dv_characteristicsTable\">\n<caption>\u00a0<\/caption>\n<tbody>\n<tr>\n<td class=\"left\">Composizione del materiale<\/td>\n<td>100% Cotone<\/td>\n<\/tr>\n<tr>\n<td class=\"left\">Materiale<\/td>\n<td>Cotone<\/td>\n<\/tr>\n<tr>\n<td class=\"left\">Fl\u00e4chengewicht<\/td>\n<td>135 g\/m\u00b2<\/td>\n<\/tr>\n<\/tbody>\n<\/table>\n<table class=\"dv_characteristicsTable\">\n<caption>\u00a0<\/caption>\n<tbody>\n<tr>\n<td class=\"left\">Seitlicher \u00dcberhang<\/td>\n<td>2-seitig<\/td>\n<\/tr>\n<\/tbody>\n<\/table>\n<table class=\"dv_characteristicsTable\">\n<caption>\u00a0<\/caption>\n<tbody>\n<tr>\n<td class=\"left\">Breite<\/td>\n<td>280 cm<\/td>\n<\/tr>\n<tr>\n<td class=\"left\">L\u00e4nge<\/td>\n<td>210 cm<\/td>\n<\/tr>\n<\/tbody>\n<\/table>\n<table class=\"dv_characteristicsTable\">\n<caption>\u00a0<\/caption>\n<tbody>\n<tr>\n<td class=\"left\">Geeignet f\u00fcr Bettgr\u00f6\u00dfe<\/td>\n<td>180-200x200 cm<\/td>\n<\/tr>\n<\/tbody>\n<\/table>\n<table class=\"dv_characteristicsTable\">\n<caption>\u00a0<\/caption>\n<tbody>\n<tr>\n<td class=\"left\">Istruzioni per la cura<\/td>\n<td>60\u00b0C Maschinenw\u00e4sche<br \/>\ntrocknergeeignet<\/td>\n<\/tr>\n<\/tbody>\n<\/table>","protected":false},"featured_media":81827,"comment_status":"open","ping_status":"closed","template":"","meta":{"_seopress_robots_primary_cat":"","_seopress_titles_title":"","_seopress_titles_desc":"","_seopress_robots_index":""},"product_brand":[],"product_cat":[1400,1420],"product_tag":[],"class_list":{"0":"post-81715","1":"product","2":"type-product","3":"status-publish","4":"has-post-thumbnail","6":"product_cat-wohnzubehoer","7":"product_cat-wohndekoration","9":"first","10":"instock","11":"sale","12":"taxable","13":"shipping-taxable","14":"purchasable","15":"product-type-simple"},"_links":{"self":[{"href":"https:\/\/www.soanam.de\/it\/wp-json\/wp\/v2\/product\/81715","targetHints":{"allow":["GET"]}}],"collection":[{"href":"https:\/\/www.soanam.de\/it\/wp-json\/wp\/v2\/product"}],"about":[{"href":"https:\/\/www.soanam.de\/it\/wp-json\/wp\/v2\/types\/product"}],"replies":[{"embeddable":true,"href":"https:\/\/www.soanam.de\/it\/wp-json\/wp\/v2\/comments?post=81715"}],"wp:featuredmedia":[{"embeddable":true,"href":"https:\/\/www.soanam.de\/it\/wp-json\/wp\/v2\/media\/81827"}],"wp:attachment":[{"href":"https:\/\/www.soanam.de\/it\/wp-json\/wp\/v2\/media?parent=81715"}],"wp:term":[{"taxonomy":"product_brand","embeddable":true,"href":"https:\/\/www.soanam.de\/it\/wp-json\/wp\/v2\/product_brand?post=81715"},{"taxonomy":"product_cat","embeddable":true,"href":"https:\/\/www.soanam.de\/it\/wp-json\/wp\/v2\/product_cat?post=81715"},{"taxonomy":"product_tag","embeddable":true,"href":"https:\/\/www.soanam.de\/it\/wp-json\/wp\/v2\/product_tag?post=81715"}],"curies":[{"name":"wp","href":"https:\/\/api.w.org\/{rel}","templated":true}]}}

<p>Bettüberwurf in klassisch, schlichter Leinen-Optik<br />
Auch als Tischdecke und Sofaüberwurf einsetzbar<br />
Einseitig bedruckte Ware mit Melange-Effekt, ohne Füllung oder Futter<br />
Fließender Fall dank feinem, leichtem Material<br />
Realizzato in puro cotone</p>
<p>Die klassisch schlichte Tagesdecke Melli der Marke Home Affaire besticht durch die schöne Melange Optik.<br />
Ob als Überwurf, Tischdecke oder als Schoner für ihre Bettwäsche die vielfältigen Einsatzmöglichkeiten machen die Tagesdecke zu einem gelungenem Begleiter.<br />
Gefertigt ist der Stoff aus einem atmungsaktiven, hautfreundlichen Material aus reiner Baumwolle.</p>
<p>Materiale: cotone 100%<br />
Istruzioni per la cura: Lavare in lavatrice</p>
<p>Farbe: altrosa<br />
Modello: screziato<br />
Breite: 280cm<br />
Lunghezza: 210 cm</p>

<table class="dv_characteristicsTable">
<caption> </caption>
<tbody>
<tr>
<td class="left">Colore</td>
<td>altrosa</td>
</tr>
<tr>
<td class="left">Optik</td>
<td>meliert</td>
</tr>
</tbody>
</table>
<table class="dv_characteristicsTable">
<caption> </caption>
<tbody>
<tr>
<td class="left">Composizione del materiale</td>
<td>100% Cotone</td>
</tr>
<tr>
<td class="left">Materiale</td>
<td>Cotone</td>
</tr>
<tr>
<td class="left">Flächengewicht</td>
<td>135 g/m²</td>
</tr>
</tbody>
</table>
<table class="dv_characteristicsTable">
<caption> </caption>
<tbody>
<tr>
<td class="left">Seitlicher Überhang</td>
<td>2-seitig</td>
</tr>
</tbody>
</table>
<table class="dv_characteristicsTable">
<caption> </caption>
<tbody>
<tr>
<td class="left">Breite</td>
<td>280 cm</td>
</tr>
<tr>
<td class="left">Länge</td>
<td>210 cm</td>
</tr>
</tbody>
</table>
<table class="dv_characteristicsTable">
<caption> </caption>
<tbody>
<tr>
<td class="left">Geeignet für Bettgröße</td>
<td>180-200x200 cm</td>
</tr>
</tbody>
</table>
<table class="dv_characteristicsTable">
<caption> </caption>
<tbody>
<tr>
<td class="left">Istruzioni per la cura</td>
<td>60°C Maschinenwäsche<br />
trocknergeeignet</td>
</tr>
</tbody>
</table>
