{"id":81652,"date":"2023-12-14T02:03:14","date_gmt":"2023-12-14T01:03:14","guid":{"rendered":"https:\/\/www.soanam.de\/?post_type=product&#038;p=81652"},"modified":"2023-12-14T02:05:41","modified_gmt":"2023-12-14T01:05:41","slug":"naika-foroutan-jana-hensel-la-compagnia-degli-altri-geb-edizione-2020","status":"publish","type":"product","link":"https:\/\/www.soanam.de\/it\/produkt\/naika-foroutan-jana-hensel-die-gesellschaft-der-anderen-geb-ausgabe-2020\/","title":{"rendered":"Naika Foroutan, Jana Hensel \"Die Gesellschaft der Anderen\" (La societ\u00e0 degli altri), edizione cartonata, 2020"},"content":{"rendered":"<h3>Descrizione del prodotto<\/h3>\n<p>In diesem Buch diskutieren zwei der profiliertesten Frauen ihres Faches \u00fcber Deutschland seit der Wiedervereinigung: die Migrationsforscherin Naika Foroutan und die Journalistin und Ostdeutschland-Expertin Jana Hensel. Ihre lebendige und kontroverse Auseinandersetzung macht klar: Migrantische und ostdeutsche Perspektiven werden oft vergessen oder an den Rand gedr\u00e4ngt. Wer aber Deutschland und seine plurale Gegenwart verstehen will, muss die Erfahrungen, Pr\u00e4gungen und Erz\u00e4hlungen der Anderen kennen.<\/p>\n<p><strong>dettagli<\/strong><br \/>\nRilegatura: edizione cartonata<br \/>\nSeitenzahl: 356<br \/>\nErscheinungsdatum: 10.11.2020<br \/>\nLingua: tedesco<br \/>\nISBN: 978-3-351-03811-3<br \/>\nVerlag: Aufbau Verlag<br \/>\nMa\u00dfe (L\/B\/H): 22,5\/13,9\/3,2 cm<br \/>\nGewicht: 477 g<br \/>\nAuflage 1. Auflage<\/p>","protected":false},"excerpt":{"rendered":"<h3>Caratteristiche dell'articolo<\/h3>\n<p>Artikelzustand: Neu - Neues, ungelesenes, ungebrauchtes Buch in makellosem Zustand<\/p>\n<table dir=\"ltr\" border=\"1\" cellspacing=\"0\" cellpadding=\"0\">\n<colgroup>\n<col width=\"194\" \/>\n<col width=\"223\" \/><\/colgroup>\n<tbody>\n<tr>\n<td data-sheets-value=\"{&quot;1&quot;:2,&quot;2&quot;:&quot;Autor:&quot;}\">Autor:<\/td>\n<td data-sheets-value=\"{&quot;1&quot;:2,&quot;2&quot;:&quot;Naika Foroutan, Jana Hensel&quot;}\">Naika Foroutan, Jana Hensel<\/td>\n<\/tr>\n<tr>\n<td data-sheets-value=\"{&quot;1&quot;:2,&quot;2&quot;:&quot;Bildungsweg:&quot;}\">Bildungsweg:<\/td>\n<td data-sheets-value=\"{&quot;1&quot;:2,&quot;2&quot;:&quot;Allgemeinbildung&quot;}\">Allgemeinbildung<\/td>\n<\/tr>\n<tr>\n<td data-sheets-value=\"{&quot;1&quot;:2,&quot;2&quot;:&quot;Bundesland:&quot;}\">Bundesland:<\/td>\n<td data-sheets-value=\"{&quot;1&quot;:2,&quot;2&quot;:&quot;Berlin&quot;}\">Berlin<\/td>\n<\/tr>\n<tr>\n<td data-sheets-value=\"{&quot;1&quot;:2,&quot;2&quot;:&quot;Erscheinungsjahr:&quot;}\">Erscheinungsjahr:<\/td>\n<td data-sheets-value=\"{&quot;1&quot;:3,&quot;3&quot;:2020}\">2020<\/td>\n<\/tr>\n<tr>\n<td data-sheets-value=\"{&quot;1&quot;:2,&quot;2&quot;:&quot;Fach:&quot;}\">Fach:<\/td>\n<td data-sheets-value=\"{&quot;1&quot;:2,&quot;2&quot;:&quot;Gesellschaftskunde&quot;}\">Gesellschaftskunde<\/td>\n<\/tr>\n<tr>\n<td data-sheets-value=\"{&quot;1&quot;:2,&quot;2&quot;:&quot;Fachbereich:&quot;}\">Fachbereich:<\/td>\n<td data-sheets-value=\"{&quot;1&quot;:2,&quot;2&quot;:&quot;Regionale Geschichte&quot;}\">Regionale Geschichte<\/td>\n<\/tr>\n<tr>\n<td data-sheets-value=\"{&quot;1&quot;:2,&quot;2&quot;:&quot;Format:&quot;}\">Format:<\/td>\n<td data-sheets-value=\"{&quot;1&quot;:2,&quot;2&quot;:&quot;Gebundene Ausgabe&quot;}\">Gebundene Ausgabe<\/td>\n<\/tr>\n<tr>\n<td data-sheets-value=\"{&quot;1&quot;:2,&quot;2&quot;:&quot;ISBN:&quot;}\">ISBN:<\/td>\n<td data-sheets-value=\"{&quot;1&quot;:3,&quot;3&quot;:9783351038113}\">9783351038113<\/td>\n<\/tr>\n<tr>\n<td data-sheets-value=\"{&quot;1&quot;:2,&quot;2&quot;:&quot;Niveau:&quot;}\">Niveau:<\/td>\n<td data-sheets-value=\"{&quot;1&quot;:2,&quot;2&quot;:&quot;Anf\u00e4nger, Zwischenstufe, Fortgeschrittene&quot;}\">\n<div>\n<div>Anf\u00e4nger, Zwischenstufe, Fortgeschrittene<\/div>\n<\/div>\n<\/td>\n<\/tr>\n<tr>\n<td data-sheets-value=\"{&quot;1&quot;:2,&quot;2&quot;:&quot;Produktart:&quot;}\">Produktart:<\/td>\n<td data-sheets-value=\"{&quot;1&quot;:2,&quot;2&quot;:&quot;Diskussionsgrundlage&quot;}\">Diskussionsgrundlage<\/td>\n<\/tr>\n<tr>\n<td data-sheets-value=\"{&quot;1&quot;:2,&quot;2&quot;:&quot;Publikationsname:&quot;}\">Publikationsname:<\/td>\n<td data-sheets-value=\"{&quot;1&quot;:2,&quot;2&quot;:&quot;Die Gesellschaft der Anderen&quot;}\">Die Gesellschaft der Anderen<\/td>\n<\/tr>\n<tr>\n<td data-sheets-value=\"{&quot;1&quot;:2,&quot;2&quot;:&quot;Sprache:&quot;}\">Sprache:<\/td>\n<td data-sheets-value=\"{&quot;1&quot;:2,&quot;2&quot;:&quot;Deutsch&quot;}\">Tedesco<\/td>\n<\/tr>\n<tr>\n<td data-sheets-value=\"{&quot;1&quot;:2,&quot;2&quot;:&quot;Verlag:&quot;}\">Verlag:<\/td>\n<td data-sheets-value=\"{&quot;1&quot;:2,&quot;2&quot;:&quot;Aufbau Verlag&quot;}\">Aufbau Verlag<\/td>\n<\/tr>\n<\/tbody>\n<\/table>","protected":false},"featured_media":81768,"comment_status":"open","ping_status":"closed","template":"","meta":{"_seopress_robots_primary_cat":"","_seopress_titles_title":"","_seopress_titles_desc":"","_seopress_robots_index":""},"product_brand":[],"product_cat":[1428,1429,1430,1434,1439],"product_tag":[],"class_list":{"0":"post-81652","1":"product","2":"type-product","3":"status-publish","4":"has-post-thumbnail","6":"product_cat-buecher","7":"product_cat-jugend","8":"product_cat-lehrbuecher","9":"product_cat-erwachsene","10":"product_cat-lehrbuecher-erwachsene","11":"product_shipping_class-standard-versand","13":"first","14":"instock","15":"taxable","16":"shipping-taxable","17":"purchasable","18":"product-type-simple"},"_links":{"self":[{"href":"https:\/\/www.soanam.de\/it\/wp-json\/wp\/v2\/product\/81652","targetHints":{"allow":["GET"]}}],"collection":[{"href":"https:\/\/www.soanam.de\/it\/wp-json\/wp\/v2\/product"}],"about":[{"href":"https:\/\/www.soanam.de\/it\/wp-json\/wp\/v2\/types\/product"}],"replies":[{"embeddable":true,"href":"https:\/\/www.soanam.de\/it\/wp-json\/wp\/v2\/comments?post=81652"}],"wp:featuredmedia":[{"embeddable":true,"href":"https:\/\/www.soanam.de\/it\/wp-json\/wp\/v2\/media\/81768"}],"wp:attachment":[{"href":"https:\/\/www.soanam.de\/it\/wp-json\/wp\/v2\/media?parent=81652"}],"wp:term":[{"taxonomy":"product_brand","embeddable":true,"href":"https:\/\/www.soanam.de\/it\/wp-json\/wp\/v2\/product_brand?post=81652"},{"taxonomy":"product_cat","embeddable":true,"href":"https:\/\/www.soanam.de\/it\/wp-json\/wp\/v2\/product_cat?post=81652"},{"taxonomy":"product_tag","embeddable":true,"href":"https:\/\/www.soanam.de\/it\/wp-json\/wp\/v2\/product_tag?post=81652"}],"curies":[{"name":"wp","href":"https:\/\/api.w.org\/{rel}","templated":true}]}}

Naika Foroutan, Jana Hensel "Die Gesellschaft der Anderen" (La società degli altri), edizione cartonata, 2020

<h3>Descrizione del prodotto</h3>
<p>In diesem Buch diskutieren zwei der profiliertesten Frauen ihres Faches über Deutschland seit der Wiedervereinigung: die Migrationsforscherin Naika Foroutan und die Journalistin und Ostdeutschland-Expertin Jana Hensel. Ihre lebendige und kontroverse Auseinandersetzung macht klar: Migrantische und ostdeutsche Perspektiven werden oft vergessen oder an den Rand gedrängt. Wer aber Deutschland und seine plurale Gegenwart verstehen will, muss die Erfahrungen, Prägungen und Erzählungen der Anderen kennen.</p>
<p><strong>dettagli</strong><br />
Rilegatura: edizione cartonata<br />
Seitenzahl: 356<br />
Erscheinungsdatum: 10.11.2020<br />
Lingua: tedesco<br />
ISBN: 978-3-351-03811-3<br />
Verlag: Aufbau Verlag<br />
Maße (L/B/H): 22,5/13,9/3,2 cm<br />
Gewicht: 477 g<br />
Auflage 1. Auflage</p>

<h3>Caratteristiche dell'articolo</h3>
<p>Artikelzustand: Neu - Neues, ungelesenes, ungebrauchtes Buch in makellosem Zustand</p>
<table dir="ltr" border="1" cellspacing="0" cellpadding="0">
<colgroup>
<col width="194" />
<col width="223" /></colgroup>
<tbody>
<tr>
<td data-sheets-value="{&quot;1&quot;:2,&quot;2&quot;:&quot;Autor:&quot;}">Autor:</td>
<td data-sheets-value="{&quot;1&quot;:2,&quot;2&quot;:&quot;Naika Foroutan, Jana Hensel&quot;}">Naika Foroutan, Jana Hensel</td>
</tr>
<tr>
<td data-sheets-value="{&quot;1&quot;:2,&quot;2&quot;:&quot;Bildungsweg:&quot;}">Bildungsweg:</td>
<td data-sheets-value="{&quot;1&quot;:2,&quot;2&quot;:&quot;Allgemeinbildung&quot;}">Allgemeinbildung</td>
</tr>
<tr>
<td data-sheets-value="{&quot;1&quot;:2,&quot;2&quot;:&quot;Bundesland:&quot;}">Bundesland:</td>
<td data-sheets-value="{&quot;1&quot;:2,&quot;2&quot;:&quot;Berlin&quot;}">Berlin</td>
</tr>
<tr>
<td data-sheets-value="{&quot;1&quot;:2,&quot;2&quot;:&quot;Erscheinungsjahr:&quot;}">Erscheinungsjahr:</td>
<td data-sheets-value="{&quot;1&quot;:3,&quot;3&quot;:2020}">2020</td>
</tr>
<tr>
<td data-sheets-value="{&quot;1&quot;:2,&quot;2&quot;:&quot;Fach:&quot;}">Fach:</td>
<td data-sheets-value="{&quot;1&quot;:2,&quot;2&quot;:&quot;Gesellschaftskunde&quot;}">Gesellschaftskunde</td>
</tr>
<tr>
<td data-sheets-value="{&quot;1&quot;:2,&quot;2&quot;:&quot;Fachbereich:&quot;}">Fachbereich:</td>
<td data-sheets-value="{&quot;1&quot;:2,&quot;2&quot;:&quot;Regionale Geschichte&quot;}">Regionale Geschichte</td>
</tr>
<tr>
<td data-sheets-value="{&quot;1&quot;:2,&quot;2&quot;:&quot;Format:&quot;}">Format:</td>
<td data-sheets-value="{&quot;1&quot;:2,&quot;2&quot;:&quot;Gebundene Ausgabe&quot;}">Gebundene Ausgabe</td>
</tr>
<tr>
<td data-sheets-value="{&quot;1&quot;:2,&quot;2&quot;:&quot;ISBN:&quot;}">ISBN:</td>
<td data-sheets-value="{&quot;1&quot;:3,&quot;3&quot;:9783351038113}">9783351038113</td>
</tr>
<tr>
<td data-sheets-value="{&quot;1&quot;:2,&quot;2&quot;:&quot;Niveau:&quot;}">Niveau:</td>
<td data-sheets-value="{&quot;1&quot;:2,&quot;2&quot;:&quot;Anfänger, Zwischenstufe, Fortgeschrittene&quot;}">
<div>
<div>Anfänger, Zwischenstufe, Fortgeschrittene</div>
</div>
</td>
</tr>
<tr>
<td data-sheets-value="{&quot;1&quot;:2,&quot;2&quot;:&quot;Produktart:&quot;}">Produktart:</td>
<td data-sheets-value="{&quot;1&quot;:2,&quot;2&quot;:&quot;Diskussionsgrundlage&quot;}">Diskussionsgrundlage</td>
</tr>
<tr>
<td data-sheets-value="{&quot;1&quot;:2,&quot;2&quot;:&quot;Publikationsname:&quot;}">Publikationsname:</td>
<td data-sheets-value="{&quot;1&quot;:2,&quot;2&quot;:&quot;Die Gesellschaft der Anderen&quot;}">Die Gesellschaft der Anderen</td>
</tr>
<tr>
<td data-sheets-value="{&quot;1&quot;:2,&quot;2&quot;:&quot;Sprache:&quot;}">Sprache:</td>
<td data-sheets-value="{&quot;1&quot;:2,&quot;2&quot;:&quot;Deutsch&quot;}">Tedesco</td>
</tr>
<tr>
<td data-sheets-value="{&quot;1&quot;:2,&quot;2&quot;:&quot;Verlag:&quot;}">Verlag:</td>
<td data-sheets-value="{&quot;1&quot;:2,&quot;2&quot;:&quot;Aufbau Verlag&quot;}">Aufbau Verlag</td>
</tr>
</tbody>
</table>
