{"id":81548,"date":"2023-12-14T02:01:03","date_gmt":"2023-12-14T01:01:03","guid":{"rendered":"https:\/\/www.soanam.de\/?post_type=product&#038;p=81548"},"modified":"2023-12-14T02:03:20","modified_gmt":"2023-12-14T01:03:20","slug":"jan-himmelfarb-sterndeutung-gebundene-ausgabe-deutsch-2015","status":"publish","type":"product","link":"https:\/\/www.soanam.de\/it\/produkt\/jan-himmelfarb-sterndeutung-gebundene-ausgabe-deutsch-2015\/","title":{"rendered":"Jan Himmelfarb \"Sterndeutung\" Edizione cartonata tedesca 2015"},"content":{"rendered":"<h3>Descrizione del prodotto<\/h3>\n<p>Arthur Segal, \u00dcbersetzer und einigerma\u00dfen seri\u00f6ser Autoh\u00e4ndler, versucht sich Anfang der 90er-Jahre, kurz vor seinem 51. Geburtstag, seiner selbst und der Geschichte seiner j\u00fcdischen Familie zu vergewissern, einer Geschichte von Liebe und Arbeit, Verfolgung und \u00dcberleben, Gl\u00fcck und Chuzpe. Wie f\u00fchlt es sich an, wenn man den eigenen Geburtsort nicht genau angeben kann und wenn man bei der Geburt schon zum Tode verurteilt war, als Jude w\u00e4hrend des Holocaust, im Osten, irgendwo in den Bloodlands? Und wenn man dann doch, ein Wunder, \u00fcberlebt und sp\u00e4t, als Kontingentfl\u00fcchtling, mit der Familie aus der Ukraine ins Land der ehemaligen T\u00e4ter zieht und sich dort sogar ein gutes Leben aufbauen kann? Und die eigene, blitzgescheite Tochter pl\u00f6tzlich Elitestudentin wird, einen deutschen Freund hat und auf dem Weg in eine sch\u00f6ne, neue Normalit\u00e4t ist? Allm\u00e4hlich entsteht eine zwischen den Zeiten hin und her wandernde Erz\u00e4hlung von Vergangenheit und vor allem Gegenwart, eine Familien- und Generationengeschichte, lebendig, komisch, hart. Ber\u00fchrend, fantastisch erz\u00e4hlt dieser wunderbare Deb\u00fctroman vom Leben mit der Erinnerung und von j\u00fcdischem Familienleben in der Gegenwart.<\/p>\n<p><strong>Dettagli del prodotto<\/strong><br \/>\nHerausgeber \u200f : \u200e C.H.Beck<br \/>\nAnno di pubblicazione : 2015<br \/>\nLingua: tedesco<br \/>\nRilegatura : Copertina rigida<br \/>\nSeitenzahl \u200f : \u200e 394 Seiten<br \/>\nISBN-10 \u200f : \u200e 3406674860<br \/>\nISBN-13 \u200f : \u200e 978-3406674860<br \/>\nAbmessungen \u200f : \u200e 15 x 3.7 x 22.3 cm<\/p>","protected":false},"excerpt":{"rendered":"<h3>Caratteristiche dell'articolo<\/h3>\n<p>Artikelzustand: Neu - Neues, ungelesenes, ungebrauchtes Buch in makellosem Zustand<\/p>\n<table dir=\"ltr\" border=\"1\" cellspacing=\"0\" cellpadding=\"0\">\n<colgroup>\n<col width=\"194\" \/>\n<col width=\"223\" \/><\/colgroup>\n<tbody>\n<tr>\n<td data-sheets-value=\"{&quot;1&quot;:2,&quot;2&quot;:&quot;Autor:&quot;}\">Autor:<\/td>\n<td data-sheets-value=\"{&quot;1&quot;:2,&quot;2&quot;:&quot;Jan Himmelfarb&quot;}\">Jan Himmelfarb<\/td>\n<\/tr>\n<tr>\n<td data-sheets-value=\"{&quot;1&quot;:2,&quot;2&quot;:&quot;Besonderheiten:&quot;}\">Caratteristiche speciali:<\/td>\n<td data-sheets-value=\"{&quot;1&quot;:2,&quot;2&quot;:&quot;Schutzumschlag&quot;}\">Schutzumschlag<\/td>\n<\/tr>\n<tr>\n<td data-sheets-value=\"{&quot;1&quot;:2,&quot;2&quot;:&quot;Buchtitel:&quot;}\">Buchtitel:<\/td>\n<td data-sheets-value=\"{&quot;1&quot;:2,&quot;2&quot;:&quot;Sterndeutung&quot;}\">Sterndeutung<\/td>\n<\/tr>\n<tr>\n<td data-sheets-value=\"{&quot;1&quot;:2,&quot;2&quot;:&quot;Erscheinungsjahr:&quot;}\">Erscheinungsjahr:<\/td>\n<td data-sheets-value=\"{&quot;1&quot;:3,&quot;3&quot;:2015}\">2015<\/td>\n<\/tr>\n<tr>\n<td data-sheets-value=\"{&quot;1&quot;:2,&quot;2&quot;:&quot;Format:&quot;}\">Format:<\/td>\n<td data-sheets-value=\"{&quot;1&quot;:2,&quot;2&quot;:&quot;Gebundene Ausgabe&quot;}\">Gebundene Ausgabe<\/td>\n<\/tr>\n<tr>\n<td data-sheets-value=\"{&quot;1&quot;:2,&quot;2&quot;:&quot;Genre:&quot;}\">Genre:<\/td>\n<td data-sheets-value=\"{&quot;1&quot;:2,&quot;2&quot;:&quot;Geschichte&quot;}\">Geschichte<\/td>\n<\/tr>\n<tr>\n<td data-sheets-value=\"{&quot;1&quot;:2,&quot;2&quot;:&quot;Herstellungsland und -region:&quot;}\">Herstellungsland und -region:<\/td>\n<td data-sheets-value=\"{&quot;1&quot;:2,&quot;2&quot;:&quot;Deutschland&quot;}\">Germania<\/td>\n<\/tr>\n<tr>\n<td data-sheets-value=\"{&quot;1&quot;:2,&quot;2&quot;:&quot;ISBN:&quot;}\">ISBN:<\/td>\n<td data-sheets-value=\"{&quot;1&quot;:3,&quot;3&quot;:9783406674860}\">9783406674860<\/td>\n<\/tr>\n<tr>\n<td data-sheets-value=\"{&quot;1&quot;:2,&quot;2&quot;:&quot;Literarische Gattung:&quot;}\">Literarische Gattung:<\/td>\n<td data-sheets-value=\"{&quot;1&quot;:2,&quot;2&quot;:&quot;Belletristik&quot;}\">Belletristik<\/td>\n<\/tr>\n<tr>\n<td data-sheets-value=\"{&quot;1&quot;:2,&quot;2&quot;:&quot;Produktart:&quot;}\">Produktart:<\/td>\n<td data-sheets-value=\"{&quot;1&quot;:2,&quot;2&quot;:&quot;Roman&quot;}\">Roman<\/td>\n<\/tr>\n<tr>\n<td data-sheets-value=\"{&quot;1&quot;:2,&quot;2&quot;:&quot;Sprache:&quot;}\">Sprache:<\/td>\n<td data-sheets-value=\"{&quot;1&quot;:2,&quot;2&quot;:&quot;Deutsch&quot;}\">Tedesco<\/td>\n<\/tr>\n<tr>\n<td data-sheets-value=\"{&quot;1&quot;:2,&quot;2&quot;:&quot;Thematik:&quot;}\">Thematik:<\/td>\n<td data-sheets-value=\"{&quot;1&quot;:2,&quot;2&quot;:&quot;j\u00fcdische Familie&quot;}\">j\u00fcdische Familie<\/td>\n<\/tr>\n<tr>\n<td data-sheets-value=\"{&quot;1&quot;:2,&quot;2&quot;:&quot;Verlag:&quot;}\">Verlag:<\/td>\n<td data-sheets-value=\"{&quot;1&quot;:2,&quot;2&quot;:&quot;C.H. Beck&quot;}\">C.H. Beck<\/td>\n<\/tr>\n<tr>\n<td data-sheets-value=\"{&quot;1&quot;:2,&quot;2&quot;:&quot;Zielgruppe:&quot;}\">Zielgruppe:<\/td>\n<td data-sheets-value=\"{&quot;1&quot;:2,&quot;2&quot;:&quot;Jugendliche, Erwachsene&quot;}\">Jugendliche, Erwachsene<\/td>\n<\/tr>\n<\/tbody>\n<\/table>","protected":false},"featured_media":81655,"comment_status":"open","ping_status":"closed","template":"","meta":{"_seopress_robots_primary_cat":"","_seopress_titles_title":"","_seopress_titles_desc":"","_seopress_robots_index":""},"product_brand":[],"product_cat":[1428,1429,1434,1451,1452],"product_tag":[],"class_list":{"0":"post-81548","1":"product","2":"type-product","3":"status-publish","4":"has-post-thumbnail","6":"product_cat-buecher","7":"product_cat-jugend","8":"product_cat-erwachsene","9":"product_cat-romane","10":"product_cat-romane-jugend","11":"product_shipping_class-standard-versand","13":"first","14":"instock","15":"taxable","16":"shipping-taxable","17":"purchasable","18":"product-type-simple"},"_links":{"self":[{"href":"https:\/\/www.soanam.de\/it\/wp-json\/wp\/v2\/product\/81548","targetHints":{"allow":["GET"]}}],"collection":[{"href":"https:\/\/www.soanam.de\/it\/wp-json\/wp\/v2\/product"}],"about":[{"href":"https:\/\/www.soanam.de\/it\/wp-json\/wp\/v2\/types\/product"}],"replies":[{"embeddable":true,"href":"https:\/\/www.soanam.de\/it\/wp-json\/wp\/v2\/comments?post=81548"}],"wp:featuredmedia":[{"embeddable":true,"href":"https:\/\/www.soanam.de\/it\/wp-json\/wp\/v2\/media\/81655"}],"wp:attachment":[{"href":"https:\/\/www.soanam.de\/it\/wp-json\/wp\/v2\/media?parent=81548"}],"wp:term":[{"taxonomy":"product_brand","embeddable":true,"href":"https:\/\/www.soanam.de\/it\/wp-json\/wp\/v2\/product_brand?post=81548"},{"taxonomy":"product_cat","embeddable":true,"href":"https:\/\/www.soanam.de\/it\/wp-json\/wp\/v2\/product_cat?post=81548"},{"taxonomy":"product_tag","embeddable":true,"href":"https:\/\/www.soanam.de\/it\/wp-json\/wp\/v2\/product_tag?post=81548"}],"curies":[{"name":"wp","href":"https:\/\/api.w.org\/{rel}","templated":true}]}}

<h3>Descrizione del prodotto</h3>
<p>Arthur Segal, Übersetzer und einigermaßen seriöser Autohändler, versucht sich Anfang der 90er-Jahre, kurz vor seinem 51. Geburtstag, seiner selbst und der Geschichte seiner jüdischen Familie zu vergewissern, einer Geschichte von Liebe und Arbeit, Verfolgung und Überleben, Glück und Chuzpe. Wie fühlt es sich an, wenn man den eigenen Geburtsort nicht genau angeben kann und wenn man bei der Geburt schon zum Tode verurteilt war, als Jude während des Holocaust, im Osten, irgendwo in den Bloodlands? Und wenn man dann doch, ein Wunder, überlebt und spät, als Kontingentflüchtling, mit der Familie aus der Ukraine ins Land der ehemaligen Täter zieht und sich dort sogar ein gutes Leben aufbauen kann? Und die eigene, blitzgescheite Tochter plötzlich Elitestudentin wird, einen deutschen Freund hat und auf dem Weg in eine schöne, neue Normalität ist? Allmählich entsteht eine zwischen den Zeiten hin und her wandernde Erzählung von Vergangenheit und vor allem Gegenwart, eine Familien- und Generationengeschichte, lebendig, komisch, hart. Berührend, fantastisch erzählt dieser wunderbare Debütroman vom Leben mit der Erinnerung und von jüdischem Familienleben in der Gegenwart.</p>
<p><strong>Dettagli del prodotto</strong><br />
Herausgeber ‏ : ‎ C.H.Beck<br />
Anno di pubblicazione : 2015<br />
Lingua: tedesco<br />
Rilegatura : Copertina rigida<br />
Seitenzahl ‏ : ‎ 394 Seiten<br />
ISBN-10 ‏ : ‎ 3406674860<br />
ISBN-13 ‏ : ‎ 978-3406674860<br />
Abmessungen ‏ : ‎ 15 x 3.7 x 22.3 cm</p>

<h3>Caratteristiche dell'articolo</h3>
<p>Artikelzustand: Neu - Neues, ungelesenes, ungebrauchtes Buch in makellosem Zustand</p>
<table dir="ltr" border="1" cellspacing="0" cellpadding="0">
<colgroup>
<col width="194" />
<col width="223" /></colgroup>
<tbody>
<tr>
<td data-sheets-value="{&quot;1&quot;:2,&quot;2&quot;:&quot;Autor:&quot;}">Autor:</td>
<td data-sheets-value="{&quot;1&quot;:2,&quot;2&quot;:&quot;Jan Himmelfarb&quot;}">Jan Himmelfarb</td>
</tr>
<tr>
<td data-sheets-value="{&quot;1&quot;:2,&quot;2&quot;:&quot;Besonderheiten:&quot;}">Caratteristiche speciali:</td>
<td data-sheets-value="{&quot;1&quot;:2,&quot;2&quot;:&quot;Schutzumschlag&quot;}">Schutzumschlag</td>
</tr>
<tr>
<td data-sheets-value="{&quot;1&quot;:2,&quot;2&quot;:&quot;Buchtitel:&quot;}">Buchtitel:</td>
<td data-sheets-value="{&quot;1&quot;:2,&quot;2&quot;:&quot;Sterndeutung&quot;}">Sterndeutung</td>
</tr>
<tr>
<td data-sheets-value="{&quot;1&quot;:2,&quot;2&quot;:&quot;Erscheinungsjahr:&quot;}">Erscheinungsjahr:</td>
<td data-sheets-value="{&quot;1&quot;:3,&quot;3&quot;:2015}">2015</td>
</tr>
<tr>
<td data-sheets-value="{&quot;1&quot;:2,&quot;2&quot;:&quot;Format:&quot;}">Format:</td>
<td data-sheets-value="{&quot;1&quot;:2,&quot;2&quot;:&quot;Gebundene Ausgabe&quot;}">Gebundene Ausgabe</td>
</tr>
<tr>
<td data-sheets-value="{&quot;1&quot;:2,&quot;2&quot;:&quot;Genre:&quot;}">Genre:</td>
<td data-sheets-value="{&quot;1&quot;:2,&quot;2&quot;:&quot;Geschichte&quot;}">Geschichte</td>
</tr>
<tr>
<td data-sheets-value="{&quot;1&quot;:2,&quot;2&quot;:&quot;Herstellungsland und -region:&quot;}">Herstellungsland und -region:</td>
<td data-sheets-value="{&quot;1&quot;:2,&quot;2&quot;:&quot;Deutschland&quot;}">Germania</td>
</tr>
<tr>
<td data-sheets-value="{&quot;1&quot;:2,&quot;2&quot;:&quot;ISBN:&quot;}">ISBN:</td>
<td data-sheets-value="{&quot;1&quot;:3,&quot;3&quot;:9783406674860}">9783406674860</td>
</tr>
<tr>
<td data-sheets-value="{&quot;1&quot;:2,&quot;2&quot;:&quot;Literarische Gattung:&quot;}">Literarische Gattung:</td>
<td data-sheets-value="{&quot;1&quot;:2,&quot;2&quot;:&quot;Belletristik&quot;}">Belletristik</td>
</tr>
<tr>
<td data-sheets-value="{&quot;1&quot;:2,&quot;2&quot;:&quot;Produktart:&quot;}">Produktart:</td>
<td data-sheets-value="{&quot;1&quot;:2,&quot;2&quot;:&quot;Roman&quot;}">Roman</td>
</tr>
<tr>
<td data-sheets-value="{&quot;1&quot;:2,&quot;2&quot;:&quot;Sprache:&quot;}">Sprache:</td>
<td data-sheets-value="{&quot;1&quot;:2,&quot;2&quot;:&quot;Deutsch&quot;}">Tedesco</td>
</tr>
<tr>
<td data-sheets-value="{&quot;1&quot;:2,&quot;2&quot;:&quot;Thematik:&quot;}">Thematik:</td>
<td data-sheets-value="{&quot;1&quot;:2,&quot;2&quot;:&quot;jüdische Familie&quot;}">jüdische Familie</td>
</tr>
<tr>
<td data-sheets-value="{&quot;1&quot;:2,&quot;2&quot;:&quot;Verlag:&quot;}">Verlag:</td>
<td data-sheets-value="{&quot;1&quot;:2,&quot;2&quot;:&quot;C.H. Beck&quot;}">C.H. Beck</td>
</tr>
<tr>
<td data-sheets-value="{&quot;1&quot;:2,&quot;2&quot;:&quot;Zielgruppe:&quot;}">Zielgruppe:</td>
<td data-sheets-value="{&quot;1&quot;:2,&quot;2&quot;:&quot;Jugendliche, Erwachsene&quot;}">Jugendliche, Erwachsene</td>
</tr>
</tbody>
</table>
