{"id":80838,"date":"2023-12-14T01:39:18","date_gmt":"2023-12-14T00:39:18","guid":{"rendered":"https:\/\/www.soanam.de\/?post_type=product&#038;p=80838"},"modified":"2023-12-14T01:41:46","modified_gmt":"2023-12-14T00:41:46","slug":"giacca-in-felpa-con-strisce-laterali-in-ecru-nero-taglia-40-42","status":"publish","type":"product","link":"https:\/\/www.soanam.de\/it\/produkt\/bench-sweatjacke-mit-seitenstreifen-in-ecru-schwarz-groesse-40-42\/","title":{"rendered":"Panchina. Giacca in felpa con strisce laterali, in ecru-nero, taglia 40\/42"},"content":{"rendered":"<p>Giacca lounge sportiva di Bench<br \/>\nStrisce lungo le spalle e le maniche raglan<br \/>\nCon collo alto<br \/>\nCon tasca a canguro<br \/>\nRealizzato in jersey interlock elasticizzato<\/p>\n<p>La giacca sportiva di Bench \u00e8 dotata di zip a tutta lunghezza, collo alto e pratiche tasche a canguro.<br \/>\nLe strisce a contrasto lungo le spalle e le maniche raglan, il logo del marchio e la zip a contrasto completano il design.<br \/>\nIl morbido jersey interlock di alta qualit\u00e0 non solo \u00e8 meravigliosamente confortevole sulla pelle, ma \u00e8 anche molto resistente ed elastico.<\/p>\n<p>Materiale: cotone 60%, poliestere 40%<br \/>\nIstruzioni per la cura: Lavare in lavatrice<\/p>\n<p>Colore: ecru<br \/>\nMotivo: Strisce a contrasto<br \/>\nDimensione: 40\/42<\/p>\n<p>Larghezza della spalla: 52 cm<br \/>\nLarghezza del torace: 102 cm<br \/>\nLunghezza delle maniche: 71 cm<br \/>\nLunghezza totale: 65 cm<\/p>","protected":false},"excerpt":{"rendered":"<table class=\"dv_characteristicsTable\">\n<tbody>\n<tr>\n<td class=\"left\">Dimensione<\/td>\n<td>40\/42<\/td>\n<\/tr>\n<tr>\n<td class=\"left\">Gr\u00f6\u00dfentyp<\/td>\n<td>Normalgr\u00f6\u00dfen<\/td>\n<\/tr>\n<tr>\n<td class=\"left\">Composizione del materiale<\/td>\n<td>Obermaterial: 60% Baumwolle\u00a0, 40% Polyester<\/td>\n<\/tr>\n<tr>\n<td class=\"left\">Materialart<\/td>\n<td>Jersey, Interlock<\/td>\n<\/tr>\n<tr>\n<td class=\"left\">Materialeigenschaften<\/td>\n<td>elastisch<\/td>\n<\/tr>\n<tr>\n<td class=\"left\">Istruzioni per la cura<\/td>\n<td>Lavaggio in lavatrice<\/td>\n<\/tr>\n<tr>\n<td class=\"left\">Optik<\/td>\n<td>unifarben mit Farbeinsatz<\/td>\n<\/tr>\n<tr>\n<td class=\"left\">Stil<\/td>\n<td>sportlich<\/td>\n<\/tr>\n<tr>\n<td class=\"left\">Colore<\/td>\n<td>ecru-schwarz<\/td>\n<\/tr>\n<tr>\n<td class=\"left\">Kragen<\/td>\n<td>hoher Stehkragen<\/td>\n<\/tr>\n<tr>\n<td class=\"left\">Ausschnitt<\/td>\n<td>ohne Ausschnitt<\/td>\n<\/tr>\n<tr>\n<td class=\"left\">\u00c4rmel<\/td>\n<td>Manica lunga<\/td>\n<\/tr>\n<tr>\n<td class=\"left\">\u00c4rmeldetails<\/td>\n<td>Maniche raglan<\/td>\n<\/tr>\n<tr>\n<td class=\"left\">\u00c4rmelabschluss<\/td>\n<td>Polsini a coste<\/td>\n<\/tr>\n<tr>\n<td class=\"left\">Rumpfabschluss<\/td>\n<td>Polsini a coste<\/td>\n<\/tr>\n<tr>\n<td class=\"left\">In forma<\/td>\n<td>bequem<\/td>\n<\/tr>\n<tr>\n<td class=\"left\">Schnittform L\u00e4nge<\/td>\n<td>h\u00fcftbedeckend<\/td>\n<\/tr>\n<tr>\n<td class=\"left\">Cappuccio<\/td>\n<td>ohne Kapuze<\/td>\n<\/tr>\n<tr>\n<td class=\"left\">Applikationen<\/td>\n<td>Logodruck<\/td>\n<\/tr>\n<tr>\n<td class=\"left\">Borse<\/td>\n<td>Tasche<\/td>\n<\/tr>\n<tr>\n<td class=\"left\">Verschluss<\/td>\n<td>Chiusura a zip<\/td>\n<\/tr>\n<tr>\n<td class=\"left\">Verschlussdetails<\/td>\n<td>vorn<\/td>\n<\/tr>\n<tr>\n<td class=\"left\">Besondere Merkmale<\/td>\n<td>mit Seitenstreifen und Stehkragen<\/td>\n<\/tr>\n<\/tbody>\n<\/table>","protected":false},"featured_media":80940,"comment_status":"open","ping_status":"closed","template":"","meta":{"_seopress_robots_primary_cat":"","_seopress_titles_title":"","_seopress_titles_desc":"","_seopress_robots_index":""},"product_brand":[],"product_cat":[1348,1354,1402,1585,1599],"product_tag":[],"class_list":{"0":"post-80838","1":"product","2":"type-product","3":"status-publish","4":"has-post-thumbnail","6":"product_cat-damen-mode","7":"product_cat-jacken-maentel","8":"product_cat-sportbekleidung-damen-mode","9":"product_cat-jacken-sportbekleidung-damen-mode","10":"product_cat-shirtjacken","11":"product_shipping_class-standard-versand","13":"first","14":"instock","15":"taxable","16":"shipping-taxable","17":"purchasable","18":"product-type-simple"},"_links":{"self":[{"href":"https:\/\/www.soanam.de\/it\/wp-json\/wp\/v2\/product\/80838","targetHints":{"allow":["GET"]}}],"collection":[{"href":"https:\/\/www.soanam.de\/it\/wp-json\/wp\/v2\/product"}],"about":[{"href":"https:\/\/www.soanam.de\/it\/wp-json\/wp\/v2\/types\/product"}],"replies":[{"embeddable":true,"href":"https:\/\/www.soanam.de\/it\/wp-json\/wp\/v2\/comments?post=80838"}],"wp:featuredmedia":[{"embeddable":true,"href":"https:\/\/www.soanam.de\/it\/wp-json\/wp\/v2\/media\/80940"}],"wp:attachment":[{"href":"https:\/\/www.soanam.de\/it\/wp-json\/wp\/v2\/media?parent=80838"}],"wp:term":[{"taxonomy":"product_brand","embeddable":true,"href":"https:\/\/www.soanam.de\/it\/wp-json\/wp\/v2\/product_brand?post=80838"},{"taxonomy":"product_cat","embeddable":true,"href":"https:\/\/www.soanam.de\/it\/wp-json\/wp\/v2\/product_cat?post=80838"},{"taxonomy":"product_tag","embeddable":true,"href":"https:\/\/www.soanam.de\/it\/wp-json\/wp\/v2\/product_tag?post=80838"}],"curies":[{"name":"wp","href":"https:\/\/api.w.org\/{rel}","templated":true}]}}

<p>Giacca lounge sportiva di Bench<br />
Strisce lungo le spalle e le maniche raglan<br />
Con collo alto<br />
Con tasca a canguro<br />
Realizzato in jersey interlock elasticizzato</p>
<p>La giacca sportiva di Bench è dotata di zip a tutta lunghezza, collo alto e pratiche tasche a canguro.<br />
Le strisce a contrasto lungo le spalle e le maniche raglan, il logo del marchio e la zip a contrasto completano il design.<br />
Il morbido jersey interlock di alta qualità non solo è meravigliosamente confortevole sulla pelle, ma è anche molto resistente ed elastico.</p>
<p>Materiale: cotone 60%, poliestere 40%<br />
Istruzioni per la cura: Lavare in lavatrice</p>
<p>Colore: ecru<br />
Motivo: Strisce a contrasto<br />
Dimensione: 40/42</p>
<p>Larghezza della spalla: 52 cm<br />
Larghezza del torace: 102 cm<br />
Lunghezza delle maniche: 71 cm<br />
Lunghezza totale: 65 cm</p>

<table class="dv_characteristicsTable">
<tbody>
<tr>
<td class="left">Dimensione</td>
<td>40/42</td>
</tr>
<tr>
<td class="left">Größentyp</td>
<td>Normalgrößen</td>
</tr>
<tr>
<td class="left">Composizione del materiale</td>
<td>Obermaterial: 60% Baumwolle , 40% Polyester</td>
</tr>
<tr>
<td class="left">Materialart</td>
<td>Jersey, Interlock</td>
</tr>
<tr>
<td class="left">Materialeigenschaften</td>
<td>elastisch</td>
</tr>
<tr>
<td class="left">Istruzioni per la cura</td>
<td>Lavaggio in lavatrice</td>
</tr>
<tr>
<td class="left">Optik</td>
<td>unifarben mit Farbeinsatz</td>
</tr>
<tr>
<td class="left">Stil</td>
<td>sportlich</td>
</tr>
<tr>
<td class="left">Colore</td>
<td>ecru-schwarz</td>
</tr>
<tr>
<td class="left">Kragen</td>
<td>hoher Stehkragen</td>
</tr>
<tr>
<td class="left">Ausschnitt</td>
<td>ohne Ausschnitt</td>
</tr>
<tr>
<td class="left">Ärmel</td>
<td>Manica lunga</td>
</tr>
<tr>
<td class="left">Ärmeldetails</td>
<td>Maniche raglan</td>
</tr>
<tr>
<td class="left">Ärmelabschluss</td>
<td>Polsini a coste</td>
</tr>
<tr>
<td class="left">Rumpfabschluss</td>
<td>Polsini a coste</td>
</tr>
<tr>
<td class="left">In forma</td>
<td>bequem</td>
</tr>
<tr>
<td class="left">Schnittform Länge</td>
<td>hüftbedeckend</td>
</tr>
<tr>
<td class="left">Cappuccio</td>
<td>ohne Kapuze</td>
</tr>
<tr>
<td class="left">Applikationen</td>
<td>Logodruck</td>
</tr>
<tr>
<td class="left">Borse</td>
<td>Tasche</td>
</tr>
<tr>
<td class="left">Verschluss</td>
<td>Chiusura a zip</td>
</tr>
<tr>
<td class="left">Verschlussdetails</td>
<td>vorn</td>
</tr>
<tr>
<td class="left">Besondere Merkmale</td>
<td>mit Seitenstreifen und Stehkragen</td>
</tr>
</tbody>
</table>
