{"id":80673,"date":"2023-12-14T01:35:52","date_gmt":"2023-12-14T00:35:52","guid":{"rendered":"https:\/\/www.soanam.de\/?post_type=product&#038;p=80673"},"modified":"2023-12-14T01:38:18","modified_gmt":"2023-12-14T00:38:18","slug":"tommy-jeans-sweatjacke-mit-logo-detail-in-marine-groesse-l","status":"publish","type":"product","link":"https:\/\/www.soanam.de\/it\/produkt\/tommy-jeans-sweatjacke-mit-logo-detail-in-marine-groesse-l\/","title":{"rendered":"Giacca in felpa Tommy Jeans con dettaglio logo, in blu, taglia L"},"content":{"rendered":"<p>Sweatjacke von Tommy Jeans<br \/>\nTaglio dritto<br \/>\nCollare stand-up<br \/>\nChiusura a zip<br \/>\nGerippte Bundabschl\u00fcsse<br \/>\nLeistentaschen<br \/>\nDettaglio logo<br \/>\nPuro cotone<\/p>\n<p>Die Sweatjacke von Tommy Jeans ist aus reiner Baumwolle gefertigt und gerade geschnitten.<br \/>\nSie kommt mit Stehkragen, Rei\u00dfverschluss und Logo-Detail.<br \/>\nEine Basic Jacke nicht nur f\u00fcr k\u00fchle Sommern\u00e4chte.<\/p>\n<p>Materiale: Materiale della tomaia: cotone 100%<br \/>\nIstruzioni per la cura: Lavare in lavatrice<\/p>\n<p>Colore: blu scuro<br \/>\nMuster: Markenlogo<br \/>\nTaglia: L<\/p>\n<p>Larghezza della spalla: 45 cm<br \/>\nLarghezza del torace: 114 cm<br \/>\nLunghezza delle maniche: 68 cm<br \/>\nLunghezza totale: 76 cm<\/p>\n<p>Questo nuovo articolo \u00e8 un reso del cliente senza etichetta.<\/p>","protected":false},"excerpt":{"rendered":"<table class=\"dv_characteristicsTable\">\n<tbody>\n<tr>\n<td class=\"left\">Dimensione<\/td>\n<td>L<\/td>\n<\/tr>\n<tr>\n<td class=\"left\">Gr\u00f6\u00dfentyp<\/td>\n<td>Normalgr\u00f6\u00dfen<\/td>\n<\/tr>\n<tr>\n<td class=\"left\">Composizione del materiale<\/td>\n<td>Obermaterial: 100% Baumwolle<\/td>\n<\/tr>\n<tr>\n<td class=\"left\">Materialart<\/td>\n<td>Sweatware<\/td>\n<\/tr>\n<tr>\n<td class=\"left\">Istruzioni per la cura<\/td>\n<td>Lavaggio in lavatrice<\/td>\n<\/tr>\n<tr>\n<td class=\"left\">Stil<\/td>\n<td>casual<\/td>\n<\/tr>\n<tr>\n<td class=\"left\">Herstellerfarbbezeichnung<\/td>\n<td>desert sky<\/td>\n<\/tr>\n<tr>\n<td class=\"left\">Colore<\/td>\n<td>marino<\/td>\n<\/tr>\n<tr>\n<td class=\"left\">\u00c4rmel<\/td>\n<td>Manica lunga<\/td>\n<\/tr>\n<tr>\n<td class=\"left\">In forma<\/td>\n<td>normal<\/td>\n<\/tr>\n<tr>\n<td class=\"left\">Cappuccio<\/td>\n<td>ohne Kapuze<\/td>\n<\/tr>\n<tr>\n<td class=\"left\">dettagli<\/td>\n<td>Collare stand-up<\/td>\n<\/tr>\n<tr>\n<td class=\"left\">F\u00fctterung<\/td>\n<td>ohne<\/td>\n<\/tr>\n<tr>\n<td class=\"left\">Borse<\/td>\n<td>Tasche<\/td>\n<\/tr>\n<tr>\n<td class=\"left\">Verschluss<\/td>\n<td>Chiusura a zip<\/td>\n<\/tr>\n<\/tbody>\n<\/table>","protected":false},"featured_media":80791,"comment_status":"open","ping_status":"closed","template":"","meta":{"_seopress_robots_primary_cat":"","_seopress_titles_title":"","_seopress_titles_desc":"","_seopress_robots_index":""},"product_brand":[],"product_cat":[1345,1363,1365,1371,1572],"product_tag":[],"class_list":{"0":"post-80673","1":"product","2":"type-product","3":"status-publish","4":"has-post-thumbnail","6":"product_cat-herrenmode","7":"product_cat-jacken-maentel-herrenmode","8":"product_cat-sportbekleidung","9":"product_cat-jacken","10":"product_cat-blousons-sommerjacken","11":"product_shipping_class-standard-versand","13":"first","14":"instock","15":"sale","16":"taxable","17":"shipping-taxable","18":"purchasable","19":"product-type-simple"},"_links":{"self":[{"href":"https:\/\/www.soanam.de\/it\/wp-json\/wp\/v2\/product\/80673","targetHints":{"allow":["GET"]}}],"collection":[{"href":"https:\/\/www.soanam.de\/it\/wp-json\/wp\/v2\/product"}],"about":[{"href":"https:\/\/www.soanam.de\/it\/wp-json\/wp\/v2\/types\/product"}],"replies":[{"embeddable":true,"href":"https:\/\/www.soanam.de\/it\/wp-json\/wp\/v2\/comments?post=80673"}],"wp:featuredmedia":[{"embeddable":true,"href":"https:\/\/www.soanam.de\/it\/wp-json\/wp\/v2\/media\/80791"}],"wp:attachment":[{"href":"https:\/\/www.soanam.de\/it\/wp-json\/wp\/v2\/media?parent=80673"}],"wp:term":[{"taxonomy":"product_brand","embeddable":true,"href":"https:\/\/www.soanam.de\/it\/wp-json\/wp\/v2\/product_brand?post=80673"},{"taxonomy":"product_cat","embeddable":true,"href":"https:\/\/www.soanam.de\/it\/wp-json\/wp\/v2\/product_cat?post=80673"},{"taxonomy":"product_tag","embeddable":true,"href":"https:\/\/www.soanam.de\/it\/wp-json\/wp\/v2\/product_tag?post=80673"}],"curies":[{"name":"wp","href":"https:\/\/api.w.org\/{rel}","templated":true}]}}

<p>Sweatjacke von Tommy Jeans<br />
Taglio dritto<br />
Collare stand-up<br />
Chiusura a zip<br />
Gerippte Bundabschlüsse<br />
Leistentaschen<br />
Dettaglio logo<br />
Puro cotone</p>
<p>Die Sweatjacke von Tommy Jeans ist aus reiner Baumwolle gefertigt und gerade geschnitten.<br />
Sie kommt mit Stehkragen, Reißverschluss und Logo-Detail.<br />
Eine Basic Jacke nicht nur für kühle Sommernächte.</p>
<p>Materiale: Materiale della tomaia: cotone 100%<br />
Istruzioni per la cura: Lavare in lavatrice</p>
<p>Colore: blu scuro<br />
Muster: Markenlogo<br />
Taglia: L</p>
<p>Larghezza della spalla: 45 cm<br />
Larghezza del torace: 114 cm<br />
Lunghezza delle maniche: 68 cm<br />
Lunghezza totale: 76 cm</p>
<p>Questo nuovo articolo è un reso del cliente senza etichetta.</p>

<table class="dv_characteristicsTable">
<tbody>
<tr>
<td class="left">Dimensione</td>
<td>L</td>
</tr>
<tr>
<td class="left">Größentyp</td>
<td>Normalgrößen</td>
</tr>
<tr>
<td class="left">Composizione del materiale</td>
<td>Obermaterial: 100% Baumwolle</td>
</tr>
<tr>
<td class="left">Materialart</td>
<td>Sweatware</td>
</tr>
<tr>
<td class="left">Istruzioni per la cura</td>
<td>Lavaggio in lavatrice</td>
</tr>
<tr>
<td class="left">Stil</td>
<td>casual</td>
</tr>
<tr>
<td class="left">Herstellerfarbbezeichnung</td>
<td>desert sky</td>
</tr>
<tr>
<td class="left">Colore</td>
<td>marino</td>
</tr>
<tr>
<td class="left">Ärmel</td>
<td>Manica lunga</td>
</tr>
<tr>
<td class="left">In forma</td>
<td>normal</td>
</tr>
<tr>
<td class="left">Cappuccio</td>
<td>ohne Kapuze</td>
</tr>
<tr>
<td class="left">dettagli</td>
<td>Collare stand-up</td>
</tr>
<tr>
<td class="left">Fütterung</td>
<td>ohne</td>
</tr>
<tr>
<td class="left">Borse</td>
<td>Tasche</td>
</tr>
<tr>
<td class="left">Verschluss</td>
<td>Chiusura a zip</td>
</tr>
</tbody>
</table>
