{"id":79366,"date":"2023-12-13T22:38:09","date_gmt":"2023-12-13T21:38:09","guid":{"rendered":"https:\/\/www.soanam.de\/?post_type=product&#038;p=79366"},"modified":"2023-12-13T22:40:38","modified_gmt":"2023-12-13T21:40:38","slug":"lascana-t-shirt-bh-perfect-basic-mit-integrierten-buegel-in-schwarz-groesse-85c","status":"publish","type":"product","link":"https:\/\/www.soanam.de\/it\/produkt\/lascana-t-shirt-bh-perfect-basic-mit-integrierten-buegel-in-schwarz-groesse-85c\/","title":{"rendered":"Reggiseno LASCANA T-shirt perfect basic, con ferretto integrato, nero, taglia 85C"},"content":{"rendered":"<p>B\u00fcgel-BH von Lascana mit nahtlosen Cups<br \/>\nSeitliche Halbmond-Verst\u00e4rkung im Cup f\u00fcr guten Halt<br \/>\nSeidige Microfaser in TACTEL\u00ae-Qualit\u00e4t<\/p>\n<p>T-Shirt-BH mit B\u00fcgel und ungef\u00fctterte, nahtlos vorgeformte Cups von Lascana.<br \/>\nFlache und weiche Kantenverarbeitung und weich gef\u00fctterter B\u00fcgel f\u00fcr h\u00f6chsten Tragekomfort.<br \/>\nAus hochwertiger Microfaser in TACTEL\u00ae-Qualit\u00e4t.<br \/>\nEin Basic, das nicht im Kleiderschrank fehlen sollte.<\/p>\n<p>Material: 80% Polyamid TACTEL\u00ae, 20% Elasthan LYCRA<br \/>\nIstruzioni per la cura: Lavare a mano<\/p>\n<p>Colore: nero<br \/>\nModello: senza<br \/>\nDimensione: 85C<\/p>\n<p>Circonferenza sottoseno: 85<br \/>\nDimensione della tazza: Coppa C<\/p>","protected":false},"excerpt":{"rendered":"<div class=\"Card__CardContent-fragment-product-master__sc-ck1rzj-2 eOqbWa\" data-testid=\"card-content\">\n<div class=\"ProductDescription__Description-fragment-product-master__sc-u3k7vd-0 bbYEYI\" data-testid=\"description\">\n<div data-testid=\"oocv-table-wrapper\">\n<div class=\"OOCVTable__TableBlock-fragment-product-master__sc-avk7r9-0 bHjtgb\">\n<div class=\"OOCVTable__TableHeader-fragment-product-master__sc-avk7r9-1 hafhpN\">Dimensione: 85C<\/div>\n<div class=\"OOCVTable__TableRow-fragment-product-master__sc-avk7r9-2 bhnjgZ\">\n<div class=\"OOCVTable__KeyTableCell-fragment-product-master__sc-avk7r9-3 jCbhNz\">Colore: nero<\/div>\n<\/div>\n<\/div>\n<div class=\"OOCVTable__TableBlock-fragment-product-master__sc-avk7r9-0 bHjtgb\">\n<div class=\"OOCVTable__TableHeader-fragment-product-master__sc-avk7r9-1 hafhpN\">Material: Obermaterial: 80% Polyamid TACTEL\u00ae, 20% Elasthan LYCRA\u00ae<\/div>\n<div class=\"OOCVTable__TableRow-fragment-product-master__sc-avk7r9-2 bhnjgZ\">\n<div class=\"OOCVTable__KeyTableCell-fragment-product-master__sc-avk7r9-3 jCbhNz\">Materialart: Microtouch<\/div>\n<\/div>\n<div class=\"OOCVTable__TableRow-fragment-product-master__sc-avk7r9-2 bhnjgZ\">\n<div class=\"OOCVTable__KeyTableCell-fragment-product-master__sc-avk7r9-3 jCbhNz\">Materialeigenschaften: Lycra<\/div>\n<\/div>\n<div class=\"OOCVTable__TableRow-fragment-product-master__sc-avk7r9-2 bhnjgZ\">\n<div class=\"OOCVTable__KeyTableCell-fragment-product-master__sc-avk7r9-3 jCbhNz\">Istruzioni per la cura: Lavare a mano<\/div>\n<\/div>\n<\/div>\n<div class=\"OOCVTable__TableBlock-fragment-product-master__sc-avk7r9-0 bHjtgb\">\n<div class=\"OOCVTable__TableRow-fragment-product-master__sc-avk7r9-2 bhnjgZ\">\n<div class=\"OOCVTable__KeyTableCell-fragment-product-master__sc-avk7r9-3 jCbhNz\">Stil: Basic<\/div>\n<\/div>\n<\/div>\n<div class=\"OOCVTable__TableBlock-fragment-product-master__sc-avk7r9-0 bHjtgb\">\n<div class=\"OOCVTable__TableRow-fragment-product-master__sc-avk7r9-2 bhnjgZ\">\n<div class=\"OOCVTable__KeyTableCell-fragment-product-master__sc-avk7r9-3 jCbhNz\">Cupdetails: nahtlos vorgeformt<\/div>\n<\/div>\n<div class=\"OOCVTable__TableRow-fragment-product-master__sc-avk7r9-2 bhnjgZ\">\n<div class=\"OOCVTable__KeyTableCell-fragment-product-master__sc-avk7r9-3 jCbhNz\">B\u00fcgel: mit B\u00fcgel<\/div>\n<\/div>\n<\/div>\n<div class=\"OOCVTable__TableBlock-fragment-product-master__sc-avk7r9-0 bHjtgb\">\n<div class=\"OOCVTable__TableRow-fragment-product-master__sc-avk7r9-2 bhnjgZ\">\n<div class=\"OOCVTable__KeyTableCell-fragment-product-master__sc-avk7r9-3 jCbhNz\">Tr\u00e4ger: mit Tr\u00e4ger<\/div>\n<\/div>\n<div class=\"OOCVTable__TableRow-fragment-product-master__sc-avk7r9-2 bhnjgZ\">\n<div class=\"OOCVTable__KeyTableCell-fragment-product-master__sc-avk7r9-3 jCbhNz\">Tr\u00e4gerdetails: verstellbar, elastisch<\/div>\n<\/div>\n<\/div>\n<div class=\"OOCVTable__TableBlock-fragment-product-master__sc-avk7r9-0 bHjtgb\">\n<div class=\"OOCVTable__TableRow-fragment-product-master__sc-avk7r9-2 bhnjgZ\">\n<div class=\"OOCVTable__KeyTableCell-fragment-product-master__sc-avk7r9-3 jCbhNz\">Verschluss: Haken &amp; \u00d6sen<\/div>\n<\/div>\n<div class=\"OOCVTable__TableRow-fragment-product-master__sc-avk7r9-2 bhnjgZ\">\n<div class=\"OOCVTable__KeyTableCell-fragment-product-master__sc-avk7r9-3 jCbhNz\">Verschlussdetails: hinten<\/div>\n<\/div>\n<\/div>\n<\/div>\n<\/div>\n<\/div>","protected":false},"featured_media":79489,"comment_status":"open","ping_status":"closed","template":"","meta":{"_seopress_robots_primary_cat":"","_seopress_titles_title":"","_seopress_titles_desc":"","_seopress_robots_index":""},"product_brand":[],"product_cat":[1348,1444,1516],"product_tag":[],"class_list":{"0":"post-79366","1":"product","2":"type-product","3":"status-publish","4":"has-post-thumbnail","6":"product_cat-damen-mode","7":"product_cat-unterwaesche","8":"product_cat-bhs","9":"product_shipping_class-standard-versand","11":"first","12":"instock","13":"taxable","14":"shipping-taxable","15":"purchasable","16":"product-type-simple"},"_links":{"self":[{"href":"https:\/\/www.soanam.de\/it\/wp-json\/wp\/v2\/product\/79366","targetHints":{"allow":["GET"]}}],"collection":[{"href":"https:\/\/www.soanam.de\/it\/wp-json\/wp\/v2\/product"}],"about":[{"href":"https:\/\/www.soanam.de\/it\/wp-json\/wp\/v2\/types\/product"}],"replies":[{"embeddable":true,"href":"https:\/\/www.soanam.de\/it\/wp-json\/wp\/v2\/comments?post=79366"}],"wp:featuredmedia":[{"embeddable":true,"href":"https:\/\/www.soanam.de\/it\/wp-json\/wp\/v2\/media\/79489"}],"wp:attachment":[{"href":"https:\/\/www.soanam.de\/it\/wp-json\/wp\/v2\/media?parent=79366"}],"wp:term":[{"taxonomy":"product_brand","embeddable":true,"href":"https:\/\/www.soanam.de\/it\/wp-json\/wp\/v2\/product_brand?post=79366"},{"taxonomy":"product_cat","embeddable":true,"href":"https:\/\/www.soanam.de\/it\/wp-json\/wp\/v2\/product_cat?post=79366"},{"taxonomy":"product_tag","embeddable":true,"href":"https:\/\/www.soanam.de\/it\/wp-json\/wp\/v2\/product_tag?post=79366"}],"curies":[{"name":"wp","href":"https:\/\/api.w.org\/{rel}","templated":true}]}}

<p>Bügel-BH von Lascana mit nahtlosen Cups<br />
Seitliche Halbmond-Verstärkung im Cup für guten Halt<br />
Seidige Microfaser in TACTEL®-Qualität</p>
<p>T-Shirt-BH mit Bügel und ungefütterte, nahtlos vorgeformte Cups von Lascana.<br />
Flache und weiche Kantenverarbeitung und weich gefütterter Bügel für höchsten Tragekomfort.<br />
Aus hochwertiger Microfaser in TACTEL®-Qualität.<br />
Ein Basic, das nicht im Kleiderschrank fehlen sollte.</p>
<p>Material: 80% Polyamid TACTEL®, 20% Elasthan LYCRA<br />
Istruzioni per la cura: Lavare a mano</p>
<p>Colore: nero<br />
Modello: senza<br />
Dimensione: 85C</p>
<p>Circonferenza sottoseno: 85<br />
Dimensione della tazza: Coppa C</p>

<div class="Card__CardContent-fragment-product-master__sc-ck1rzj-2 eOqbWa" data-testid="card-content">
<div class="ProductDescription__Description-fragment-product-master__sc-u3k7vd-0 bbYEYI" data-testid="description">
<div data-testid="oocv-table-wrapper">
<div class="OOCVTable__TableBlock-fragment-product-master__sc-avk7r9-0 bHjtgb">
<div class="OOCVTable__TableHeader-fragment-product-master__sc-avk7r9-1 hafhpN">Dimensione: 85C</div>
<div class="OOCVTable__TableRow-fragment-product-master__sc-avk7r9-2 bhnjgZ">
<div class="OOCVTable__KeyTableCell-fragment-product-master__sc-avk7r9-3 jCbhNz">Colore: nero</div>
</div>
</div>
<div class="OOCVTable__TableBlock-fragment-product-master__sc-avk7r9-0 bHjtgb">
<div class="OOCVTable__TableHeader-fragment-product-master__sc-avk7r9-1 hafhpN">Material: Obermaterial: 80% Polyamid TACTEL®, 20% Elasthan LYCRA®</div>
<div class="OOCVTable__TableRow-fragment-product-master__sc-avk7r9-2 bhnjgZ">
<div class="OOCVTable__KeyTableCell-fragment-product-master__sc-avk7r9-3 jCbhNz">Materialart: Microtouch</div>
</div>
<div class="OOCVTable__TableRow-fragment-product-master__sc-avk7r9-2 bhnjgZ">
<div class="OOCVTable__KeyTableCell-fragment-product-master__sc-avk7r9-3 jCbhNz">Materialeigenschaften: Lycra</div>
</div>
<div class="OOCVTable__TableRow-fragment-product-master__sc-avk7r9-2 bhnjgZ">
<div class="OOCVTable__KeyTableCell-fragment-product-master__sc-avk7r9-3 jCbhNz">Istruzioni per la cura: Lavare a mano</div>
</div>
</div>
<div class="OOCVTable__TableBlock-fragment-product-master__sc-avk7r9-0 bHjtgb">
<div class="OOCVTable__TableRow-fragment-product-master__sc-avk7r9-2 bhnjgZ">
<div class="OOCVTable__KeyTableCell-fragment-product-master__sc-avk7r9-3 jCbhNz">Stil: Basic</div>
</div>
</div>
<div class="OOCVTable__TableBlock-fragment-product-master__sc-avk7r9-0 bHjtgb">
<div class="OOCVTable__TableRow-fragment-product-master__sc-avk7r9-2 bhnjgZ">
<div class="OOCVTable__KeyTableCell-fragment-product-master__sc-avk7r9-3 jCbhNz">Cupdetails: nahtlos vorgeformt</div>
</div>
<div class="OOCVTable__TableRow-fragment-product-master__sc-avk7r9-2 bhnjgZ">
<div class="OOCVTable__KeyTableCell-fragment-product-master__sc-avk7r9-3 jCbhNz">Bügel: mit Bügel</div>
</div>
</div>
<div class="OOCVTable__TableBlock-fragment-product-master__sc-avk7r9-0 bHjtgb">
<div class="OOCVTable__TableRow-fragment-product-master__sc-avk7r9-2 bhnjgZ">
<div class="OOCVTable__KeyTableCell-fragment-product-master__sc-avk7r9-3 jCbhNz">Träger: mit Träger</div>
</div>
<div class="OOCVTable__TableRow-fragment-product-master__sc-avk7r9-2 bhnjgZ">
<div class="OOCVTable__KeyTableCell-fragment-product-master__sc-avk7r9-3 jCbhNz">Trägerdetails: verstellbar, elastisch</div>
</div>
</div>
<div class="OOCVTable__TableBlock-fragment-product-master__sc-avk7r9-0 bHjtgb">
<div class="OOCVTable__TableRow-fragment-product-master__sc-avk7r9-2 bhnjgZ">
<div class="OOCVTable__KeyTableCell-fragment-product-master__sc-avk7r9-3 jCbhNz">Verschluss: Haken &amp; Ösen</div>
</div>
<div class="OOCVTable__TableRow-fragment-product-master__sc-avk7r9-2 bhnjgZ">
<div class="OOCVTable__KeyTableCell-fragment-product-master__sc-avk7r9-3 jCbhNz">Verschlussdetails: hinten</div>
</div>
</div>
</div>
</div>
</div>
