{"id":78966,"date":"2023-12-13T21:56:51","date_gmt":"2023-12-13T20:56:51","guid":{"rendered":"https:\/\/www.soanam.de\/?post_type=product&#038;p=78966"},"modified":"2023-12-13T21:59:05","modified_gmt":"2023-12-13T20:59:05","slug":"camicia-con-reggiseno-lascana-cup-in-nero-taglia-90e","status":"publish","type":"product","link":"https:\/\/www.soanam.de\/it\/produkt\/lascana-schalen-bh-hemd-in-schwarz-groesse-90e\/","title":{"rendered":"Reggiseno a coppa LASCANA, nero, taglia 90E"},"content":{"rendered":"<p>Top con reggiseno a coppa integrato<br \/>\nGusci ultrasottili, flessibili e traspiranti<br \/>\nFerretti integrati per un sostegno ottimale<br \/>\nTessuto della camicia in microfibra fine<\/p>\n<p>Le coppe sagomate senza cuciture sono realizzate in tessuto ultrasottile, flessibile e traspirante, i ferretti integrati garantiscono un sostegno ottimale e le spalline sono regolabili individualmente.<br \/>\nLa camicia \u00e8 realizzata in materiale microfibra piacevolmente morbido.<br \/>\nIl top LASCANA con reggiseno integrato \u00e8 semplicemente superbo.<\/p>\n<p>Materiale: 79% poliammide, 21% elastan<br \/>\nIstruzioni per la cura: Lavare a mano<\/p>\n<p>Colore: nero<br \/>\nModello: senza<br \/>\nDimensione: 90E<\/p>\n<p>Circonferenza sottoseno: 90<br \/>\nDimensioni della coppa: coppa E<\/p>\n<p>Lunghezza totale: 60 cm<\/p>","protected":false},"excerpt":{"rendered":"<table class=\"dv_characteristicsTable\">\n<caption>\u00a0<\/caption>\n<tbody>\n<tr>\n<td class=\"left\">K\u00f6rbchengr\u00f6\u00dfe<\/td>\n<td>Cup E<\/td>\n<\/tr>\n<tr>\n<td class=\"left\">Unterbrustumfang<\/td>\n<td>90<\/td>\n<\/tr>\n<\/tbody>\n<\/table>\n<table class=\"dv_characteristicsTable\">\n<caption>\u00a0<\/caption>\n<tbody>\n<tr>\n<td class=\"left\">Colore<\/td>\n<td>schwarz<\/td>\n<\/tr>\n<\/tbody>\n<\/table>\n<table class=\"dv_characteristicsTable\">\n<tbody>\n<tr>\n<td class=\"left\">Composizione del materiale<\/td>\n<td>\u00a079% Polyamid, 21% Elasthan<\/td>\n<\/tr>\n<tr>\n<td class=\"left\">Istruzioni per la cura<\/td>\n<td>Handw\u00e4sche<\/td>\n<\/tr>\n<\/tbody>\n<\/table>\n<table class=\"dv_characteristicsTable\">\n<tbody>\n<tr>\n<td class=\"left\">Stil<\/td>\n<td>klassisch<\/td>\n<\/tr>\n<\/tbody>\n<\/table>\n<table class=\"dv_characteristicsTable\">\n<tbody>\n<tr>\n<td class=\"left\">Cupdetails<\/td>\n<td>mit Schale<\/td>\n<\/tr>\n<tr>\n<td class=\"left\">B\u00fcgel<\/td>\n<td>mit B\u00fcgel<\/td>\n<\/tr>\n<\/tbody>\n<\/table>\n<table class=\"dv_characteristicsTable\">\n<tbody>\n<tr>\n<td class=\"left\">Verschluss<\/td>\n<td>Haken &amp; \u00d6sen<\/td>\n<\/tr>\n<\/tbody>\n<\/table>","protected":false},"featured_media":79073,"comment_status":"open","ping_status":"closed","template":"","meta":{"_seopress_robots_primary_cat":"","_seopress_titles_title":"","_seopress_titles_desc":"","_seopress_robots_index":""},"product_brand":[],"product_cat":[1348,1444,1516,1554],"product_tag":[],"class_list":{"0":"post-78966","1":"product","2":"type-product","3":"status-publish","4":"has-post-thumbnail","6":"product_cat-damen-mode","7":"product_cat-unterwaesche","8":"product_cat-bhs","9":"product_cat-unterhemden","10":"product_shipping_class-standard-versand","12":"first","13":"instock","14":"sale","15":"taxable","16":"shipping-taxable","17":"purchasable","18":"product-type-simple"},"_links":{"self":[{"href":"https:\/\/www.soanam.de\/it\/wp-json\/wp\/v2\/product\/78966","targetHints":{"allow":["GET"]}}],"collection":[{"href":"https:\/\/www.soanam.de\/it\/wp-json\/wp\/v2\/product"}],"about":[{"href":"https:\/\/www.soanam.de\/it\/wp-json\/wp\/v2\/types\/product"}],"replies":[{"embeddable":true,"href":"https:\/\/www.soanam.de\/it\/wp-json\/wp\/v2\/comments?post=78966"}],"wp:featuredmedia":[{"embeddable":true,"href":"https:\/\/www.soanam.de\/it\/wp-json\/wp\/v2\/media\/79073"}],"wp:attachment":[{"href":"https:\/\/www.soanam.de\/it\/wp-json\/wp\/v2\/media?parent=78966"}],"wp:term":[{"taxonomy":"product_brand","embeddable":true,"href":"https:\/\/www.soanam.de\/it\/wp-json\/wp\/v2\/product_brand?post=78966"},{"taxonomy":"product_cat","embeddable":true,"href":"https:\/\/www.soanam.de\/it\/wp-json\/wp\/v2\/product_cat?post=78966"},{"taxonomy":"product_tag","embeddable":true,"href":"https:\/\/www.soanam.de\/it\/wp-json\/wp\/v2\/product_tag?post=78966"}],"curies":[{"name":"wp","href":"https:\/\/api.w.org\/{rel}","templated":true}]}}

<p>Top con reggiseno a coppa integrato<br />
Gusci ultrasottili, flessibili e traspiranti<br />
Ferretti integrati per un sostegno ottimale<br />
Tessuto della camicia in microfibra fine</p>
<p>Le coppe sagomate senza cuciture sono realizzate in tessuto ultrasottile, flessibile e traspirante, i ferretti integrati garantiscono un sostegno ottimale e le spalline sono regolabili individualmente.<br />
La camicia è realizzata in materiale microfibra piacevolmente morbido.<br />
Il top LASCANA con reggiseno integrato è semplicemente superbo.</p>
<p>Materiale: 79% poliammide, 21% elastan<br />
Istruzioni per la cura: Lavare a mano</p>
<p>Colore: nero<br />
Modello: senza<br />
Dimensione: 90E</p>
<p>Circonferenza sottoseno: 90<br />
Dimensioni della coppa: coppa E</p>
<p>Lunghezza totale: 60 cm</p>

<table class="dv_characteristicsTable">
<caption> </caption>
<tbody>
<tr>
<td class="left">Körbchengröße</td>
<td>Cup E</td>
</tr>
<tr>
<td class="left">Unterbrustumfang</td>
<td>90</td>
</tr>
</tbody>
</table>
<table class="dv_characteristicsTable">
<caption> </caption>
<tbody>
<tr>
<td class="left">Colore</td>
<td>schwarz</td>
</tr>
</tbody>
</table>
<table class="dv_characteristicsTable">
<tbody>
<tr>
<td class="left">Composizione del materiale</td>
<td> 79% Polyamid, 21% Elasthan</td>
</tr>
<tr>
<td class="left">Istruzioni per la cura</td>
<td>Handwäsche</td>
</tr>
</tbody>
</table>
<table class="dv_characteristicsTable">
<tbody>
<tr>
<td class="left">Stil</td>
<td>klassisch</td>
</tr>
</tbody>
</table>
<table class="dv_characteristicsTable">
<tbody>
<tr>
<td class="left">Cupdetails</td>
<td>mit Schale</td>
</tr>
<tr>
<td class="left">Bügel</td>
<td>mit Bügel</td>
</tr>
</tbody>
</table>
<table class="dv_characteristicsTable">
<tbody>
<tr>
<td class="left">Verschluss</td>
<td>Haken &amp; Ösen</td>
</tr>
</tbody>
</table>
